{"id":39,"date":"2016-08-01T10:53:04","date_gmt":"2016-08-01T13:53:04","guid":{"rendered":"http:\/\/itr.ufrrj.br\/sigabi\/?page_id=39"},"modified":"2018-04-21T14:32:38","modified_gmt":"2018-04-21T17:32:38","slug":"onde-ficar","status":"publish","type":"page","link":"https:\/\/itr.ufrrj.br\/sigabi\/onde-ficar\/","title":{"rendered":"Onde Ficar"},"content":{"rendered":"<p><span style=\"color: #004466; font-family: 'Trebuchet MS', Arial, Helvetica, sans-serif; font-size: large;\">A Organiza\u00e7\u00e3o do 7\u00ba SIGABI mant\u00e9m contato com rep\u00fablicas para acomoda\u00e7\u00e3o dos participantes durante o evento.\u00a0<\/span><\/p>\n<div><span style=\"font-family: 'Trebuchet MS', Arial, Helvetica, sans-serif; font-size: large;\">A acomoda\u00e7\u00e3o em rep\u00fablicas visa o menor gasto com hospedagem\u00a0da parte dos participantes.\u00a0<\/span>O participante dever\u00e1 comunicar-se com a rep\u00fablica desejada e se informar sobre regras, endere\u00e7o, n\u00famero de vagas e di\u00e1rias, que ser\u00e3o pagas diretamente ao membro respons\u00e1vel pela rep\u00fablica impreterivelmente no 1\u00ba dia de acomoda\u00e7\u00e3o. Lembramos que os que desejarem se hospedar em rep\u00fablicas dever\u00e3o trazer colch\u00e3o\/colchonete; travesseiro e roupa de cama\/banho. Ou o que for combinado com o respons\u00e1vel pela Rep\u00fablica.<\/div>\n<div><\/div>\n<div>Se voc\u00ea \u00e9 um estudante do ITR e deseja oferecer sua rep\u00fablica para acomoda\u00e7\u00e3o, entre em contato conosco:\u00a0<b>sigabi.contato@gmail.com<\/b><\/div>\n<p><span style=\"color: #000066; font-size: x-large;\">REP\u00daBLICAS DISPON\u00cdVEIS:<\/span><\/p>\n<p><span style=\"color: #000066; font-size: medium;\">Maharani &#8211; 2 vagas femininas<\/span><\/p>\n<p><span style=\"color: #000066; font-size: medium;\">maharani.bonometii@gmail.com \/ whatsapp- (21) 98184-4535<\/span><\/p>\n<p><span style=\"color: #000066; font-size: medium;\">Aline &#8211; 5 vagas femininas<\/span><\/p>\n<p><span style=\"color: #000066; font-size: medium;\">aline.f.peres@hotmail.com \/ whatsapp- (24) 99879-1917<\/span><\/p>\n<p>&nbsp;<\/p>\n<p style=\"font-weight: 400;\">Lista de Hot\u00e9is e pousadas da cidade de Tr\u00eas Rios para acomoda\u00e7\u00e3o durante o 7\u00ba SIGABI.<\/p>\n<h3><strong>Hotel Olivier<\/strong><\/h3>\n<p style=\"font-weight: 400;\">Rua 7 de setembro, 160 &#8211; Centro<\/p>\n<p style=\"font-weight: 400;\">(24) 2255-2966<\/p>\n<p style=\"font-weight: 400;\">www.hotelolivier.com.br<\/p>\n<p style=\"font-weight: 400;\">hoteloliviertr@yahoo.com.br<\/p>\n<p style=\"font-weight: 400;\"><strong>Hotel Ibis Styles Tr\u00eas Rios<\/strong><\/p>\n<p style=\"font-weight: 400;\">Rua Quinze de Novembro, 320 &#8211; Centro<\/p>\n<p style=\"font-weight: 400;\">(24) 2030-3000<\/p>\n<p style=\"font-weight: 400;\"><a href=\"http:\/\/www.ibis.com\/brasil\/index.pt-br.shtml\">http:\/\/www.ibis.com\/brasil\/index.pt-br.shtml<\/a><\/p>\n<p style=\"font-weight: 400;\"><strong>Hotel Comendador<\/strong><\/p>\n<p style=\"font-weight: 400;\">Rua Nelson Viana, 210 \u2013 Centro<\/p>\n<p style=\"font-weight: 400;\">(24) 2252-0837<\/p>\n<p style=\"font-weight: 400;\">hotelcomendadormt@uol.com.br<\/p>\n<p style=\"font-weight: 400;\"><strong>Hotel Condessa<\/strong><\/p>\n<p style=\"font-weight: 400;\">Av. Condessa do Rio Novo, 1679 &#8211; Centro<\/p>\n<p style=\"font-weight: 400;\">(24) 2255 2385<\/p>\n<p style=\"font-weight: 400;\">www.hotelcondessa.com<\/p>\n<p style=\"font-weight: 400;\">condessahotel@yahoo.com.br<\/p>\n<p style=\"font-weight: 400;\"><strong>Hotel Pousada Borboleta<\/strong><\/p>\n<p style=\"font-weight: 400;\">Rua Manoel Duarte, 314- Centro<\/p>\n<p style=\"font-weight: 400;\">(24) 2252-3313<\/p>\n<p style=\"font-weight: 400;\">pousadaborboleta@gmail.com<\/p>\n<p style=\"font-weight: 400;\"><strong>Hotel Valmar<\/strong><\/p>\n<p style=\"font-weight: 400;\">Rua Duque de Caxias, 646 &#8211; Centro<\/p>\n<p style=\"font-weight: 400;\">(24) 2252-3912<\/p>\n<p style=\"font-weight: 400;\"><strong>Entre Rios Hotel<\/strong><\/p>\n<p style=\"font-weight: 400;\">Av. Condessa do Rio Novo, 1405 &#8211; Centro<\/p>\n<p style=\"font-weight: 400;\">(24) 2252-0238<\/p>\n<p>&nbsp;<\/p>\n<h3><span style=\"color: #009900; font-size: medium;\">Camping \/\u00a0<\/span><span style=\"color: #009900; font-size: medium;\">Sitio Recanto do Sonho<br \/>\nEstrada Santa Luzia, 2380 &#8211; Jaqueira &#8211; Vila Isabel &#8211; Tr\u00eas Rios &#8211; RJ<br \/>\nTel 24 22557297 Cel 21 988810833<br \/>\nhttps:\/\/www.facebook.com\/sitiorecantodosonho3rios\/?fref=ts\u00a0<\/span><\/h3>\n","protected":false},"excerpt":{"rendered":"<p>A Organiza\u00e7\u00e3o do 7\u00ba SIGABI mant\u00e9m contato com rep\u00fablicas para acomoda\u00e7\u00e3o dos participantes durante o evento.\u00a0 A acomoda\u00e7\u00e3o em rep\u00fablicas visa o menor gasto com hospedagem\u00a0da parte dos participantes.\u00a0O participante dever\u00e1 comunicar-se com a rep\u00fablica desejada e se informar sobre regras, endere\u00e7o, n\u00famero de vagas e di\u00e1rias, que ser\u00e3o pagas diretamente ao membro respons\u00e1vel pela [&hellip;]<\/p>\n","protected":false},"author":2,"featured_media":0,"parent":0,"menu_order":0,"comment_status":"closed","ping_status":"closed","template":"","meta":[],"yoast_head":"<!-- This site is optimized with the Yoast SEO plugin v20.6 - https:\/\/yoast.com\/wordpress\/plugins\/seo\/ -->\n<title>Onde Ficar - SIGABI - Simp\u00f3sio de Gest\u00e3o Ambiental e Biodiversidade<\/title>\n<meta name=\"robots\" content=\"index, follow, max-snippet:-1, max-image-preview:large, max-video-preview:-1\" \/>\n<link rel=\"canonical\" href=\"https:\/\/itr.ufrrj.br\/sigabi\/onde-ficar\/\" \/>\n<meta property=\"og:locale\" content=\"pt_BR\" \/>\n<meta property=\"og:type\" content=\"article\" \/>\n<meta property=\"og:title\" content=\"Onde Ficar - SIGABI - Simp\u00f3sio de Gest\u00e3o Ambiental e Biodiversidade\" \/>\n<meta property=\"og:description\" content=\"A Organiza\u00e7\u00e3o do 7\u00ba SIGABI mant\u00e9m contato com rep\u00fablicas para acomoda\u00e7\u00e3o dos participantes durante o evento.\u00a0 A acomoda\u00e7\u00e3o em rep\u00fablicas visa o menor gasto com hospedagem\u00a0da parte dos participantes.\u00a0O participante dever\u00e1 comunicar-se com a rep\u00fablica desejada e se informar sobre regras, endere\u00e7o, n\u00famero de vagas e di\u00e1rias, que ser\u00e3o pagas diretamente ao membro respons\u00e1vel pela [&hellip;]\" \/>\n<meta property=\"og:url\" content=\"https:\/\/itr.ufrrj.br\/sigabi\/onde-ficar\/\" \/>\n<meta property=\"og:site_name\" content=\"SIGABI - Simp\u00f3sio de Gest\u00e3o Ambiental e Biodiversidade\" \/>\n<meta property=\"article:modified_time\" content=\"2018-04-21T17:32:38+00:00\" \/>\n<meta name=\"twitter:card\" content=\"summary_large_image\" \/>\n<meta name=\"twitter:label1\" content=\"Est. tempo de leitura\" \/>\n\t<meta name=\"twitter:data1\" content=\"2 minutos\" \/>\n<script type=\"application\/ld+json\" class=\"yoast-schema-graph\">{\"@context\":\"https:\/\/schema.org\",\"@graph\":[{\"@type\":\"WebPage\",\"@id\":\"https:\/\/itr.ufrrj.br\/sigabi\/onde-ficar\/\",\"url\":\"https:\/\/itr.ufrrj.br\/sigabi\/onde-ficar\/\",\"name\":\"Onde Ficar - SIGABI - Simp\u00f3sio de Gest\u00e3o Ambiental e Biodiversidade\",\"isPartOf\":{\"@id\":\"https:\/\/itr.ufrrj.br\/sigabi\/#website\"},\"datePublished\":\"2016-08-01T13:53:04+00:00\",\"dateModified\":\"2018-04-21T17:32:38+00:00\",\"breadcrumb\":{\"@id\":\"https:\/\/itr.ufrrj.br\/sigabi\/onde-ficar\/#breadcrumb\"},\"inLanguage\":\"pt-BR\",\"potentialAction\":[{\"@type\":\"ReadAction\",\"target\":[\"https:\/\/itr.ufrrj.br\/sigabi\/onde-ficar\/\"]}]},{\"@type\":\"BreadcrumbList\",\"@id\":\"https:\/\/itr.ufrrj.br\/sigabi\/onde-ficar\/#breadcrumb\",\"itemListElement\":[{\"@type\":\"ListItem\",\"position\":1,\"name\":\"In\u00edcio\",\"item\":\"https:\/\/itr.ufrrj.br\/sigabi\/\"},{\"@type\":\"ListItem\",\"position\":2,\"name\":\"Onde Ficar\"}]},{\"@type\":\"WebSite\",\"@id\":\"https:\/\/itr.ufrrj.br\/sigabi\/#website\",\"url\":\"https:\/\/itr.ufrrj.br\/sigabi\/\",\"name\":\"SIGABI - Simp\u00f3sio de Gest\u00e3o Ambiental e Biodiversidade\",\"description\":\"Simp\u00f3sio de Gest\u00e3o Ambiental e Biodiversidade\",\"potentialAction\":[{\"@type\":\"SearchAction\",\"target\":{\"@type\":\"EntryPoint\",\"urlTemplate\":\"https:\/\/itr.ufrrj.br\/sigabi\/?s={search_term_string}\"},\"query-input\":\"required name=search_term_string\"}],\"inLanguage\":\"pt-BR\"}]}<\/script>\n<!-- \/ Yoast SEO plugin. -->","yoast_head_json":{"title":"Onde Ficar - SIGABI - Simp\u00f3sio de Gest\u00e3o Ambiental e Biodiversidade","robots":{"index":"index","follow":"follow","max-snippet":"max-snippet:-1","max-image-preview":"max-image-preview:large","max-video-preview":"max-video-preview:-1"},"canonical":"https:\/\/itr.ufrrj.br\/sigabi\/onde-ficar\/","og_locale":"pt_BR","og_type":"article","og_title":"Onde Ficar - SIGABI - Simp\u00f3sio de Gest\u00e3o Ambiental e Biodiversidade","og_description":"A Organiza\u00e7\u00e3o do 7\u00ba SIGABI mant\u00e9m contato com rep\u00fablicas para acomoda\u00e7\u00e3o dos participantes durante o evento.\u00a0 A acomoda\u00e7\u00e3o em rep\u00fablicas visa o menor gasto com hospedagem\u00a0da parte dos participantes.\u00a0O participante dever\u00e1 comunicar-se com a rep\u00fablica desejada e se informar sobre regras, endere\u00e7o, n\u00famero de vagas e di\u00e1rias, que ser\u00e3o pagas diretamente ao membro respons\u00e1vel pela [&hellip;]","og_url":"https:\/\/itr.ufrrj.br\/sigabi\/onde-ficar\/","og_site_name":"SIGABI - Simp\u00f3sio de Gest\u00e3o Ambiental e Biodiversidade","article_modified_time":"2018-04-21T17:32:38+00:00","twitter_card":"summary_large_image","twitter_misc":{"Est. tempo de leitura":"2 minutos"},"schema":{"@context":"https:\/\/schema.org","@graph":[{"@type":"WebPage","@id":"https:\/\/itr.ufrrj.br\/sigabi\/onde-ficar\/","url":"https:\/\/itr.ufrrj.br\/sigabi\/onde-ficar\/","name":"Onde Ficar - SIGABI - Simp\u00f3sio de Gest\u00e3o Ambiental e Biodiversidade","isPartOf":{"@id":"https:\/\/itr.ufrrj.br\/sigabi\/#website"},"datePublished":"2016-08-01T13:53:04+00:00","dateModified":"2018-04-21T17:32:38+00:00","breadcrumb":{"@id":"https:\/\/itr.ufrrj.br\/sigabi\/onde-ficar\/#breadcrumb"},"inLanguage":"pt-BR","potentialAction":[{"@type":"ReadAction","target":["https:\/\/itr.ufrrj.br\/sigabi\/onde-ficar\/"]}]},{"@type":"BreadcrumbList","@id":"https:\/\/itr.ufrrj.br\/sigabi\/onde-ficar\/#breadcrumb","itemListElement":[{"@type":"ListItem","position":1,"name":"In\u00edcio","item":"https:\/\/itr.ufrrj.br\/sigabi\/"},{"@type":"ListItem","position":2,"name":"Onde Ficar"}]},{"@type":"WebSite","@id":"https:\/\/itr.ufrrj.br\/sigabi\/#website","url":"https:\/\/itr.ufrrj.br\/sigabi\/","name":"SIGABI - Simp\u00f3sio de Gest\u00e3o Ambiental e Biodiversidade","description":"Simp\u00f3sio de Gest\u00e3o Ambiental e Biodiversidade","potentialAction":[{"@type":"SearchAction","target":{"@type":"EntryPoint","urlTemplate":"https:\/\/itr.ufrrj.br\/sigabi\/?s={search_term_string}"},"query-input":"required name=search_term_string"}],"inLanguage":"pt-BR"}]}},"_links":{"self":[{"href":"https:\/\/itr.ufrrj.br\/sigabi\/wp-json\/wp\/v2\/pages\/39"}],"collection":[{"href":"https:\/\/itr.ufrrj.br\/sigabi\/wp-json\/wp\/v2\/pages"}],"about":[{"href":"https:\/\/itr.ufrrj.br\/sigabi\/wp-json\/wp\/v2\/types\/page"}],"author":[{"embeddable":true,"href":"https:\/\/itr.ufrrj.br\/sigabi\/wp-json\/wp\/v2\/users\/2"}],"replies":[{"embeddable":true,"href":"https:\/\/itr.ufrrj.br\/sigabi\/wp-json\/wp\/v2\/comments?post=39"}],"version-history":[{"count":5,"href":"https:\/\/itr.ufrrj.br\/sigabi\/wp-json\/wp\/v2\/pages\/39\/revisions"}],"predecessor-version":[{"id":463,"href":"https:\/\/itr.ufrrj.br\/sigabi\/wp-json\/wp\/v2\/pages\/39\/revisions\/463"}],"wp:attachment":[{"href":"https:\/\/itr.ufrrj.br\/sigabi\/wp-json\/wp\/v2\/media?parent=39"}],"curies":[{"name":"wp","href":"https:\/\/api.w.org\/{rel}","templated":true}]}}