{"id":293,"date":"2017-01-09T16:14:43","date_gmt":"2017-01-09T18:14:43","guid":{"rendered":"http:\/\/itr.ufrrj.br\/sigabi\/?page_id=293"},"modified":"2017-01-09T16:17:01","modified_gmt":"2017-01-09T18:17:01","slug":"organizacao-5o-sigabi","status":"publish","type":"page","link":"https:\/\/itr.ufrrj.br\/sigabi\/organizacao-5o-sigabi\/","title":{"rendered":"Organiza\u00e7\u00e3o 5\u00ba SIGABI"},"content":{"rendered":"<p>SIGABI 2016 &#8211; Organiza\u00e7\u00e3o<\/p>\n<h3>Coordenadoras<\/h3>\n<p>Profa. Dra. Michaele Alvim Milward de Azevedo<br \/>\nProfa. Dra. Erika Cortines<\/p>\n<h3>Comiss\u00e3o Organizadora<\/h3>\n<p>Prof. Dr. Alexandre Ferreira Lopes<br \/>\nProf. Dr. Fabio Souto de Almeida<br \/>\nProf. MSc. Maur\u00edcio Soares da Silva<br \/>\nProfa. Dra. Julianne Alvim Milward de Azevedo<br \/>\nHelder Marcos Nunes (Gestor Ambiental)<br \/>\nDiscente Ana Paula Ferreira Santos da Costa<br \/>\nDiscente Dolvani da Costa Barbosa<br \/>\nDiscente L\u00edvia Correia Fr\u00f3es<br \/>\nDiscente Luana Alves Riente<br \/>\nDiscente Milena Soares dos Santos<br \/>\nDiscente Nat\u00e1lia Brand\u00e3o Gon\u00e7alves Fernandes<br \/>\nDiscente Rayanne Carvalho da Costa<br \/>\nDiscente Renata Fernanda Oliveira de Souza<\/p>\n<h3>Monitoras<\/h3>\n<p>Discente Ana Carolina Oliveira da Silva<br \/>\nDiscente Ana Izabel Gomes Landes<br \/>\nDiscente Laura Dias Parreiras Bento<br \/>\nDiscente Mariana Cunha Lemos<br \/>\nDiscente Val\u00e9ria Garcez de Oliveira<\/p>\n<h3>Membros do Comit\u00ea Cient\u00edfico<\/h3>\n<p>Profa. Michaele Alvim Milward de Azevedo \u2013 Doutora em Bot\u00e2nica<br \/>\nProfa. Erika Cortines \u2013 Doutora em Ci\u00eancias Ambientais e Florestais<br \/>\nProf. Alexandre Ferreira Lopes \u2013 Doutor em Ecologia<br \/>\nProfa. Angela Alves de Almeida \u2013 Doutora em Entomologia<br \/>\nProf. Fabio Cardoso de Freitas \u2013 Doutor em Agronomia<br \/>\nProf. F\u00e1bio Souto de Almeida \u2013 Doutor em Ci\u00eancias Ambientais e Florestais<br \/>\nProfa. Julianne Alvim Milward de Azevedo \u2013 Doutora em Economia<br \/>\nProf. Leonardo Mitrano Neves &#8211; Doutor em Zoologia<br \/>\nProfa. MSc. Marcelle Lemos Morim Cerqueda &#8211; Mestre em Geologia<br \/>\nProf. MSc. Maur\u00edcio Soares da Silva &#8211; Mestre em Meterologia<br \/>\nProf. Sady J\u00fanior Martins da Costa Menezes &#8211; Doutor em Ci\u00eancia Florestal<br \/>\nProfa. Thais Alves Gallo Andrade \u2013 Doutora em Meio Ambiente<br \/>\nProfa. Ma\u00edra Freire Pecegueiro do Amaral &#8211; Doutora em Engenharia Ambiental<\/p>\n<h3>Identidade Visual e Edi\u00e7\u00e3o Web<\/h3>\n<p>Helder Marcos Nunes &#8211; Designer: heldernunes@outlook.com<\/p>\n<h3>Cobertura Jornal\u00edstica e Fotogr\u00e1fica<\/h3>\n<p>Marina Sant&#8217;Anna Carvalho de Souza<br \/>\nViviane Am\u00e9lia Cardoso<br \/>\nMarcella Vieira<\/p>\n","protected":false},"excerpt":{"rendered":"<p>SIGABI 2016 &#8211; Organiza\u00e7\u00e3o Coordenadoras Profa. Dra. Michaele Alvim Milward de Azevedo Profa. Dra. Erika Cortines Comiss\u00e3o Organizadora Prof. Dr. Alexandre Ferreira Lopes Prof. Dr. Fabio Souto de Almeida Prof. MSc. Maur\u00edcio Soares da Silva Profa. Dra. Julianne Alvim Milward de Azevedo Helder Marcos Nunes (Gestor Ambiental) Discente Ana Paula Ferreira Santos da Costa Discente [&hellip;]<\/p>\n","protected":false},"author":2,"featured_media":0,"parent":0,"menu_order":0,"comment_status":"closed","ping_status":"closed","template":"","meta":[],"yoast_head":"<!-- This site is optimized with the Yoast SEO plugin v20.6 - https:\/\/yoast.com\/wordpress\/plugins\/seo\/ -->\n<title>Organiza\u00e7\u00e3o 5\u00ba SIGABI - SIGABI - Simp\u00f3sio de Gest\u00e3o Ambiental e Biodiversidade<\/title>\n<meta name=\"robots\" content=\"index, follow, max-snippet:-1, max-image-preview:large, max-video-preview:-1\" \/>\n<link rel=\"canonical\" href=\"https:\/\/itr.ufrrj.br\/sigabi\/organizacao-5o-sigabi\/\" \/>\n<meta property=\"og:locale\" content=\"pt_BR\" \/>\n<meta property=\"og:type\" content=\"article\" \/>\n<meta property=\"og:title\" content=\"Organiza\u00e7\u00e3o 5\u00ba SIGABI - SIGABI - Simp\u00f3sio de Gest\u00e3o Ambiental e Biodiversidade\" \/>\n<meta property=\"og:description\" content=\"SIGABI 2016 &#8211; Organiza\u00e7\u00e3o Coordenadoras Profa. Dra. Michaele Alvim Milward de Azevedo Profa. Dra. Erika Cortines Comiss\u00e3o Organizadora Prof. Dr. Alexandre Ferreira Lopes Prof. Dr. Fabio Souto de Almeida Prof. MSc. Maur\u00edcio Soares da Silva Profa. Dra. Julianne Alvim Milward de Azevedo Helder Marcos Nunes (Gestor Ambiental) Discente Ana Paula Ferreira Santos da Costa Discente [&hellip;]\" \/>\n<meta property=\"og:url\" content=\"https:\/\/itr.ufrrj.br\/sigabi\/organizacao-5o-sigabi\/\" \/>\n<meta property=\"og:site_name\" content=\"SIGABI - Simp\u00f3sio de Gest\u00e3o Ambiental e Biodiversidade\" \/>\n<meta property=\"article:modified_time\" content=\"2017-01-09T18:17:01+00:00\" \/>\n<meta name=\"twitter:card\" content=\"summary_large_image\" \/>\n<meta name=\"twitter:label1\" content=\"Est. tempo de leitura\" \/>\n\t<meta name=\"twitter:data1\" content=\"1 minuto\" \/>\n<script type=\"application\/ld+json\" class=\"yoast-schema-graph\">{\"@context\":\"https:\/\/schema.org\",\"@graph\":[{\"@type\":\"WebPage\",\"@id\":\"https:\/\/itr.ufrrj.br\/sigabi\/organizacao-5o-sigabi\/\",\"url\":\"https:\/\/itr.ufrrj.br\/sigabi\/organizacao-5o-sigabi\/\",\"name\":\"Organiza\u00e7\u00e3o 5\u00ba SIGABI - SIGABI - Simp\u00f3sio de Gest\u00e3o Ambiental e Biodiversidade\",\"isPartOf\":{\"@id\":\"https:\/\/itr.ufrrj.br\/sigabi\/#website\"},\"datePublished\":\"2017-01-09T18:14:43+00:00\",\"dateModified\":\"2017-01-09T18:17:01+00:00\",\"breadcrumb\":{\"@id\":\"https:\/\/itr.ufrrj.br\/sigabi\/organizacao-5o-sigabi\/#breadcrumb\"},\"inLanguage\":\"pt-BR\",\"potentialAction\":[{\"@type\":\"ReadAction\",\"target\":[\"https:\/\/itr.ufrrj.br\/sigabi\/organizacao-5o-sigabi\/\"]}]},{\"@type\":\"BreadcrumbList\",\"@id\":\"https:\/\/itr.ufrrj.br\/sigabi\/organizacao-5o-sigabi\/#breadcrumb\",\"itemListElement\":[{\"@type\":\"ListItem\",\"position\":1,\"name\":\"In\u00edcio\",\"item\":\"https:\/\/itr.ufrrj.br\/sigabi\/\"},{\"@type\":\"ListItem\",\"position\":2,\"name\":\"Organiza\u00e7\u00e3o 5\u00ba SIGABI\"}]},{\"@type\":\"WebSite\",\"@id\":\"https:\/\/itr.ufrrj.br\/sigabi\/#website\",\"url\":\"https:\/\/itr.ufrrj.br\/sigabi\/\",\"name\":\"SIGABI - Simp\u00f3sio de Gest\u00e3o Ambiental e Biodiversidade\",\"description\":\"Simp\u00f3sio de Gest\u00e3o Ambiental e Biodiversidade\",\"potentialAction\":[{\"@type\":\"SearchAction\",\"target\":{\"@type\":\"EntryPoint\",\"urlTemplate\":\"https:\/\/itr.ufrrj.br\/sigabi\/?s={search_term_string}\"},\"query-input\":\"required name=search_term_string\"}],\"inLanguage\":\"pt-BR\"}]}<\/script>\n<!-- \/ Yoast SEO plugin. -->","yoast_head_json":{"title":"Organiza\u00e7\u00e3o 5\u00ba SIGABI - SIGABI - Simp\u00f3sio de Gest\u00e3o Ambiental e Biodiversidade","robots":{"index":"index","follow":"follow","max-snippet":"max-snippet:-1","max-image-preview":"max-image-preview:large","max-video-preview":"max-video-preview:-1"},"canonical":"https:\/\/itr.ufrrj.br\/sigabi\/organizacao-5o-sigabi\/","og_locale":"pt_BR","og_type":"article","og_title":"Organiza\u00e7\u00e3o 5\u00ba SIGABI - SIGABI - Simp\u00f3sio de Gest\u00e3o Ambiental e Biodiversidade","og_description":"SIGABI 2016 &#8211; Organiza\u00e7\u00e3o Coordenadoras Profa. Dra. Michaele Alvim Milward de Azevedo Profa. Dra. Erika Cortines Comiss\u00e3o Organizadora Prof. Dr. Alexandre Ferreira Lopes Prof. Dr. Fabio Souto de Almeida Prof. MSc. Maur\u00edcio Soares da Silva Profa. Dra. Julianne Alvim Milward de Azevedo Helder Marcos Nunes (Gestor Ambiental) Discente Ana Paula Ferreira Santos da Costa Discente [&hellip;]","og_url":"https:\/\/itr.ufrrj.br\/sigabi\/organizacao-5o-sigabi\/","og_site_name":"SIGABI - Simp\u00f3sio de Gest\u00e3o Ambiental e Biodiversidade","article_modified_time":"2017-01-09T18:17:01+00:00","twitter_card":"summary_large_image","twitter_misc":{"Est. tempo de leitura":"1 minuto"},"schema":{"@context":"https:\/\/schema.org","@graph":[{"@type":"WebPage","@id":"https:\/\/itr.ufrrj.br\/sigabi\/organizacao-5o-sigabi\/","url":"https:\/\/itr.ufrrj.br\/sigabi\/organizacao-5o-sigabi\/","name":"Organiza\u00e7\u00e3o 5\u00ba SIGABI - SIGABI - Simp\u00f3sio de Gest\u00e3o Ambiental e Biodiversidade","isPartOf":{"@id":"https:\/\/itr.ufrrj.br\/sigabi\/#website"},"datePublished":"2017-01-09T18:14:43+00:00","dateModified":"2017-01-09T18:17:01+00:00","breadcrumb":{"@id":"https:\/\/itr.ufrrj.br\/sigabi\/organizacao-5o-sigabi\/#breadcrumb"},"inLanguage":"pt-BR","potentialAction":[{"@type":"ReadAction","target":["https:\/\/itr.ufrrj.br\/sigabi\/organizacao-5o-sigabi\/"]}]},{"@type":"BreadcrumbList","@id":"https:\/\/itr.ufrrj.br\/sigabi\/organizacao-5o-sigabi\/#breadcrumb","itemListElement":[{"@type":"ListItem","position":1,"name":"In\u00edcio","item":"https:\/\/itr.ufrrj.br\/sigabi\/"},{"@type":"ListItem","position":2,"name":"Organiza\u00e7\u00e3o 5\u00ba SIGABI"}]},{"@type":"WebSite","@id":"https:\/\/itr.ufrrj.br\/sigabi\/#website","url":"https:\/\/itr.ufrrj.br\/sigabi\/","name":"SIGABI - Simp\u00f3sio de Gest\u00e3o Ambiental e Biodiversidade","description":"Simp\u00f3sio de Gest\u00e3o Ambiental e Biodiversidade","potentialAction":[{"@type":"SearchAction","target":{"@type":"EntryPoint","urlTemplate":"https:\/\/itr.ufrrj.br\/sigabi\/?s={search_term_string}"},"query-input":"required name=search_term_string"}],"inLanguage":"pt-BR"}]}},"_links":{"self":[{"href":"https:\/\/itr.ufrrj.br\/sigabi\/wp-json\/wp\/v2\/pages\/293"}],"collection":[{"href":"https:\/\/itr.ufrrj.br\/sigabi\/wp-json\/wp\/v2\/pages"}],"about":[{"href":"https:\/\/itr.ufrrj.br\/sigabi\/wp-json\/wp\/v2\/types\/page"}],"author":[{"embeddable":true,"href":"https:\/\/itr.ufrrj.br\/sigabi\/wp-json\/wp\/v2\/users\/2"}],"replies":[{"embeddable":true,"href":"https:\/\/itr.ufrrj.br\/sigabi\/wp-json\/wp\/v2\/comments?post=293"}],"version-history":[{"count":1,"href":"https:\/\/itr.ufrrj.br\/sigabi\/wp-json\/wp\/v2\/pages\/293\/revisions"}],"predecessor-version":[{"id":294,"href":"https:\/\/itr.ufrrj.br\/sigabi\/wp-json\/wp\/v2\/pages\/293\/revisions\/294"}],"wp:attachment":[{"href":"https:\/\/itr.ufrrj.br\/sigabi\/wp-json\/wp\/v2\/media?parent=293"}],"curies":[{"name":"wp","href":"https:\/\/api.w.org\/{rel}","templated":true}]}}