{"id":282,"date":"2017-01-09T16:00:16","date_gmt":"2017-01-09T18:00:16","guid":{"rendered":"http:\/\/itr.ufrrj.br\/sigabi\/?page_id=282"},"modified":"2017-01-09T16:00:16","modified_gmt":"2017-01-09T18:00:16","slug":"normas-painel-5o-sigabi","status":"publish","type":"page","link":"https:\/\/itr.ufrrj.br\/sigabi\/envio-de-trabalhos-completos-5o-sigabi\/normas-painel-5o-sigabi\/","title":{"rendered":"Normas &#8211; Painel 5\u00ba SIGABI"},"content":{"rendered":"<p>Os pain\u00e9is dever\u00e3o ser confeccionados no tamanho 0,90m x 1,00 m. Todos os pain\u00e9is devem ter canaletas para serem pendurados nos porta-banners.<\/p>\n","protected":false},"excerpt":{"rendered":"<p>Os pain\u00e9is dever\u00e3o ser confeccionados no tamanho 0,90m x 1,00 m. Todos os pain\u00e9is devem ter canaletas para serem pendurados nos porta-banners.<\/p>\n","protected":false},"author":2,"featured_media":0,"parent":270,"menu_order":0,"comment_status":"closed","ping_status":"closed","template":"","meta":[],"yoast_head":"<!-- This site is optimized with the Yoast SEO plugin v20.6 - https:\/\/yoast.com\/wordpress\/plugins\/seo\/ -->\n<title>Normas - Painel 5\u00ba SIGABI - SIGABI - Simp\u00f3sio de Gest\u00e3o Ambiental e Biodiversidade<\/title>\n<meta name=\"robots\" content=\"index, follow, max-snippet:-1, max-image-preview:large, max-video-preview:-1\" \/>\n<link rel=\"canonical\" href=\"https:\/\/itr.ufrrj.br\/sigabi\/envio-de-trabalhos-completos-5o-sigabi\/normas-painel-5o-sigabi\/\" \/>\n<meta property=\"og:locale\" content=\"pt_BR\" \/>\n<meta property=\"og:type\" content=\"article\" \/>\n<meta property=\"og:title\" content=\"Normas - Painel 5\u00ba SIGABI - SIGABI - Simp\u00f3sio de Gest\u00e3o Ambiental e Biodiversidade\" \/>\n<meta property=\"og:description\" content=\"Os pain\u00e9is dever\u00e3o ser confeccionados no tamanho 0,90m x 1,00 m. Todos os pain\u00e9is devem ter canaletas para serem pendurados nos porta-banners.\" \/>\n<meta property=\"og:url\" content=\"https:\/\/itr.ufrrj.br\/sigabi\/envio-de-trabalhos-completos-5o-sigabi\/normas-painel-5o-sigabi\/\" \/>\n<meta property=\"og:site_name\" content=\"SIGABI - Simp\u00f3sio de Gest\u00e3o Ambiental e Biodiversidade\" \/>\n<meta name=\"twitter:card\" content=\"summary_large_image\" \/>\n<script type=\"application\/ld+json\" class=\"yoast-schema-graph\">{\"@context\":\"https:\/\/schema.org\",\"@graph\":[{\"@type\":\"WebPage\",\"@id\":\"https:\/\/itr.ufrrj.br\/sigabi\/envio-de-trabalhos-completos-5o-sigabi\/normas-painel-5o-sigabi\/\",\"url\":\"https:\/\/itr.ufrrj.br\/sigabi\/envio-de-trabalhos-completos-5o-sigabi\/normas-painel-5o-sigabi\/\",\"name\":\"Normas - Painel 5\u00ba SIGABI - SIGABI - Simp\u00f3sio de Gest\u00e3o Ambiental e Biodiversidade\",\"isPartOf\":{\"@id\":\"https:\/\/itr.ufrrj.br\/sigabi\/#website\"},\"datePublished\":\"2017-01-09T18:00:16+00:00\",\"dateModified\":\"2017-01-09T18:00:16+00:00\",\"breadcrumb\":{\"@id\":\"https:\/\/itr.ufrrj.br\/sigabi\/envio-de-trabalhos-completos-5o-sigabi\/normas-painel-5o-sigabi\/#breadcrumb\"},\"inLanguage\":\"pt-BR\",\"potentialAction\":[{\"@type\":\"ReadAction\",\"target\":[\"https:\/\/itr.ufrrj.br\/sigabi\/envio-de-trabalhos-completos-5o-sigabi\/normas-painel-5o-sigabi\/\"]}]},{\"@type\":\"BreadcrumbList\",\"@id\":\"https:\/\/itr.ufrrj.br\/sigabi\/envio-de-trabalhos-completos-5o-sigabi\/normas-painel-5o-sigabi\/#breadcrumb\",\"itemListElement\":[{\"@type\":\"ListItem\",\"position\":1,\"name\":\"In\u00edcio\",\"item\":\"https:\/\/itr.ufrrj.br\/sigabi\/\"},{\"@type\":\"ListItem\",\"position\":2,\"name\":\"Envio de Trabalhos Completos 5\u00ba SIGABI\",\"item\":\"https:\/\/itr.ufrrj.br\/sigabi\/envio-de-trabalhos-completos-5o-sigabi\/\"},{\"@type\":\"ListItem\",\"position\":3,\"name\":\"Normas &#8211; Painel 5\u00ba SIGABI\"}]},{\"@type\":\"WebSite\",\"@id\":\"https:\/\/itr.ufrrj.br\/sigabi\/#website\",\"url\":\"https:\/\/itr.ufrrj.br\/sigabi\/\",\"name\":\"SIGABI - Simp\u00f3sio de Gest\u00e3o Ambiental e Biodiversidade\",\"description\":\"Simp\u00f3sio de Gest\u00e3o Ambiental e Biodiversidade\",\"potentialAction\":[{\"@type\":\"SearchAction\",\"target\":{\"@type\":\"EntryPoint\",\"urlTemplate\":\"https:\/\/itr.ufrrj.br\/sigabi\/?s={search_term_string}\"},\"query-input\":\"required name=search_term_string\"}],\"inLanguage\":\"pt-BR\"}]}<\/script>\n<!-- \/ Yoast SEO plugin. -->","yoast_head_json":{"title":"Normas - Painel 5\u00ba SIGABI - SIGABI - Simp\u00f3sio de Gest\u00e3o Ambiental e Biodiversidade","robots":{"index":"index","follow":"follow","max-snippet":"max-snippet:-1","max-image-preview":"max-image-preview:large","max-video-preview":"max-video-preview:-1"},"canonical":"https:\/\/itr.ufrrj.br\/sigabi\/envio-de-trabalhos-completos-5o-sigabi\/normas-painel-5o-sigabi\/","og_locale":"pt_BR","og_type":"article","og_title":"Normas - Painel 5\u00ba SIGABI - SIGABI - Simp\u00f3sio de Gest\u00e3o Ambiental e Biodiversidade","og_description":"Os pain\u00e9is dever\u00e3o ser confeccionados no tamanho 0,90m x 1,00 m. Todos os pain\u00e9is devem ter canaletas para serem pendurados nos porta-banners.","og_url":"https:\/\/itr.ufrrj.br\/sigabi\/envio-de-trabalhos-completos-5o-sigabi\/normas-painel-5o-sigabi\/","og_site_name":"SIGABI - Simp\u00f3sio de Gest\u00e3o Ambiental e Biodiversidade","twitter_card":"summary_large_image","schema":{"@context":"https:\/\/schema.org","@graph":[{"@type":"WebPage","@id":"https:\/\/itr.ufrrj.br\/sigabi\/envio-de-trabalhos-completos-5o-sigabi\/normas-painel-5o-sigabi\/","url":"https:\/\/itr.ufrrj.br\/sigabi\/envio-de-trabalhos-completos-5o-sigabi\/normas-painel-5o-sigabi\/","name":"Normas - Painel 5\u00ba SIGABI - SIGABI - Simp\u00f3sio de Gest\u00e3o Ambiental e Biodiversidade","isPartOf":{"@id":"https:\/\/itr.ufrrj.br\/sigabi\/#website"},"datePublished":"2017-01-09T18:00:16+00:00","dateModified":"2017-01-09T18:00:16+00:00","breadcrumb":{"@id":"https:\/\/itr.ufrrj.br\/sigabi\/envio-de-trabalhos-completos-5o-sigabi\/normas-painel-5o-sigabi\/#breadcrumb"},"inLanguage":"pt-BR","potentialAction":[{"@type":"ReadAction","target":["https:\/\/itr.ufrrj.br\/sigabi\/envio-de-trabalhos-completos-5o-sigabi\/normas-painel-5o-sigabi\/"]}]},{"@type":"BreadcrumbList","@id":"https:\/\/itr.ufrrj.br\/sigabi\/envio-de-trabalhos-completos-5o-sigabi\/normas-painel-5o-sigabi\/#breadcrumb","itemListElement":[{"@type":"ListItem","position":1,"name":"In\u00edcio","item":"https:\/\/itr.ufrrj.br\/sigabi\/"},{"@type":"ListItem","position":2,"name":"Envio de Trabalhos Completos 5\u00ba SIGABI","item":"https:\/\/itr.ufrrj.br\/sigabi\/envio-de-trabalhos-completos-5o-sigabi\/"},{"@type":"ListItem","position":3,"name":"Normas &#8211; Painel 5\u00ba SIGABI"}]},{"@type":"WebSite","@id":"https:\/\/itr.ufrrj.br\/sigabi\/#website","url":"https:\/\/itr.ufrrj.br\/sigabi\/","name":"SIGABI - Simp\u00f3sio de Gest\u00e3o Ambiental e Biodiversidade","description":"Simp\u00f3sio de Gest\u00e3o Ambiental e Biodiversidade","potentialAction":[{"@type":"SearchAction","target":{"@type":"EntryPoint","urlTemplate":"https:\/\/itr.ufrrj.br\/sigabi\/?s={search_term_string}"},"query-input":"required name=search_term_string"}],"inLanguage":"pt-BR"}]}},"_links":{"self":[{"href":"https:\/\/itr.ufrrj.br\/sigabi\/wp-json\/wp\/v2\/pages\/282"}],"collection":[{"href":"https:\/\/itr.ufrrj.br\/sigabi\/wp-json\/wp\/v2\/pages"}],"about":[{"href":"https:\/\/itr.ufrrj.br\/sigabi\/wp-json\/wp\/v2\/types\/page"}],"author":[{"embeddable":true,"href":"https:\/\/itr.ufrrj.br\/sigabi\/wp-json\/wp\/v2\/users\/2"}],"replies":[{"embeddable":true,"href":"https:\/\/itr.ufrrj.br\/sigabi\/wp-json\/wp\/v2\/comments?post=282"}],"version-history":[{"count":1,"href":"https:\/\/itr.ufrrj.br\/sigabi\/wp-json\/wp\/v2\/pages\/282\/revisions"}],"predecessor-version":[{"id":283,"href":"https:\/\/itr.ufrrj.br\/sigabi\/wp-json\/wp\/v2\/pages\/282\/revisions\/283"}],"up":[{"embeddable":true,"href":"https:\/\/itr.ufrrj.br\/sigabi\/wp-json\/wp\/v2\/pages\/270"}],"wp:attachment":[{"href":"https:\/\/itr.ufrrj.br\/sigabi\/wp-json\/wp\/v2\/media?parent=282"}],"curies":[{"name":"wp","href":"https:\/\/api.w.org\/{rel}","templated":true}]}}