{"id":139,"date":"2016-08-02T11:01:05","date_gmt":"2016-08-02T14:01:05","guid":{"rendered":"http:\/\/itr.ufrrj.br\/sigabi\/?page_id=139"},"modified":"2019-03-06T21:08:51","modified_gmt":"2019-03-07T00:08:51","slug":"hoteis-e-pousadas","status":"publish","type":"page","link":"https:\/\/itr.ufrrj.br\/sigabi\/onde-ficar\/hoteis-e-pousadas\/","title":{"rendered":"Hot\u00e9is e Pousadas"},"content":{"rendered":"<p style=\"font-weight: 400;\">Lista de Hot\u00e9is e Pousadas da cidade de Tr\u00eas Rios para acomoda\u00e7\u00e3o durante o 7\u00ba SIGABI, que ir\u00e3o oferecer descontos aos participantes do evento. Os valores s\u00e3o especiais para participantes do SIGABI, favor ao efetuar as reservas, informar que \u00e9\u00a0participante do SIGABI.<\/p>\n<p style=\"font-weight: 400;\"><strong>Hotel Olivier<\/strong><\/p>\n<p style=\"font-weight: 400;\">Rua 7 de setembro, 160 &#8211; Centro<\/p>\n<p style=\"font-weight: 400;\">(24) 2255-2966 \/ 2255-2962<\/p>\n<p style=\"font-weight: 400;\">whatsapp: (24) 99233-1407<\/p>\n<p style=\"font-weight: 400;\">www.hotelolivier.com.br<\/p>\n<p style=\"font-weight: 400;\">hoteloliviertr@yahoo.com.br<\/p>\n<p style=\"font-weight: 400;\">Apartamentos completos com ar condicionado, ventilador de teto, frigobar, tv a cabo e wifi.\u00a0Est\u00e1 incluso na di\u00e1ria, caf\u00e9 da manh\u00e3, jantar (segunda a sexta) e estacionamento.<\/p>\n<p>&nbsp;<\/p>\n<p style=\"font-weight: 400;\"><strong>Hotel Condessa<\/strong><\/p>\n<p style=\"font-weight: 400;\">Av. Condessa do Rio Novo, 1679 &#8211; Centro<\/p>\n<p style=\"font-weight: 400;\">(24) 2255-2385<\/p>\n<p style=\"font-weight: 400;\">www.hotelcondessa.com<\/p>\n<p style=\"font-weight: 400;\">condessahotel@yahoo.com.br<\/p>\n<p style=\"font-weight: 400;\">Apartamentos completos com ar condicionado, frigobar, tv a cabo e wifi. Caf\u00e9 da manh\u00e3 incluso.<\/p>\n<p>&nbsp;<\/p>\n<p style=\"font-weight: 400;\"><strong>Hotel Intercity<\/strong><\/p>\n<p style=\"font-weight: 400;\">Rua Bandeira, 22 &#8211; Centro<\/p>\n<p style=\"font-weight: 400;\">(24) 3311-1900<\/p>\n<p style=\"font-weight: 400;\">www.intercityhoteis.com.br\/hoteis\/tres-rios\/intercity-tres-rios\/<\/p>\n<p style=\"font-weight: 400;\">comercial.tresrios@intercityhoteis.com.br<\/p>\n<p style=\"font-weight: 400;\">Apartamentos completos com ar condicionado, frigobar, tv a cabo e wifi. Caf\u00e9 da manh\u00e3 incluso.<\/p>\n<p style=\"font-weight: 400;\">\n","protected":false},"excerpt":{"rendered":"<p>Lista de Hot\u00e9is e Pousadas da cidade de Tr\u00eas Rios para acomoda\u00e7\u00e3o durante o 7\u00ba SIGABI, que ir\u00e3o oferecer descontos aos participantes do evento. Os valores s\u00e3o especiais para participantes do SIGABI, favor ao efetuar as reservas, informar que \u00e9\u00a0participante do SIGABI. Hotel Olivier Rua 7 de setembro, 160 &#8211; Centro (24) 2255-2966 \/ 2255-2962 [&hellip;]<\/p>\n","protected":false},"author":2,"featured_media":0,"parent":39,"menu_order":0,"comment_status":"closed","ping_status":"closed","template":"","meta":[],"yoast_head":"<!-- This site is optimized with the Yoast SEO plugin v20.6 - https:\/\/yoast.com\/wordpress\/plugins\/seo\/ -->\n<title>Hot\u00e9is e Pousadas - SIGABI - Simp\u00f3sio de Gest\u00e3o Ambiental e Biodiversidade<\/title>\n<meta name=\"robots\" content=\"index, follow, max-snippet:-1, max-image-preview:large, max-video-preview:-1\" \/>\n<link rel=\"canonical\" href=\"https:\/\/itr.ufrrj.br\/sigabi\/onde-ficar\/hoteis-e-pousadas\/\" \/>\n<meta property=\"og:locale\" content=\"pt_BR\" \/>\n<meta property=\"og:type\" content=\"article\" \/>\n<meta property=\"og:title\" content=\"Hot\u00e9is e Pousadas - SIGABI - Simp\u00f3sio de Gest\u00e3o Ambiental e Biodiversidade\" \/>\n<meta property=\"og:description\" content=\"Lista de Hot\u00e9is e Pousadas da cidade de Tr\u00eas Rios para acomoda\u00e7\u00e3o durante o 7\u00ba SIGABI, que ir\u00e3o oferecer descontos aos participantes do evento. Os valores s\u00e3o especiais para participantes do SIGABI, favor ao efetuar as reservas, informar que \u00e9\u00a0participante do SIGABI. Hotel Olivier Rua 7 de setembro, 160 &#8211; Centro (24) 2255-2966 \/ 2255-2962 [&hellip;]\" \/>\n<meta property=\"og:url\" content=\"https:\/\/itr.ufrrj.br\/sigabi\/onde-ficar\/hoteis-e-pousadas\/\" \/>\n<meta property=\"og:site_name\" content=\"SIGABI - Simp\u00f3sio de Gest\u00e3o Ambiental e Biodiversidade\" \/>\n<meta property=\"article:modified_time\" content=\"2019-03-07T00:08:51+00:00\" \/>\n<meta name=\"twitter:card\" content=\"summary_large_image\" \/>\n<meta name=\"twitter:label1\" content=\"Est. tempo de leitura\" \/>\n\t<meta name=\"twitter:data1\" content=\"1 minuto\" \/>\n<script type=\"application\/ld+json\" class=\"yoast-schema-graph\">{\"@context\":\"https:\/\/schema.org\",\"@graph\":[{\"@type\":\"WebPage\",\"@id\":\"https:\/\/itr.ufrrj.br\/sigabi\/onde-ficar\/hoteis-e-pousadas\/\",\"url\":\"https:\/\/itr.ufrrj.br\/sigabi\/onde-ficar\/hoteis-e-pousadas\/\",\"name\":\"Hot\u00e9is e Pousadas - SIGABI - Simp\u00f3sio de Gest\u00e3o Ambiental e Biodiversidade\",\"isPartOf\":{\"@id\":\"https:\/\/itr.ufrrj.br\/sigabi\/#website\"},\"datePublished\":\"2016-08-02T14:01:05+00:00\",\"dateModified\":\"2019-03-07T00:08:51+00:00\",\"breadcrumb\":{\"@id\":\"https:\/\/itr.ufrrj.br\/sigabi\/onde-ficar\/hoteis-e-pousadas\/#breadcrumb\"},\"inLanguage\":\"pt-BR\",\"potentialAction\":[{\"@type\":\"ReadAction\",\"target\":[\"https:\/\/itr.ufrrj.br\/sigabi\/onde-ficar\/hoteis-e-pousadas\/\"]}]},{\"@type\":\"BreadcrumbList\",\"@id\":\"https:\/\/itr.ufrrj.br\/sigabi\/onde-ficar\/hoteis-e-pousadas\/#breadcrumb\",\"itemListElement\":[{\"@type\":\"ListItem\",\"position\":1,\"name\":\"In\u00edcio\",\"item\":\"https:\/\/itr.ufrrj.br\/sigabi\/\"},{\"@type\":\"ListItem\",\"position\":2,\"name\":\"Onde Ficar\",\"item\":\"https:\/\/itr.ufrrj.br\/sigabi\/onde-ficar\/\"},{\"@type\":\"ListItem\",\"position\":3,\"name\":\"Hot\u00e9is e Pousadas\"}]},{\"@type\":\"WebSite\",\"@id\":\"https:\/\/itr.ufrrj.br\/sigabi\/#website\",\"url\":\"https:\/\/itr.ufrrj.br\/sigabi\/\",\"name\":\"SIGABI - Simp\u00f3sio de Gest\u00e3o Ambiental e Biodiversidade\",\"description\":\"Simp\u00f3sio de Gest\u00e3o Ambiental e Biodiversidade\",\"potentialAction\":[{\"@type\":\"SearchAction\",\"target\":{\"@type\":\"EntryPoint\",\"urlTemplate\":\"https:\/\/itr.ufrrj.br\/sigabi\/?s={search_term_string}\"},\"query-input\":\"required name=search_term_string\"}],\"inLanguage\":\"pt-BR\"}]}<\/script>\n<!-- \/ Yoast SEO plugin. -->","yoast_head_json":{"title":"Hot\u00e9is e Pousadas - SIGABI - Simp\u00f3sio de Gest\u00e3o Ambiental e Biodiversidade","robots":{"index":"index","follow":"follow","max-snippet":"max-snippet:-1","max-image-preview":"max-image-preview:large","max-video-preview":"max-video-preview:-1"},"canonical":"https:\/\/itr.ufrrj.br\/sigabi\/onde-ficar\/hoteis-e-pousadas\/","og_locale":"pt_BR","og_type":"article","og_title":"Hot\u00e9is e Pousadas - SIGABI - Simp\u00f3sio de Gest\u00e3o Ambiental e Biodiversidade","og_description":"Lista de Hot\u00e9is e Pousadas da cidade de Tr\u00eas Rios para acomoda\u00e7\u00e3o durante o 7\u00ba SIGABI, que ir\u00e3o oferecer descontos aos participantes do evento. Os valores s\u00e3o especiais para participantes do SIGABI, favor ao efetuar as reservas, informar que \u00e9\u00a0participante do SIGABI. Hotel Olivier Rua 7 de setembro, 160 &#8211; Centro (24) 2255-2966 \/ 2255-2962 [&hellip;]","og_url":"https:\/\/itr.ufrrj.br\/sigabi\/onde-ficar\/hoteis-e-pousadas\/","og_site_name":"SIGABI - Simp\u00f3sio de Gest\u00e3o Ambiental e Biodiversidade","article_modified_time":"2019-03-07T00:08:51+00:00","twitter_card":"summary_large_image","twitter_misc":{"Est. tempo de leitura":"1 minuto"},"schema":{"@context":"https:\/\/schema.org","@graph":[{"@type":"WebPage","@id":"https:\/\/itr.ufrrj.br\/sigabi\/onde-ficar\/hoteis-e-pousadas\/","url":"https:\/\/itr.ufrrj.br\/sigabi\/onde-ficar\/hoteis-e-pousadas\/","name":"Hot\u00e9is e Pousadas - SIGABI - Simp\u00f3sio de Gest\u00e3o Ambiental e Biodiversidade","isPartOf":{"@id":"https:\/\/itr.ufrrj.br\/sigabi\/#website"},"datePublished":"2016-08-02T14:01:05+00:00","dateModified":"2019-03-07T00:08:51+00:00","breadcrumb":{"@id":"https:\/\/itr.ufrrj.br\/sigabi\/onde-ficar\/hoteis-e-pousadas\/#breadcrumb"},"inLanguage":"pt-BR","potentialAction":[{"@type":"ReadAction","target":["https:\/\/itr.ufrrj.br\/sigabi\/onde-ficar\/hoteis-e-pousadas\/"]}]},{"@type":"BreadcrumbList","@id":"https:\/\/itr.ufrrj.br\/sigabi\/onde-ficar\/hoteis-e-pousadas\/#breadcrumb","itemListElement":[{"@type":"ListItem","position":1,"name":"In\u00edcio","item":"https:\/\/itr.ufrrj.br\/sigabi\/"},{"@type":"ListItem","position":2,"name":"Onde Ficar","item":"https:\/\/itr.ufrrj.br\/sigabi\/onde-ficar\/"},{"@type":"ListItem","position":3,"name":"Hot\u00e9is e Pousadas"}]},{"@type":"WebSite","@id":"https:\/\/itr.ufrrj.br\/sigabi\/#website","url":"https:\/\/itr.ufrrj.br\/sigabi\/","name":"SIGABI - Simp\u00f3sio de Gest\u00e3o Ambiental e Biodiversidade","description":"Simp\u00f3sio de Gest\u00e3o Ambiental e Biodiversidade","potentialAction":[{"@type":"SearchAction","target":{"@type":"EntryPoint","urlTemplate":"https:\/\/itr.ufrrj.br\/sigabi\/?s={search_term_string}"},"query-input":"required name=search_term_string"}],"inLanguage":"pt-BR"}]}},"_links":{"self":[{"href":"https:\/\/itr.ufrrj.br\/sigabi\/wp-json\/wp\/v2\/pages\/139"}],"collection":[{"href":"https:\/\/itr.ufrrj.br\/sigabi\/wp-json\/wp\/v2\/pages"}],"about":[{"href":"https:\/\/itr.ufrrj.br\/sigabi\/wp-json\/wp\/v2\/types\/page"}],"author":[{"embeddable":true,"href":"https:\/\/itr.ufrrj.br\/sigabi\/wp-json\/wp\/v2\/users\/2"}],"replies":[{"embeddable":true,"href":"https:\/\/itr.ufrrj.br\/sigabi\/wp-json\/wp\/v2\/comments?post=139"}],"version-history":[{"count":12,"href":"https:\/\/itr.ufrrj.br\/sigabi\/wp-json\/wp\/v2\/pages\/139\/revisions"}],"predecessor-version":[{"id":528,"href":"https:\/\/itr.ufrrj.br\/sigabi\/wp-json\/wp\/v2\/pages\/139\/revisions\/528"}],"up":[{"embeddable":true,"href":"https:\/\/itr.ufrrj.br\/sigabi\/wp-json\/wp\/v2\/pages\/39"}],"wp:attachment":[{"href":"https:\/\/itr.ufrrj.br\/sigabi\/wp-json\/wp\/v2\/media?parent=139"}],"curies":[{"name":"wp","href":"https:\/\/api.w.org\/{rel}","templated":true}]}}