{"id":10,"date":"2016-08-01T10:27:59","date_gmt":"2016-08-01T13:27:59","guid":{"rendered":"http:\/\/itr.ufrrj.br\/sigabi\/?page_id=10"},"modified":"2019-03-06T21:06:43","modified_gmt":"2019-03-07T00:06:43","slug":"programacao","status":"publish","type":"page","link":"https:\/\/itr.ufrrj.br\/sigabi\/programacao\/","title":{"rendered":"Programa\u00e7\u00e3o"},"content":{"rendered":"<p style=\"font-weight: 400; text-align: center;\"><b><strong>8\u00ba\u00a0SIMP\u00d3SIO DE GEST\u00c3O AMBIENTAL E BIODIVERSIDADE<\/strong><\/b><\/p>\n<p style=\"font-weight: 400; text-align: center;\"><b><strong>07 A 09 DE MAIO DE 2019<\/strong><\/b><\/p>\n<p style=\"font-weight: 400;\"><b><strong>\u00a0<\/strong><\/b><b><strong><u><br \/>\nDIA 07\/05\/2019 (ter\u00e7a-feira)<\/u><\/strong><\/b><\/p>\n<p style=\"font-weight: 400;\"><b><strong>08:00 &#8211; 10:00h \u2013 CREDENCIAMENTO DOS PARTICIPANTES<\/strong><\/b><\/p>\n<p style=\"font-weight: 400;\"><b><strong>\u00a0<\/strong><\/b><\/p>\n<p style=\"font-weight: 400;\"><b><strong>10:00 &#8211; 12:00h &#8211; ABERTURA OFICIAL DO 8<sup>o<\/sup>\u00a0SIGABI<\/strong><\/b><\/p>\n<p style=\"font-weight: 400;\"><b><strong>PALESTRA DE ABERTURA<\/strong><\/b><\/p>\n<p style=\"font-weight: 400;\">Expedi\u00e7\u00e3o de caiaque da nascente \u00e0 foz do rio Para\u00edba do Sul.<\/p>\n<p style=\"font-weight: 400;\">Pedro Oliva (\u00e0 confirmar)<\/p>\n<p style=\"font-weight: 400;\"><b><strong>13:30 &#8211; 14:15h \u2013 Palestra 1<\/strong><\/b><\/p>\n<p style=\"font-weight: 400;\">Efetividade de conselhos gestores de Unidades de Conserva\u00e7\u00e3o<\/p>\n<p style=\"font-weight: 400;\">Dra. Danielle Calandino da Silva (Cambar\u00e1s Projetos Socioambientais)<\/p>\n<p style=\"font-weight: 400;\">14:15 &#8211; 15:00h\u00a0<b><strong>\u2013 Palestra 2<\/strong><\/b><\/p>\n<p style=\"font-weight: 400;\">Farm\u00e1cias vivas no SUS: rede de partilhas de saberes para empoderamento social<\/p>\n<p style=\"font-weight: 400;\">Dra. Nina Cl\u00e1udia Barboza da Silva (UFRJ)<\/p>\n<p style=\"font-weight: 400;\"><b><strong>15:00 &#8211; 15:45h \u2013 Palestra 3<\/strong><\/b><\/p>\n<p style=\"font-weight: 400;\">&#8220;Ecologia de Cavernas e a aplica\u00e7\u00e3o em ambientes subterr\u00e2neos do Par\u00e1 e Tocantins&#8221;<\/p>\n<p style=\"font-weight: 400;\">Vinicius Fontoura Sperandei (UFSJ\/UFLA)<\/p>\n<p style=\"font-weight: 400;\"><b><strong>16:00 &#8211; 17:30h\u00a0<\/strong><\/b><b><strong>\u2013<\/strong><\/b><b><strong>\u00a0Apresenta\u00e7\u00f5es orais dos trabalhos completos<\/strong><\/b><\/p>\n<p style=\"font-weight: 400;\"><b><strong>17:30 &#8211; 19:00h \u2013 Apresenta\u00e7\u00e3o em p\u00f4ster dos resumos simples<\/strong><\/b><\/p>\n<p style=\"font-weight: 400;\"><b><strong><u>\u00a0<\/u><\/strong><\/b><\/p>\n<p style=\"font-weight: 400;\"><b><strong><u>DIA 08\/05\/2019 \u2013 (quarta-feira)<\/u><\/strong><\/b><\/p>\n<p style=\"font-weight: 400;\"><b><strong>\u00a0<\/strong><\/b><\/p>\n<p style=\"font-weight: 400;\"><b><strong>08:00 &#8211; 12:00h<\/strong><\/b>\u00a0<b><strong>\u2013<\/strong><\/b>\u00a0<b><strong>MINICURSOS\u00a0<\/strong><\/b>(30 vagas cada &#8211; \u00e9 permitido apenas a inscri\u00e7\u00e3o em apenas um minicurso &#8211; todos ocorrem simultaneamente)<\/p>\n<ul style=\"font-weight: 400;\">\n<li>\u00a0\u00a0 \u00a0Cartografia Social (Thamirys de Ara\u00fajo Siqueira Domingues e Cristiane Tiemi Bezzera Yoshikawa)<\/li>\n<li>\u00a0 \u00a0 \u00a0Bioinform\u00e1tica e evolu\u00e7\u00e3o (Dra. Ana Carolina Mezzonato-Pires- Museu Nacional)<\/li>\n<li>\u00a0 \u00a0 \u00a0Recupera\u00e7\u00e3o \u00c1reas Degradadas (Dr. Gilsonley Lopes dos Santos- UFRRJ)<\/li>\n<li>\u00a0 \u00a0 \u00a0Biologia da reprodu\u00e7\u00e3o (Dra. Ana Paula Gelli de Faria- UFJF )<\/li>\n<li>\u00a0 \u00a0 \u00a0Avalia\u00e7\u00e3o de impactos Ambientais (MSc. Felipe Cury Mazza \u2013 UERJ)<\/li>\n<\/ul>\n<p style=\"font-weight: 400;\"><b><strong>13:30 &#8211; 16:45h &#8211;\u00a0 MESA REDONDA 1<\/strong><\/b><\/p>\n<p style=\"font-weight: 400;\"><b><strong>\u00a0<\/strong><\/b><b><strong>EFEITOS ESTUFA E SEQUESTRO DE CARBONO<\/strong><\/b><\/p>\n<ul>\n<li style=\"font-weight: 400;\">Hidroel\u00e9tricas e o efeito estufa\u00a0<b><strong>\u2013<\/strong><\/b>\u00a0Dr. Nathan Oliveira Barros (UFJF)<\/li>\n<li style=\"font-weight: 400;\">Acidifica\u00e7\u00e3o dos Oceanos \u2013 Dra. Larisse Faroni Perez (UFJF)<\/li>\n<li style=\"font-weight: 400;\">\u00a0 \u00a0Sequestro de carbono em ambientes de pastagem \u2013 (EMBRPA-solos) (\u00e0 confirmar)<\/li>\n<li style=\"font-weight: 400;\">\u00a0 \u00a0Carbono no solo \u2013\u00a0 (UFRRJ) (\u00e0 confirmar)<\/li>\n<\/ul>\n<p style=\"font-weight: 400;\"><b><strong>\u00a0<\/strong><\/b><\/p>\n<p style=\"font-weight: 400;\"><b><strong>16:45 &#8211; 17:30h\u00a0<\/strong><\/b><b><strong>\u2013<\/strong><\/b><b><strong>\u00a0Apresenta\u00e7\u00f5es orais dos trabalhos completos<\/strong><\/b><\/p>\n<p style=\"font-weight: 400;\"><b><strong>17:30 &#8211; 19:00h \u2013 Apresenta\u00e7\u00e3o em p\u00f4ster dos resumos simples<\/strong><\/b><\/p>\n<p style=\"font-weight: 400;\"><b><strong>\u00a0<\/strong><\/b><\/p>\n<p style=\"font-weight: 400;\"><b><strong><u>DIA 09\/05\/2019 \u2013 (quinta-feira)<\/u><\/strong><\/b><\/p>\n<p style=\"font-weight: 400;\"><b><strong>9:00 &#8211; 10:30\u00a0<\/strong><\/b><b><strong>\u2013<\/strong><\/b><b><strong>\u00a0Apresenta\u00e7\u00e3o em p\u00f4ster dos resumos simples<\/strong><\/b><\/p>\n<p style=\"font-weight: 400;\"><b><strong>10:30 &#8211; 11:15h\u00a0<\/strong><\/b><b><strong>\u2013<\/strong><\/b><b><strong>\u00a0Apresenta\u00e7\u00f5es orais dos trabalhos completos<\/strong><\/b><\/p>\n<p style=\"font-weight: 400;\"><b><strong>\u00a0<\/strong><\/b><\/p>\n<p style=\"font-weight: 400;\"><b><strong>11:15 &#8211; 12:00\u00a0<\/strong><\/b><b><strong>\u2013<\/strong><\/b><b><strong>\u00a0PALESTRA 4 \u2013\u00a0<\/strong><\/b>An\u00e1lise da presen\u00e7a e estrat\u00e9gias de conserva\u00e7\u00e3o do lobo-guar\u00e1\u00a0<em>Chrysocyon brachyurus<\/em>\u00a0(Illiger, 1815) no estado do Rio de Janeiro<\/p>\n<p style=\"font-weight: 400;\">Bernardo Luiz Eckhardt da Silva (ICMBio)<\/p>\n<p style=\"font-weight: 400;\"><b><strong>13:30 &#8211; 15:45h\u00a0<\/strong><\/b><b><strong>\u2013<\/strong><\/b><b><strong>\u00a0MESA REDONDA 2\u00a0<\/strong><\/b><\/p>\n<p style=\"font-weight: 400;\"><b><strong>ETNOCONSERVA\u00c7\u00c3O<\/strong><\/b><\/p>\n<p style=\"font-weight: 400;\">Estudos etnobot\u00e2nicos em comunidades tradicionais<\/p>\n<p style=\"font-weight: 400;\">Dra. Odara Horta Boscolo (UFF)<\/p>\n<p style=\"font-weight: 400;\">Escutar para conservar, a etnoconserva\u00e7\u00e3o como caminho<\/p>\n<p style=\"font-weight: 400;\">MSc.\u00a0Thiago Serrano de Almeida Penedo (JBRJ)<\/p>\n<p style=\"font-weight: 400;\">Rodas do Saber, um encontro da mem\u00f3ria dos Saberes e Fazeres do Vale do Caf\u00e9<\/p>\n<p style=\"font-weight: 400;\">Beatriz Vidal Leite Ribeiro\u00a0(Ateli\u00ea e Centro de Estudo Barro&amp;arte)<\/p>\n<p style=\"font-weight: 400;\"><b><strong>16:00 &#8211; 17:30h\u00a0<\/strong><\/b><b><strong>\u2013<\/strong><\/b><b><strong>\u00a0PALESTRA DE ENCERRAMENTO<\/strong><\/b><\/p>\n<p style=\"font-weight: 400;\">Museu Nacional: da trag\u00e9dia \u00e0 reconstru\u00e7\u00e3o<\/p>\n<p style=\"font-weight: 400;\">(\u00e0 confirmar)<\/p>\n<p style=\"font-weight: 400;\"><b><strong>17:30 &#8211; 19:00h\u00a0<\/strong><\/b><b><strong>\u2013<\/strong><\/b><b><strong>\u00a0\u00a0ENCERRAMENTO<\/strong><\/b><\/p>\n<p style=\"font-weight: 400;\">Premia\u00e7\u00e3o dos melhores trabalhos, sorteio de brindes e encerramento.<\/p>\n","protected":false},"excerpt":{"rendered":"<p>8\u00ba\u00a0SIMP\u00d3SIO DE GEST\u00c3O AMBIENTAL E BIODIVERSIDADE 07 A 09 DE MAIO DE 2019 \u00a0 DIA 07\/05\/2019 (ter\u00e7a-feira) 08:00 &#8211; 10:00h \u2013 CREDENCIAMENTO DOS PARTICIPANTES \u00a0 10:00 &#8211; 12:00h &#8211; ABERTURA OFICIAL DO 8o\u00a0SIGABI PALESTRA DE ABERTURA Expedi\u00e7\u00e3o de caiaque da nascente \u00e0 foz do rio Para\u00edba do Sul. Pedro Oliva (\u00e0 confirmar) 13:30 &#8211; 14:15h [&hellip;]<\/p>\n","protected":false},"author":2,"featured_media":0,"parent":0,"menu_order":0,"comment_status":"closed","ping_status":"closed","template":"","meta":[],"yoast_head":"<!-- This site is optimized with the Yoast SEO plugin v20.6 - https:\/\/yoast.com\/wordpress\/plugins\/seo\/ -->\n<title>Programa\u00e7\u00e3o - SIGABI - Simp\u00f3sio de Gest\u00e3o Ambiental e Biodiversidade<\/title>\n<meta name=\"robots\" content=\"index, follow, max-snippet:-1, max-image-preview:large, max-video-preview:-1\" \/>\n<link rel=\"canonical\" href=\"https:\/\/itr.ufrrj.br\/sigabi\/programacao\/\" \/>\n<meta property=\"og:locale\" content=\"pt_BR\" \/>\n<meta property=\"og:type\" content=\"article\" \/>\n<meta property=\"og:title\" content=\"Programa\u00e7\u00e3o - SIGABI - Simp\u00f3sio de Gest\u00e3o Ambiental e Biodiversidade\" \/>\n<meta property=\"og:description\" content=\"8\u00ba\u00a0SIMP\u00d3SIO DE GEST\u00c3O AMBIENTAL E BIODIVERSIDADE 07 A 09 DE MAIO DE 2019 \u00a0 DIA 07\/05\/2019 (ter\u00e7a-feira) 08:00 &#8211; 10:00h \u2013 CREDENCIAMENTO DOS PARTICIPANTES \u00a0 10:00 &#8211; 12:00h &#8211; ABERTURA OFICIAL DO 8o\u00a0SIGABI PALESTRA DE ABERTURA Expedi\u00e7\u00e3o de caiaque da nascente \u00e0 foz do rio Para\u00edba do Sul. Pedro Oliva (\u00e0 confirmar) 13:30 &#8211; 14:15h [&hellip;]\" \/>\n<meta property=\"og:url\" content=\"https:\/\/itr.ufrrj.br\/sigabi\/programacao\/\" \/>\n<meta property=\"og:site_name\" content=\"SIGABI - Simp\u00f3sio de Gest\u00e3o Ambiental e Biodiversidade\" \/>\n<meta property=\"article:modified_time\" content=\"2019-03-07T00:06:43+00:00\" \/>\n<meta name=\"twitter:card\" content=\"summary_large_image\" \/>\n<meta name=\"twitter:label1\" content=\"Est. tempo de leitura\" \/>\n\t<meta name=\"twitter:data1\" content=\"2 minutos\" \/>\n<script type=\"application\/ld+json\" class=\"yoast-schema-graph\">{\"@context\":\"https:\/\/schema.org\",\"@graph\":[{\"@type\":\"WebPage\",\"@id\":\"https:\/\/itr.ufrrj.br\/sigabi\/programacao\/\",\"url\":\"https:\/\/itr.ufrrj.br\/sigabi\/programacao\/\",\"name\":\"Programa\u00e7\u00e3o - SIGABI - Simp\u00f3sio de Gest\u00e3o Ambiental e Biodiversidade\",\"isPartOf\":{\"@id\":\"https:\/\/itr.ufrrj.br\/sigabi\/#website\"},\"datePublished\":\"2016-08-01T13:27:59+00:00\",\"dateModified\":\"2019-03-07T00:06:43+00:00\",\"breadcrumb\":{\"@id\":\"https:\/\/itr.ufrrj.br\/sigabi\/programacao\/#breadcrumb\"},\"inLanguage\":\"pt-BR\",\"potentialAction\":[{\"@type\":\"ReadAction\",\"target\":[\"https:\/\/itr.ufrrj.br\/sigabi\/programacao\/\"]}]},{\"@type\":\"BreadcrumbList\",\"@id\":\"https:\/\/itr.ufrrj.br\/sigabi\/programacao\/#breadcrumb\",\"itemListElement\":[{\"@type\":\"ListItem\",\"position\":1,\"name\":\"In\u00edcio\",\"item\":\"https:\/\/itr.ufrrj.br\/sigabi\/\"},{\"@type\":\"ListItem\",\"position\":2,\"name\":\"Programa\u00e7\u00e3o\"}]},{\"@type\":\"WebSite\",\"@id\":\"https:\/\/itr.ufrrj.br\/sigabi\/#website\",\"url\":\"https:\/\/itr.ufrrj.br\/sigabi\/\",\"name\":\"SIGABI - Simp\u00f3sio de Gest\u00e3o Ambiental e Biodiversidade\",\"description\":\"Simp\u00f3sio de Gest\u00e3o Ambiental e Biodiversidade\",\"potentialAction\":[{\"@type\":\"SearchAction\",\"target\":{\"@type\":\"EntryPoint\",\"urlTemplate\":\"https:\/\/itr.ufrrj.br\/sigabi\/?s={search_term_string}\"},\"query-input\":\"required name=search_term_string\"}],\"inLanguage\":\"pt-BR\"}]}<\/script>\n<!-- \/ Yoast SEO plugin. -->","yoast_head_json":{"title":"Programa\u00e7\u00e3o - SIGABI - Simp\u00f3sio de Gest\u00e3o Ambiental e Biodiversidade","robots":{"index":"index","follow":"follow","max-snippet":"max-snippet:-1","max-image-preview":"max-image-preview:large","max-video-preview":"max-video-preview:-1"},"canonical":"https:\/\/itr.ufrrj.br\/sigabi\/programacao\/","og_locale":"pt_BR","og_type":"article","og_title":"Programa\u00e7\u00e3o - SIGABI - Simp\u00f3sio de Gest\u00e3o Ambiental e Biodiversidade","og_description":"8\u00ba\u00a0SIMP\u00d3SIO DE GEST\u00c3O AMBIENTAL E BIODIVERSIDADE 07 A 09 DE MAIO DE 2019 \u00a0 DIA 07\/05\/2019 (ter\u00e7a-feira) 08:00 &#8211; 10:00h \u2013 CREDENCIAMENTO DOS PARTICIPANTES \u00a0 10:00 &#8211; 12:00h &#8211; ABERTURA OFICIAL DO 8o\u00a0SIGABI PALESTRA DE ABERTURA Expedi\u00e7\u00e3o de caiaque da nascente \u00e0 foz do rio Para\u00edba do Sul. Pedro Oliva (\u00e0 confirmar) 13:30 &#8211; 14:15h [&hellip;]","og_url":"https:\/\/itr.ufrrj.br\/sigabi\/programacao\/","og_site_name":"SIGABI - Simp\u00f3sio de Gest\u00e3o Ambiental e Biodiversidade","article_modified_time":"2019-03-07T00:06:43+00:00","twitter_card":"summary_large_image","twitter_misc":{"Est. tempo de leitura":"2 minutos"},"schema":{"@context":"https:\/\/schema.org","@graph":[{"@type":"WebPage","@id":"https:\/\/itr.ufrrj.br\/sigabi\/programacao\/","url":"https:\/\/itr.ufrrj.br\/sigabi\/programacao\/","name":"Programa\u00e7\u00e3o - SIGABI - Simp\u00f3sio de Gest\u00e3o Ambiental e Biodiversidade","isPartOf":{"@id":"https:\/\/itr.ufrrj.br\/sigabi\/#website"},"datePublished":"2016-08-01T13:27:59+00:00","dateModified":"2019-03-07T00:06:43+00:00","breadcrumb":{"@id":"https:\/\/itr.ufrrj.br\/sigabi\/programacao\/#breadcrumb"},"inLanguage":"pt-BR","potentialAction":[{"@type":"ReadAction","target":["https:\/\/itr.ufrrj.br\/sigabi\/programacao\/"]}]},{"@type":"BreadcrumbList","@id":"https:\/\/itr.ufrrj.br\/sigabi\/programacao\/#breadcrumb","itemListElement":[{"@type":"ListItem","position":1,"name":"In\u00edcio","item":"https:\/\/itr.ufrrj.br\/sigabi\/"},{"@type":"ListItem","position":2,"name":"Programa\u00e7\u00e3o"}]},{"@type":"WebSite","@id":"https:\/\/itr.ufrrj.br\/sigabi\/#website","url":"https:\/\/itr.ufrrj.br\/sigabi\/","name":"SIGABI - Simp\u00f3sio de Gest\u00e3o Ambiental e Biodiversidade","description":"Simp\u00f3sio de Gest\u00e3o Ambiental e Biodiversidade","potentialAction":[{"@type":"SearchAction","target":{"@type":"EntryPoint","urlTemplate":"https:\/\/itr.ufrrj.br\/sigabi\/?s={search_term_string}"},"query-input":"required name=search_term_string"}],"inLanguage":"pt-BR"}]}},"_links":{"self":[{"href":"https:\/\/itr.ufrrj.br\/sigabi\/wp-json\/wp\/v2\/pages\/10"}],"collection":[{"href":"https:\/\/itr.ufrrj.br\/sigabi\/wp-json\/wp\/v2\/pages"}],"about":[{"href":"https:\/\/itr.ufrrj.br\/sigabi\/wp-json\/wp\/v2\/types\/page"}],"author":[{"embeddable":true,"href":"https:\/\/itr.ufrrj.br\/sigabi\/wp-json\/wp\/v2\/users\/2"}],"replies":[{"embeddable":true,"href":"https:\/\/itr.ufrrj.br\/sigabi\/wp-json\/wp\/v2\/comments?post=10"}],"version-history":[{"count":25,"href":"https:\/\/itr.ufrrj.br\/sigabi\/wp-json\/wp\/v2\/pages\/10\/revisions"}],"predecessor-version":[{"id":526,"href":"https:\/\/itr.ufrrj.br\/sigabi\/wp-json\/wp\/v2\/pages\/10\/revisions\/526"}],"wp:attachment":[{"href":"https:\/\/itr.ufrrj.br\/sigabi\/wp-json\/wp\/v2\/media?parent=10"}],"curies":[{"name":"wp","href":"https:\/\/api.w.org\/{rel}","templated":true}]}}