{"id":7444,"date":"2018-04-04T12:00:53","date_gmt":"2018-04-04T15:00:53","guid":{"rendered":"https:\/\/www.itr.ufrrj.br\/portal\/?page_id=7444"},"modified":"2022-06-29T09:11:47","modified_gmt":"2022-06-29T12:11:47","slug":"documentos-importantes-do-curso-de-administracao","status":"publish","type":"page","link":"https:\/\/itr.ufrrj.br\/portal\/cursos\/administracao\/documentos-importantes-do-curso-de-administracao\/","title":{"rendered":"Documentos importantes do Curso de Administra\u00e7\u00e3o"},"content":{"rendered":"<h2>Trabalho de Conclus\u00e3o de Curso (TCC)<\/h2>\n<ul>\n<li><a href=\"https:\/\/itr.ufrrj.br\/portal\/wp-content\/uploads\/2019\/08\/regulamentoTCC-12-08-2019.pdf\">Regulamento Trabalho de Conclus\u00e3o de Curso (TCC) &#8211; AA631 e AA632 (Entrantes a partir de 2016)<\/a> &#8211; atualizado em 12\/08\/2019\n<ul>\n<li>OBS.: Para matr\u00edcula em TCC I &#8211; p\u00e1ginas 10 e 11 do regulamento de TCC.<\/li>\n<\/ul>\n<\/li>\n<li><a href=\"https:\/\/itr.ufrrj.br\/portal\/wp-content\/uploads\/2018\/12\/formulario-avaliacao-tcc-i.pdf\">Formul\u00e1rio de Avalia\u00e7\u00e3o do TCC I<\/a><\/li>\n<li><a href=\"https:\/\/itr.ufrrj.br\/portal\/wp-content\/uploads\/2020\/04\/DOCUMENTOS-DEFESA-TCC-2020.docx\">Documentos para Defesa do TCC II<\/a> &#8211; atualizado em 17\/04\/2020<\/li>\n<li><a href=\"https:\/\/itr.ufrrj.br\/portal\/wp-content\/uploads\/2021\/07\/PROCEDIMENTO-DOS-ORIENTADORES-TCC-I.pdf\">Cronograma TCC-I 2020.2 e Procedimento para Orientadores<\/a><\/li>\n<li><a href=\"https:\/\/itr.ufrrj.br\/portal\/wp-content\/uploads\/2021\/07\/PROCEDIMENTO-DOS-ORIENTADORES-TCC-II-rev1.pdf\">Cronograma TCC-II 2020.2 e Procedimento para Orientadores<\/a><\/li>\n<\/ul>\n<h2>Est\u00e1gio Curricular Supervisionado Obrigat\u00f3rio (ECSO)<\/h2>\n<ul>\n<li><a href=\"https:\/\/www.itr.ufrrj.br\/portal\/wp-content\/uploads\/2018\/06\/regulamento-estagio-obrigatorio.pdf\">Regulamento da disciplina IH199 EST\u00c1GIO CURRICULAR SUPERVISIONADO OBRIGAT\u00d3RIO (Entrantes at\u00e9 2015)<\/a><\/li>\n<li><a href=\"https:\/\/itr.ufrrj.br\/portal\/wp-content\/uploads\/2018\/09\/administracao-regulamento-estagio-obrigatorio-aa633.pdf\">Regulamento Est\u00e1gio Obrigat\u00f3rio &#8211; AA633 (Entrantes a partir de 2016)<\/a><\/li>\n<\/ul>\n<h3>Anexos<\/h3>\n<ul>\n<li><a href=\"https:\/\/itr.ufrrj.br\/portal\/wp-content\/uploads\/2021\/08\/ANEXO-III-PLANO-DE-ATIVIDADES-E-AVALIACAO-DE-ECSO.docx\">ANEXO III &#8211; Plano de atividades e avalia\u00e7\u00e3o de ECSO<\/a><\/li>\n<li><a href=\"https:\/\/itr.ufrrj.br\/portal\/wp-content\/uploads\/2021\/08\/ANEXO-IV-RELATORIO-FINAL-DE-ECSO.docx\">ANEXO IV &#8211; Relat\u00f3rio final de ECSO<\/a><\/li>\n<li><a href=\"https:\/\/itr.ufrrj.br\/portal\/wp-content\/uploads\/2021\/08\/ANEXO-V-REQUERIMENTO-PARA-APROVEITAMENTO-DE-CARGA-HORARIA-DE-ECSO-ATIVIDADES-INSTITUCIONAIS.docx\">ANEXO V &#8211; Requerimento para aproveitamento de carga hor\u00e1ria de ECSO (atividades institucionais)<\/a><\/li>\n<li><a href=\"https:\/\/itr.ufrrj.br\/portal\/wp-content\/uploads\/2021\/08\/ANEXO-VI-REQUERIMENTO-PARA-APROVEITAMENTO-DE-CARGA-HORARIA-PARA-ECSO-ATIVIDADES-PROFISSIONAIS-1.docx\">ANEXO VI &#8211; Requerimento para aproveitamento de carga hor\u00e1ria para ECSO (atividades profissionais)<\/a><\/li>\n<li><a href=\"https:\/\/itr.ufrrj.br\/portal\/wp-content\/uploads\/2021\/08\/CADASTRO.doc\">Orienta\u00e7\u00f5es para est\u00e1gio<\/a><\/li>\n<\/ul>\n<h2>Atividades Aut\u00f4nomas (antigas atividades complementares)<\/h2>\n<ul>\n<li><a href=\"https:\/\/www.itr.ufrrj.br\/portal\/wp-content\/uploads\/2018\/06\/regulamento-atividade-academica-complementar.pdf\">Regulamento de lan\u00e7amento das Atividades Acad\u00eamicas Complementares &#8211; AA050 (Todos)<\/a><\/li>\n<li><a href=\"https:\/\/itr.ufrrj.br\/portal\/wp-content\/uploads\/2019\/03\/cadastramento-de-atividades-autonomas-no-sigaa.pdf\">Cadastramento de atividades aut\u00f4nomas no SIGAA<\/a> &#8211; atualizado em 11\/03\/2019<\/li>\n<li><a href=\"https:\/\/itr.ufrrj.br\/portal\/wp-content\/uploads\/2018\/10\/deliberacao.pdf\">Delibera\u00e7\u00e3o do CEPE n\u00ba 55, de 11 de maio de 2012<\/a> &#8211; Aprova a contabiliza\u00e7\u00e3o do trabalho de mes\u00e1rio volunt\u00e1rio como Atividade Complementar<\/li>\n<\/ul>\n<h2>Outros<\/h2>\n<ul>\n<li><a href=\"https:\/\/www.itr.ufrrj.br\/portal\/wp-content\/uploads\/2018\/06\/ppc_administracao-itr-ufrrj.pdf\">Projeto Pedag\u00f3gico do Curso de Administra\u00e7\u00e3o\/ITR &#8211; PCC (com grade dos entrantes ap\u00f3s 2016)<\/a><\/li>\n<li><a href=\"https:\/\/www.itr.ufrrj.br\/portal\/wp-content\/uploads\/2018\/06\/formulario-abertura-processos.pdf\">Formul\u00e1rio para abertura de processos<\/a><\/li>\n<li><a href=\"https:\/\/itr.ufrrj.br\/portal\/wp-content\/uploads\/2020\/03\/formulario-mobilidade-cederj.pdf\">Formul\u00e1rio para solicitar disciplinas do CEDERJ<\/a><\/li>\n<\/ul>\n","protected":false},"excerpt":{"rendered":"<p>Trabalho de Conclus\u00e3o de Curso (TCC) Regulamento Trabalho de Conclus\u00e3o de Curso (TCC) &#8211; AA631 e AA632 (Entrantes a partir de 2016) &#8211; atualizado em 12\/08\/2019 OBS.: Para matr\u00edcula em [&hellip;]<\/p>\n","protected":false},"author":4,"featured_media":0,"parent":7415,"menu_order":0,"comment_status":"closed","ping_status":"closed","template":"page-cursos.php","meta":{"_acf_changed":false,"editor_plus_copied_stylings":"{}","footnotes":""},"class_list":["post-7444","page","type-page","status-publish","hentry"],"acf":[],"yoast_head":"<!-- This site is optimized with the Yoast SEO plugin v27.4 - https:\/\/yoast.com\/product\/yoast-seo-wordpress\/ -->\n<title>Documentos importantes do Curso de Administra\u00e7\u00e3o - Campus Tr\u00eas Rios | UFRRJ<\/title>\n<meta name=\"robots\" content=\"index, follow, max-snippet:-1, max-image-preview:large, max-video-preview:-1\" \/>\n<link rel=\"canonical\" href=\"https:\/\/itr.ufrrj.br\/portal\/cursos\/administracao\/documentos-importantes-do-curso-de-administracao\/\" \/>\n<meta property=\"og:locale\" content=\"pt_BR\" \/>\n<meta property=\"og:type\" content=\"article\" \/>\n<meta property=\"og:title\" content=\"Documentos importantes do Curso de Administra\u00e7\u00e3o - Campus Tr\u00eas Rios | UFRRJ\" \/>\n<meta property=\"og:description\" content=\"Trabalho de Conclus\u00e3o de Curso (TCC) Regulamento Trabalho de Conclus\u00e3o de Curso (TCC) &#8211; AA631 e AA632 (Entrantes a partir de 2016) &#8211; atualizado em 12\/08\/2019 OBS.: Para matr\u00edcula em [&hellip;]\" \/>\n<meta property=\"og:url\" content=\"https:\/\/itr.ufrrj.br\/portal\/cursos\/administracao\/documentos-importantes-do-curso-de-administracao\/\" \/>\n<meta property=\"og:site_name\" content=\"Campus Tr\u00eas Rios | UFRRJ\" \/>\n<meta property=\"article:publisher\" content=\"https:\/\/www.facebook.com\/itr.ufrrj\" \/>\n<meta property=\"article:modified_time\" content=\"2022-06-29T12:11:47+00:00\" \/>\n<meta name=\"twitter:card\" content=\"summary_large_image\" \/>\n<meta name=\"twitter:label1\" content=\"Est. tempo de leitura\" \/>\n\t<meta name=\"twitter:data1\" content=\"2 minutos\" \/>\n<script type=\"application\/ld+json\" class=\"yoast-schema-graph\">{\"@context\":\"https:\\\/\\\/schema.org\",\"@graph\":[{\"@type\":\"WebPage\",\"@id\":\"https:\\\/\\\/itr.ufrrj.br\\\/portal\\\/cursos\\\/administracao\\\/documentos-importantes-do-curso-de-administracao\\\/\",\"url\":\"https:\\\/\\\/itr.ufrrj.br\\\/portal\\\/cursos\\\/administracao\\\/documentos-importantes-do-curso-de-administracao\\\/\",\"name\":\"Documentos importantes do Curso de Administra\u00e7\u00e3o - Campus Tr\u00eas Rios | UFRRJ\",\"isPartOf\":{\"@id\":\"https:\\\/\\\/itr.ufrrj.br\\\/portal\\\/#website\"},\"datePublished\":\"2018-04-04T15:00:53+00:00\",\"dateModified\":\"2022-06-29T12:11:47+00:00\",\"breadcrumb\":{\"@id\":\"https:\\\/\\\/itr.ufrrj.br\\\/portal\\\/cursos\\\/administracao\\\/documentos-importantes-do-curso-de-administracao\\\/#breadcrumb\"},\"inLanguage\":\"pt-BR\",\"potentialAction\":[{\"@type\":\"ReadAction\",\"target\":[\"https:\\\/\\\/itr.ufrrj.br\\\/portal\\\/cursos\\\/administracao\\\/documentos-importantes-do-curso-de-administracao\\\/\"]}]},{\"@type\":\"BreadcrumbList\",\"@id\":\"https:\\\/\\\/itr.ufrrj.br\\\/portal\\\/cursos\\\/administracao\\\/documentos-importantes-do-curso-de-administracao\\\/#breadcrumb\",\"itemListElement\":[{\"@type\":\"ListItem\",\"position\":1,\"name\":\"In\u00edcio\",\"item\":\"https:\\\/\\\/itr.ufrrj.br\\\/portal\\\/\"},{\"@type\":\"ListItem\",\"position\":2,\"name\":\"Cursos\",\"item\":\"https:\\\/\\\/itr.ufrrj.br\\\/portal\\\/cursos\\\/\"},{\"@type\":\"ListItem\",\"position\":3,\"name\":\"Administra\u00e7\u00e3o\",\"item\":\"https:\\\/\\\/itr.ufrrj.br\\\/portal\\\/?page_id=7415\"},{\"@type\":\"ListItem\",\"position\":4,\"name\":\"Documentos importantes do Curso de Administra\u00e7\u00e3o\"}]},{\"@type\":\"WebSite\",\"@id\":\"https:\\\/\\\/itr.ufrrj.br\\\/portal\\\/#website\",\"url\":\"https:\\\/\\\/itr.ufrrj.br\\\/portal\\\/\",\"name\":\"Campus Tr\u00eas Rios | UFRRJ\",\"description\":\"Localizado na cidade de Tr\u00eas Rios - RJ\",\"publisher\":{\"@id\":\"https:\\\/\\\/itr.ufrrj.br\\\/portal\\\/#organization\"},\"potentialAction\":[{\"@type\":\"SearchAction\",\"target\":{\"@type\":\"EntryPoint\",\"urlTemplate\":\"https:\\\/\\\/itr.ufrrj.br\\\/portal\\\/?s={search_term_string}\"},\"query-input\":{\"@type\":\"PropertyValueSpecification\",\"valueRequired\":true,\"valueName\":\"search_term_string\"}}],\"inLanguage\":\"pt-BR\"},{\"@type\":\"Organization\",\"@id\":\"https:\\\/\\\/itr.ufrrj.br\\\/portal\\\/#organization\",\"name\":\"Instituto Tr\u00eas Rios\\\/UFRRJ\",\"url\":\"https:\\\/\\\/itr.ufrrj.br\\\/portal\\\/\",\"logo\":{\"@type\":\"ImageObject\",\"inLanguage\":\"pt-BR\",\"@id\":\"https:\\\/\\\/itr.ufrrj.br\\\/portal\\\/#\\\/schema\\\/logo\\\/image\\\/\",\"url\":\"https:\\\/\\\/itr.ufrrj.br\\\/portal\\\/wp-content\\\/uploads\\\/2020\\\/04\\\/logo-institutotresrios-ufrrj.png\",\"contentUrl\":\"https:\\\/\\\/itr.ufrrj.br\\\/portal\\\/wp-content\\\/uploads\\\/2020\\\/04\\\/logo-institutotresrios-ufrrj.png\",\"width\":1067,\"height\":240,\"caption\":\"Instituto Tr\u00eas Rios\\\/UFRRJ\"},\"image\":{\"@id\":\"https:\\\/\\\/itr.ufrrj.br\\\/portal\\\/#\\\/schema\\\/logo\\\/image\\\/\"},\"sameAs\":[\"https:\\\/\\\/www.facebook.com\\\/itr.ufrrj\"]}]}<\/script>\n<!-- \/ Yoast SEO plugin. -->","yoast_head_json":{"title":"Documentos importantes do Curso de Administra\u00e7\u00e3o - Campus Tr\u00eas Rios | UFRRJ","robots":{"index":"index","follow":"follow","max-snippet":"max-snippet:-1","max-image-preview":"max-image-preview:large","max-video-preview":"max-video-preview:-1"},"canonical":"https:\/\/itr.ufrrj.br\/portal\/cursos\/administracao\/documentos-importantes-do-curso-de-administracao\/","og_locale":"pt_BR","og_type":"article","og_title":"Documentos importantes do Curso de Administra\u00e7\u00e3o - Campus Tr\u00eas Rios | UFRRJ","og_description":"Trabalho de Conclus\u00e3o de Curso (TCC) Regulamento Trabalho de Conclus\u00e3o de Curso (TCC) &#8211; AA631 e AA632 (Entrantes a partir de 2016) &#8211; atualizado em 12\/08\/2019 OBS.: Para matr\u00edcula em [&hellip;]","og_url":"https:\/\/itr.ufrrj.br\/portal\/cursos\/administracao\/documentos-importantes-do-curso-de-administracao\/","og_site_name":"Campus Tr\u00eas Rios | UFRRJ","article_publisher":"https:\/\/www.facebook.com\/itr.ufrrj","article_modified_time":"2022-06-29T12:11:47+00:00","twitter_card":"summary_large_image","twitter_misc":{"Est. tempo de leitura":"2 minutos"},"schema":{"@context":"https:\/\/schema.org","@graph":[{"@type":"WebPage","@id":"https:\/\/itr.ufrrj.br\/portal\/cursos\/administracao\/documentos-importantes-do-curso-de-administracao\/","url":"https:\/\/itr.ufrrj.br\/portal\/cursos\/administracao\/documentos-importantes-do-curso-de-administracao\/","name":"Documentos importantes do Curso de Administra\u00e7\u00e3o - Campus Tr\u00eas Rios | UFRRJ","isPartOf":{"@id":"https:\/\/itr.ufrrj.br\/portal\/#website"},"datePublished":"2018-04-04T15:00:53+00:00","dateModified":"2022-06-29T12:11:47+00:00","breadcrumb":{"@id":"https:\/\/itr.ufrrj.br\/portal\/cursos\/administracao\/documentos-importantes-do-curso-de-administracao\/#breadcrumb"},"inLanguage":"pt-BR","potentialAction":[{"@type":"ReadAction","target":["https:\/\/itr.ufrrj.br\/portal\/cursos\/administracao\/documentos-importantes-do-curso-de-administracao\/"]}]},{"@type":"BreadcrumbList","@id":"https:\/\/itr.ufrrj.br\/portal\/cursos\/administracao\/documentos-importantes-do-curso-de-administracao\/#breadcrumb","itemListElement":[{"@type":"ListItem","position":1,"name":"In\u00edcio","item":"https:\/\/itr.ufrrj.br\/portal\/"},{"@type":"ListItem","position":2,"name":"Cursos","item":"https:\/\/itr.ufrrj.br\/portal\/cursos\/"},{"@type":"ListItem","position":3,"name":"Administra\u00e7\u00e3o","item":"https:\/\/itr.ufrrj.br\/portal\/?page_id=7415"},{"@type":"ListItem","position":4,"name":"Documentos importantes do Curso de Administra\u00e7\u00e3o"}]},{"@type":"WebSite","@id":"https:\/\/itr.ufrrj.br\/portal\/#website","url":"https:\/\/itr.ufrrj.br\/portal\/","name":"Campus Tr\u00eas Rios | UFRRJ","description":"Localizado na cidade de Tr\u00eas Rios - RJ","publisher":{"@id":"https:\/\/itr.ufrrj.br\/portal\/#organization"},"potentialAction":[{"@type":"SearchAction","target":{"@type":"EntryPoint","urlTemplate":"https:\/\/itr.ufrrj.br\/portal\/?s={search_term_string}"},"query-input":{"@type":"PropertyValueSpecification","valueRequired":true,"valueName":"search_term_string"}}],"inLanguage":"pt-BR"},{"@type":"Organization","@id":"https:\/\/itr.ufrrj.br\/portal\/#organization","name":"Instituto Tr\u00eas Rios\/UFRRJ","url":"https:\/\/itr.ufrrj.br\/portal\/","logo":{"@type":"ImageObject","inLanguage":"pt-BR","@id":"https:\/\/itr.ufrrj.br\/portal\/#\/schema\/logo\/image\/","url":"https:\/\/itr.ufrrj.br\/portal\/wp-content\/uploads\/2020\/04\/logo-institutotresrios-ufrrj.png","contentUrl":"https:\/\/itr.ufrrj.br\/portal\/wp-content\/uploads\/2020\/04\/logo-institutotresrios-ufrrj.png","width":1067,"height":240,"caption":"Instituto Tr\u00eas Rios\/UFRRJ"},"image":{"@id":"https:\/\/itr.ufrrj.br\/portal\/#\/schema\/logo\/image\/"},"sameAs":["https:\/\/www.facebook.com\/itr.ufrrj"]}]}},"jetpack_sharing_enabled":true,"amp_enabled":false,"_links":{"self":[{"href":"https:\/\/itr.ufrrj.br\/portal\/wp-json\/wp\/v2\/pages\/7444","targetHints":{"allow":["GET"]}}],"collection":[{"href":"https:\/\/itr.ufrrj.br\/portal\/wp-json\/wp\/v2\/pages"}],"about":[{"href":"https:\/\/itr.ufrrj.br\/portal\/wp-json\/wp\/v2\/types\/page"}],"author":[{"embeddable":true,"href":"https:\/\/itr.ufrrj.br\/portal\/wp-json\/wp\/v2\/users\/4"}],"replies":[{"embeddable":true,"href":"https:\/\/itr.ufrrj.br\/portal\/wp-json\/wp\/v2\/comments?post=7444"}],"version-history":[{"count":22,"href":"https:\/\/itr.ufrrj.br\/portal\/wp-json\/wp\/v2\/pages\/7444\/revisions"}],"predecessor-version":[{"id":13336,"href":"https:\/\/itr.ufrrj.br\/portal\/wp-json\/wp\/v2\/pages\/7444\/revisions\/13336"}],"up":[{"embeddable":true,"href":"https:\/\/itr.ufrrj.br\/portal\/wp-json\/wp\/v2\/pages\/7415"}],"wp:attachment":[{"href":"https:\/\/itr.ufrrj.br\/portal\/wp-json\/wp\/v2\/media?parent=7444"}],"curies":[{"name":"wp","href":"https:\/\/api.w.org\/{rel}","templated":true}]}}