{"id":5442,"date":"2017-05-11T10:58:31","date_gmt":"2017-05-11T13:58:31","guid":{"rendered":"http:\/\/www.itr.ufrrj.br\/portal\/?page_id=5442"},"modified":"2023-06-20T15:24:33","modified_gmt":"2023-06-20T18:24:33","slug":"concamp","status":"publish","type":"page","link":"https:\/\/itr.ufrrj.br\/portal\/institucional\/concamp\/","title":{"rendered":"CONCAMP"},"content":{"rendered":"<p style=\"text-align: justify;\">O CONCAMP \u00e9 um \u00f3rg\u00e3o colegiado deliberativo que tem por objetivo ampliar os debates e apresentar solu\u00e7\u00f5es a respeito da defini\u00e7\u00e3o de pol\u00edticas de gest\u00e3o administrativa e financeira do campus, para garantir o desenvolvimento das atividades de ensino, pesquisa e extens\u00e3o.<\/p>\n<p style=\"text-align: justify;\">O CONCAMP \u00e9 composto por:<br \/>\n<strong>a)<\/strong> Diretor do \u200bCampus;<br \/>\n<strong>b)<\/strong> Vice-Diretor do \u200bCampus;<br \/>\n<strong>c)<\/strong> representa\u00e7\u00e3o das Unidades Acad\u00eamicas, onde houver;<br \/>\n<strong>d)<\/strong> representa\u00e7\u00e3o das coordena\u00e7\u00f5es e se\u00e7\u00f5es administrativas do Campus;<br \/>\n<strong>e)<\/strong> representa\u00e7\u00e3o dos docentes, t\u00e9cnico-administrativos e dos discentes;<br \/>\n<strong>f)<\/strong> outros representantes, conforme disposto neste Regimento Interno do Campus;<br \/>\n<strong>g)<\/strong> convidados com direito a voz, sem direito a voto, a crit\u00e9rio da Presid\u00eancia.<br \/>\n<strong>\u00a7 1\u00ba<\/strong>\u200b A Presid\u00eancia do CONCAMP \u00e9 exercida pelo Diretor do Campus.<br \/>\n<strong>\u00a7 2\u00ba<\/strong> Nas reuni\u00f5es do CONCAMP, ocorrendo o impedimento simult\u00e2neo do Presidente e do seu substituto, a presid\u00eancia ser\u00e1 exercida por um servidor t\u00e9cnico administrativo, membro do colegiado, com maior tempo de servi\u00e7o na Universidade.<\/p>\n<p style=\"text-align: justify;\">Regimento Interno do <em>Campus<\/em> Tr\u00eas Rios, aprovado no CONSU, delibera\u00e7\u00e3o n\u00ba 23 de 2017.<\/p>\n<p><a href=\"http:\/\/www.itr.ufrrj.br\/portal\/wp-content\/uploads\/docs\/Delib.23-2017-CONSU-Aprova_Regimento_Campus_Tres_Rios.pdf\"><img loading=\"lazy\" decoding=\"async\" class=\"alignleft size-full wp-image-135\" src=\"http:\/\/www.itr.ufrrj.br\/portal\/wp-content\/uploads\/icones\/pdf.gif\" alt=\"\" width=\"40\" height=\"14\" \/><\/a><a href=\"http:\/\/www.itr.ufrrj.br\/portal\/wp-content\/uploads\/docs\/Delib.23-2017-CONSU-Aprova_Regimento_Campus_Tres_Rios.pdf\">Regimento Interno<\/a>.<\/p>\n<h2>REPRESENTA\u00c7\u00d5ES<\/h2>\n<p>Diretor do Campus:<strong> Lucas Esteves Mendes<\/strong><br \/>\nVice\u00ad-Diretor do Campus: <strong>Caique Giacomo Ragazzi<\/strong><\/p>\n<p>Representa\u00e7\u00e3o Discente: <strong>Maria Julia Santos Peixoto e Giulia Madeira Coutinho de Ara\u00fajo<\/strong><\/p>\n<p>Representa\u00e7\u00e3o Docente: \u00ad<strong>Fernando Henrique Lemos Rodrigues e Erika Cortines<\/strong><\/p>\n<p>Representa\u00e7\u00e3o T\u00e9cnico\u00ad-Administrativo: <strong>Mirian Souza e C\u00edntia Hor-Meyll Silva<br \/>\n<\/strong><\/p>\n<p>COGINF: <strong>Diego Jesus de Oliveira<\/strong><\/p>\n<p>COGLOG: <strong>Lucas Esteves Mendes<\/strong><\/p>\n<p>Restaurante Universit\u00e1rio: <strong>&#8212;&#8212;&#8212;-<\/strong><\/p>\n<p>Se\u00e7\u00e3o de Tecnologia da Informa\u00e7\u00e3o e Comunica\u00e7\u00e3o:\u00a0<strong>Diego Jesus de Oliveira<\/strong><\/p>\n<p>Se\u00e7\u00e3o de Departamento de Pessoal: <strong>Denys Coelho<\/strong><\/p>\n<p>Se\u00e7\u00e3o de Protocolo: <strong>Renata Fraga Pinheiro<\/strong><\/p>\n<p>Se\u00e7\u00e3o de Comunica\u00e7\u00e3o: &#8212;&#8212;&#8212;<\/p>\n<p>Se\u00e7\u00e3o de Aquisi\u00e7\u00f5es e Servi\u00e7os:\u00a0<strong>&#8212;&#8212;&#8212;&#8211;<\/strong><\/p>\n<p>Se\u00e7\u00e3o de Gest\u00e3o de Contratos:\u00a0<strong>Lucas Esteves Mendes<\/strong><\/p>\n<p>Se\u00e7\u00e3o de Transporte: &#8212;&#8212;&#8212;-<\/p>\n<p>Se\u00e7\u00e3o de Manuten\u00e7\u00e3o e Apoio:\u00a0<strong>Camila Righi de Almeida\u00a0<\/strong><\/p>\n<hr \/>\n<h2 class=\"texto_titulo\">Atas das reuni\u00f5es do Conselho do <em>Campus<\/em><\/h2>\n<h3>2019<\/h3>\n<p><a href=\"https:\/\/itr.ufrrj.br\/portal\/wp-content\/uploads\/2019\/05\/ata-concamp_01-2019.pdf\">1\u00aa Reuni\u00e3o ordin\u00e1ria do CONCAMP &#8211; 27\/03\/2019<\/a><\/p>\n<h3>2018<\/h3>\n<p>10\u00aa\u00a0Reuni\u00e3o &#8211; Sem quorum<\/p>\n<p><a href=\"https:\/\/itr.ufrrj.br\/portal\/wp-content\/uploads\/atas\/ata-concamp_9-2018.pdf\">9\u00aa Reuni\u00e3o ordin\u00e1ria do CONCAMP &#8211; 09\/09\/2018<\/a><\/p>\n<p><a href=\"https:\/\/itr.ufrrj.br\/portal\/wp-content\/uploads\/atas\/ata-concamp_8-2018.pdf\">8\u00aa Reuni\u00e3o ordin\u00e1ria do CONCAMP &#8211; 30\/08\/2018<\/a><\/p>\n<p>7\u00aa Reuni\u00e3o &#8211; Sem quorum<\/p>\n<p><a href=\"https:\/\/itr.ufrrj.br\/portal\/wp-content\/uploads\/atas\/ata-concamp_6-2018.pdf\">6\u00aa Reuni\u00e3o ordin\u00e1ria do CONCAMP &#8211; 04\/06\/2018<\/a><\/p>\n<p><a href=\"https:\/\/itr.ufrrj.br\/portal\/wp-content\/uploads\/atas\/ata-concamp_5-2018.pdf\">5\u00aa Reuni\u00e3o ordin\u00e1ria do CONCAMP &#8211; 22\/05\/2018<\/a><\/p>\n<p><a href=\"https:\/\/itr.ufrrj.br\/portal\/wp-content\/uploads\/atas\/ata-concamp_4-2018.pdf\">4\u00aa Reuni\u00e3o ordin\u00e1ria do CONCAMP &#8211; 17\/04\/2018<\/a><\/p>\n<p><a href=\"https:\/\/itr.ufrrj.br\/portal\/wp-content\/uploads\/atas\/ata-concamp-19-03-18.pdf\">3\u00aa Reuni\u00e3o ordin\u00e1ria do CONCAMP &#8211; 19\/03\/2018<\/a><\/p>\n<h3>2017<\/h3>\n<p><a href=\"https:\/\/itr.ufrrj.br\/portal\/wp-content\/uploads\/atas\/ata-concamp-14-12-17.pdf\">2\u00aa Reuni\u00e3o ordin\u00e1ria do CONCAMP &#8211; 14\/12\/2017<\/a><\/p>\n<p><a href=\"https:\/\/itr.ufrrj.br\/portal\/wp-content\/uploads\/atas\/ata-concamp-14-11-17.pdf\">1\u00aa Reuni\u00e3o ordin\u00e1ria do CONCAMP &#8211; 14\/11\/2017<\/a><\/p>\n","protected":false},"excerpt":{"rendered":"<p>O CONCAMP \u00e9 um \u00f3rg\u00e3o colegiado deliberativo que tem por objetivo ampliar os debates e apresentar solu\u00e7\u00f5es a respeito da defini\u00e7\u00e3o de pol\u00edticas de gest\u00e3o administrativa e financeira do campus, [&hellip;]<\/p>\n","protected":false},"author":1,"featured_media":0,"parent":5465,"menu_order":0,"comment_status":"closed","ping_status":"closed","template":"","meta":{"_acf_changed":false,"editor_plus_copied_stylings":"{}","footnotes":""},"class_list":["post-5442","page","type-page","status-publish","hentry"],"acf":[],"yoast_head":"<!-- This site is optimized with the Yoast SEO plugin v27.3 - https:\/\/yoast.com\/product\/yoast-seo-wordpress\/ -->\n<title>CONCAMP - Campus Tr\u00eas Rios | UFRRJ<\/title>\n<meta name=\"robots\" content=\"index, follow, max-snippet:-1, max-image-preview:large, max-video-preview:-1\" \/>\n<link rel=\"canonical\" href=\"https:\/\/itr.ufrrj.br\/portal\/institucional\/concamp\/\" \/>\n<meta property=\"og:locale\" content=\"pt_BR\" \/>\n<meta property=\"og:type\" content=\"article\" \/>\n<meta property=\"og:title\" content=\"CONCAMP\" \/>\n<meta property=\"og:description\" content=\"O CONCAMP \u00e9 um \u00f3rg\u00e3o colegiado deliberativo que tem por objetivo ampliar os debates e apresentar solu\u00e7\u00f5es a respeito da defini\u00e7\u00e3o de pol\u00edticas de gest\u00e3o administrativa e financeira do campus, [&hellip;]\" \/>\n<meta property=\"og:url\" content=\"https:\/\/itr.ufrrj.br\/portal\/institucional\/concamp\/\" \/>\n<meta property=\"og:site_name\" content=\"Campus Tr\u00eas Rios | UFRRJ\" \/>\n<meta property=\"article:publisher\" content=\"https:\/\/www.facebook.com\/itr.ufrrj\" \/>\n<meta property=\"article:modified_time\" content=\"2023-06-20T18:24:33+00:00\" \/>\n<meta property=\"og:image\" content=\"http:\/\/www.itr.ufrrj.br\/portal\/wp-content\/uploads\/icones\/pdf.gif\" \/>\n<meta name=\"twitter:card\" content=\"summary_large_image\" \/>\n<meta name=\"twitter:label1\" content=\"Est. tempo de leitura\" \/>\n\t<meta name=\"twitter:data1\" content=\"3 minutos\" \/>\n<script type=\"application\/ld+json\" class=\"yoast-schema-graph\">{\"@context\":\"https:\\\/\\\/schema.org\",\"@graph\":[{\"@type\":\"WebPage\",\"@id\":\"https:\\\/\\\/itr.ufrrj.br\\\/portal\\\/institucional\\\/concamp\\\/\",\"url\":\"https:\\\/\\\/itr.ufrrj.br\\\/portal\\\/institucional\\\/concamp\\\/\",\"name\":\"CONCAMP - Campus Tr\u00eas Rios | UFRRJ\",\"isPartOf\":{\"@id\":\"https:\\\/\\\/itr.ufrrj.br\\\/portal\\\/#website\"},\"primaryImageOfPage\":{\"@id\":\"https:\\\/\\\/itr.ufrrj.br\\\/portal\\\/institucional\\\/concamp\\\/#primaryimage\"},\"image\":{\"@id\":\"https:\\\/\\\/itr.ufrrj.br\\\/portal\\\/institucional\\\/concamp\\\/#primaryimage\"},\"thumbnailUrl\":\"http:\\\/\\\/www.itr.ufrrj.br\\\/portal\\\/wp-content\\\/uploads\\\/icones\\\/pdf.gif\",\"datePublished\":\"2017-05-11T13:58:31+00:00\",\"dateModified\":\"2023-06-20T18:24:33+00:00\",\"breadcrumb\":{\"@id\":\"https:\\\/\\\/itr.ufrrj.br\\\/portal\\\/institucional\\\/concamp\\\/#breadcrumb\"},\"inLanguage\":\"pt-BR\",\"potentialAction\":[{\"@type\":\"ReadAction\",\"target\":[\"https:\\\/\\\/itr.ufrrj.br\\\/portal\\\/institucional\\\/concamp\\\/\"]}]},{\"@type\":\"ImageObject\",\"inLanguage\":\"pt-BR\",\"@id\":\"https:\\\/\\\/itr.ufrrj.br\\\/portal\\\/institucional\\\/concamp\\\/#primaryimage\",\"url\":\"http:\\\/\\\/www.itr.ufrrj.br\\\/portal\\\/wp-content\\\/uploads\\\/icones\\\/pdf.gif\",\"contentUrl\":\"http:\\\/\\\/www.itr.ufrrj.br\\\/portal\\\/wp-content\\\/uploads\\\/icones\\\/pdf.gif\"},{\"@type\":\"BreadcrumbList\",\"@id\":\"https:\\\/\\\/itr.ufrrj.br\\\/portal\\\/institucional\\\/concamp\\\/#breadcrumb\",\"itemListElement\":[{\"@type\":\"ListItem\",\"position\":1,\"name\":\"In\u00edcio\",\"item\":\"https:\\\/\\\/itr.ufrrj.br\\\/portal\\\/\"},{\"@type\":\"ListItem\",\"position\":2,\"name\":\"INSTITUCIONAL\",\"item\":\"https:\\\/\\\/itr.ufrrj.br\\\/portal\\\/institucional\\\/\"},{\"@type\":\"ListItem\",\"position\":3,\"name\":\"CONCAMP\"}]},{\"@type\":\"WebSite\",\"@id\":\"https:\\\/\\\/itr.ufrrj.br\\\/portal\\\/#website\",\"url\":\"https:\\\/\\\/itr.ufrrj.br\\\/portal\\\/\",\"name\":\"Campus Tr\u00eas Rios | UFRRJ\",\"description\":\"Localizado na cidade de Tr\u00eas Rios - RJ\",\"publisher\":{\"@id\":\"https:\\\/\\\/itr.ufrrj.br\\\/portal\\\/#organization\"},\"potentialAction\":[{\"@type\":\"SearchAction\",\"target\":{\"@type\":\"EntryPoint\",\"urlTemplate\":\"https:\\\/\\\/itr.ufrrj.br\\\/portal\\\/?s={search_term_string}\"},\"query-input\":{\"@type\":\"PropertyValueSpecification\",\"valueRequired\":true,\"valueName\":\"search_term_string\"}}],\"inLanguage\":\"pt-BR\"},{\"@type\":\"Organization\",\"@id\":\"https:\\\/\\\/itr.ufrrj.br\\\/portal\\\/#organization\",\"name\":\"Instituto Tr\u00eas Rios\\\/UFRRJ\",\"url\":\"https:\\\/\\\/itr.ufrrj.br\\\/portal\\\/\",\"logo\":{\"@type\":\"ImageObject\",\"inLanguage\":\"pt-BR\",\"@id\":\"https:\\\/\\\/itr.ufrrj.br\\\/portal\\\/#\\\/schema\\\/logo\\\/image\\\/\",\"url\":\"https:\\\/\\\/itr.ufrrj.br\\\/portal\\\/wp-content\\\/uploads\\\/2020\\\/04\\\/logo-institutotresrios-ufrrj.png\",\"contentUrl\":\"https:\\\/\\\/itr.ufrrj.br\\\/portal\\\/wp-content\\\/uploads\\\/2020\\\/04\\\/logo-institutotresrios-ufrrj.png\",\"width\":1067,\"height\":240,\"caption\":\"Instituto Tr\u00eas Rios\\\/UFRRJ\"},\"image\":{\"@id\":\"https:\\\/\\\/itr.ufrrj.br\\\/portal\\\/#\\\/schema\\\/logo\\\/image\\\/\"},\"sameAs\":[\"https:\\\/\\\/www.facebook.com\\\/itr.ufrrj\"]}]}<\/script>\n<!-- \/ Yoast SEO plugin. -->","yoast_head_json":{"title":"CONCAMP - Campus Tr\u00eas Rios | UFRRJ","robots":{"index":"index","follow":"follow","max-snippet":"max-snippet:-1","max-image-preview":"max-image-preview:large","max-video-preview":"max-video-preview:-1"},"canonical":"https:\/\/itr.ufrrj.br\/portal\/institucional\/concamp\/","og_locale":"pt_BR","og_type":"article","og_title":"CONCAMP","og_description":"O CONCAMP \u00e9 um \u00f3rg\u00e3o colegiado deliberativo que tem por objetivo ampliar os debates e apresentar solu\u00e7\u00f5es a respeito da defini\u00e7\u00e3o de pol\u00edticas de gest\u00e3o administrativa e financeira do campus, [&hellip;]","og_url":"https:\/\/itr.ufrrj.br\/portal\/institucional\/concamp\/","og_site_name":"Campus Tr\u00eas Rios | UFRRJ","article_publisher":"https:\/\/www.facebook.com\/itr.ufrrj","article_modified_time":"2023-06-20T18:24:33+00:00","og_image":[{"url":"http:\/\/www.itr.ufrrj.br\/portal\/wp-content\/uploads\/icones\/pdf.gif","type":"","width":"","height":""}],"twitter_card":"summary_large_image","twitter_misc":{"Est. tempo de leitura":"3 minutos"},"schema":{"@context":"https:\/\/schema.org","@graph":[{"@type":"WebPage","@id":"https:\/\/itr.ufrrj.br\/portal\/institucional\/concamp\/","url":"https:\/\/itr.ufrrj.br\/portal\/institucional\/concamp\/","name":"CONCAMP - Campus Tr\u00eas Rios | UFRRJ","isPartOf":{"@id":"https:\/\/itr.ufrrj.br\/portal\/#website"},"primaryImageOfPage":{"@id":"https:\/\/itr.ufrrj.br\/portal\/institucional\/concamp\/#primaryimage"},"image":{"@id":"https:\/\/itr.ufrrj.br\/portal\/institucional\/concamp\/#primaryimage"},"thumbnailUrl":"http:\/\/www.itr.ufrrj.br\/portal\/wp-content\/uploads\/icones\/pdf.gif","datePublished":"2017-05-11T13:58:31+00:00","dateModified":"2023-06-20T18:24:33+00:00","breadcrumb":{"@id":"https:\/\/itr.ufrrj.br\/portal\/institucional\/concamp\/#breadcrumb"},"inLanguage":"pt-BR","potentialAction":[{"@type":"ReadAction","target":["https:\/\/itr.ufrrj.br\/portal\/institucional\/concamp\/"]}]},{"@type":"ImageObject","inLanguage":"pt-BR","@id":"https:\/\/itr.ufrrj.br\/portal\/institucional\/concamp\/#primaryimage","url":"http:\/\/www.itr.ufrrj.br\/portal\/wp-content\/uploads\/icones\/pdf.gif","contentUrl":"http:\/\/www.itr.ufrrj.br\/portal\/wp-content\/uploads\/icones\/pdf.gif"},{"@type":"BreadcrumbList","@id":"https:\/\/itr.ufrrj.br\/portal\/institucional\/concamp\/#breadcrumb","itemListElement":[{"@type":"ListItem","position":1,"name":"In\u00edcio","item":"https:\/\/itr.ufrrj.br\/portal\/"},{"@type":"ListItem","position":2,"name":"INSTITUCIONAL","item":"https:\/\/itr.ufrrj.br\/portal\/institucional\/"},{"@type":"ListItem","position":3,"name":"CONCAMP"}]},{"@type":"WebSite","@id":"https:\/\/itr.ufrrj.br\/portal\/#website","url":"https:\/\/itr.ufrrj.br\/portal\/","name":"Campus Tr\u00eas Rios | UFRRJ","description":"Localizado na cidade de Tr\u00eas Rios - RJ","publisher":{"@id":"https:\/\/itr.ufrrj.br\/portal\/#organization"},"potentialAction":[{"@type":"SearchAction","target":{"@type":"EntryPoint","urlTemplate":"https:\/\/itr.ufrrj.br\/portal\/?s={search_term_string}"},"query-input":{"@type":"PropertyValueSpecification","valueRequired":true,"valueName":"search_term_string"}}],"inLanguage":"pt-BR"},{"@type":"Organization","@id":"https:\/\/itr.ufrrj.br\/portal\/#organization","name":"Instituto Tr\u00eas Rios\/UFRRJ","url":"https:\/\/itr.ufrrj.br\/portal\/","logo":{"@type":"ImageObject","inLanguage":"pt-BR","@id":"https:\/\/itr.ufrrj.br\/portal\/#\/schema\/logo\/image\/","url":"https:\/\/itr.ufrrj.br\/portal\/wp-content\/uploads\/2020\/04\/logo-institutotresrios-ufrrj.png","contentUrl":"https:\/\/itr.ufrrj.br\/portal\/wp-content\/uploads\/2020\/04\/logo-institutotresrios-ufrrj.png","width":1067,"height":240,"caption":"Instituto Tr\u00eas Rios\/UFRRJ"},"image":{"@id":"https:\/\/itr.ufrrj.br\/portal\/#\/schema\/logo\/image\/"},"sameAs":["https:\/\/www.facebook.com\/itr.ufrrj"]}]}},"jetpack_sharing_enabled":true,"amp_enabled":true,"_links":{"self":[{"href":"https:\/\/itr.ufrrj.br\/portal\/wp-json\/wp\/v2\/pages\/5442","targetHints":{"allow":["GET"]}}],"collection":[{"href":"https:\/\/itr.ufrrj.br\/portal\/wp-json\/wp\/v2\/pages"}],"about":[{"href":"https:\/\/itr.ufrrj.br\/portal\/wp-json\/wp\/v2\/types\/page"}],"author":[{"embeddable":true,"href":"https:\/\/itr.ufrrj.br\/portal\/wp-json\/wp\/v2\/users\/1"}],"replies":[{"embeddable":true,"href":"https:\/\/itr.ufrrj.br\/portal\/wp-json\/wp\/v2\/comments?post=5442"}],"version-history":[{"count":18,"href":"https:\/\/itr.ufrrj.br\/portal\/wp-json\/wp\/v2\/pages\/5442\/revisions"}],"predecessor-version":[{"id":19151,"href":"https:\/\/itr.ufrrj.br\/portal\/wp-json\/wp\/v2\/pages\/5442\/revisions\/19151"}],"up":[{"embeddable":true,"href":"https:\/\/itr.ufrrj.br\/portal\/wp-json\/wp\/v2\/pages\/5465"}],"wp:attachment":[{"href":"https:\/\/itr.ufrrj.br\/portal\/wp-json\/wp\/v2\/media?parent=5442"}],"curies":[{"name":"wp","href":"https:\/\/api.w.org\/{rel}","templated":true}]}}