{"id":3686,"date":"2016-04-27T15:15:53","date_gmt":"2016-04-27T18:15:53","guid":{"rendered":"http:\/\/www.itr.ufrrj.br\/portal\/?page_id=3686"},"modified":"2022-09-15T11:10:40","modified_gmt":"2022-09-15T14:10:40","slug":"empresas-juniores","status":"publish","type":"page","link":"https:\/\/itr.ufrrj.br\/portal\/empresas-juniores\/","title":{"rendered":"Empresas Juniores"},"content":{"rendered":"<div class=\"wp-block-image\">\n<figure class=\"alignleft size-thumbnail\"><img loading=\"lazy\" decoding=\"async\" width=\"150\" height=\"150\" src=\"https:\/\/itr.ufrrj.br\/portal\/wp-content\/uploads\/2016\/04\/adjunior-logo-150x150.png\" alt=\"AD J\u00fanior - ITR - UFRRJ\" class=\"wp-image-4256\" srcset=\"https:\/\/itr.ufrrj.br\/portal\/wp-content\/uploads\/2016\/04\/adjunior-logo-150x150.png 150w, https:\/\/itr.ufrrj.br\/portal\/wp-content\/uploads\/2016\/04\/adjunior-logo-200x200.png 200w, https:\/\/itr.ufrrj.br\/portal\/wp-content\/uploads\/2016\/04\/adjunior-logo-50x50.png 50w, https:\/\/itr.ufrrj.br\/portal\/wp-content\/uploads\/2016\/04\/adjunior-logo-80x80.png 80w\" sizes=\"auto, (max-width: 150px) 100vw, 150px\" \/><\/figure><\/div>\n\n\n<h2 class=\"wp-block-heading\"><span style=\"color: revert; font-size: revert; font-weight: revert; font-family: -apple-system, BlinkMacSystemFont, &quot;Segoe UI&quot;, Roboto, Oxygen-Sans, Ubuntu, Cantarell, &quot;Helvetica Neue&quot;, sans-serif;\">AD J\u00fanior<\/span><\/h2>\n\n\n\n<p>A AD J\u00fanior Consultoria e Projetos \u00e9 a empresa j\u00fanior do Curso de Administra\u00e7\u00e3o do Instituto Tr\u00eas Rios da Universidade Federal Rural do Rio de Janeiro (ITR\/UFRRJ). Fundada em 2014 por estudantes do ITR\/UFRRJ, tem o objetivo de aprimorar o conhecimento acad\u00eamico dos graduandos em Administra\u00e7\u00e3o, oferecendo a viv\u00eancia da realidade empresarial, atrav\u00e9s do contato com a gest\u00e3o de projetos e capacita\u00e7\u00f5es multidisciplinares.<\/p>\n\n\n\n<div style=\"text-align: justify;\"><a href=\"http:\/\/www.facebook.com\/adjuniorconsultoria\" target=\"_blank\" rel=\"noopener noreferrer\" data-saferedirecturl=\"https:\/\/www.google.com\/url?q=http:\/\/www.facebook.com\/adjuniorconsultoria&amp;source=gmail&amp;ust=1470337101060000&amp;usg=AFQjCNFj4d0r-mIMTCnNjerNDsuyJu9geg\">www.facebook.com\/<wbr>adjuniorconsultoria<\/a><\/div>\n\n\n\n<div style=\"text-align: justify;\"><a href=\"mailto:adjunior.projetos@gmail.com\" target=\"_blank\" rel=\"noopener noreferrer\">adjunior.projetos@gmail.com<\/a><\/div>\n\n\n\n<div style=\"text-align: justify;\"><a href=\"http:\/\/instagram.com\/adjuniorconsultoria\" target=\"_blank\" rel=\"nofollow noopener noreferrer\" data-saferedirecturl=\"https:\/\/www.google.com\/url?q=http:\/\/instagram.com\/adjuniorconsultoria&amp;source=gmail&amp;ust=1470337101060000&amp;usg=AFQjCNFGR91Kf1RHq5XSn6DFoA01UBjQfA\">instagram.com\/<wbr>adjuniorconsultoria<\/a><\/div>\n\n\n\n<p>Avenida Prefeito Alberto da Silva Lavinas, 1847 &#8211; Centro<br>Tr\u00eas Rios\/RJ &#8211;&nbsp;CEP: 25.802-100<br>(21) 2681-4919<\/p>\n\n\n\n<figure class=\"wp-block-gallery has-nested-images columns-2 is-cropped wp-block-gallery-1 is-layout-flex wp-block-gallery-is-layout-flex\">\n<figure class=\"wp-block-image size-large\"><a href=\"https:\/\/itr.ufrrj.br\/portal\/wp-content\/uploads\/2016\/04\/ADJUNIOR-ITR-UFRRJ.jpg\"><img loading=\"lazy\" decoding=\"async\" width=\"2048\" height=\"1365\" data-id=\"4258\" src=\"https:\/\/itr.ufrrj.br\/portal\/wp-content\/uploads\/2016\/04\/ADJUNIOR-ITR-UFRRJ.jpg\" alt=\"\" class=\"wp-image-4258\" srcset=\"https:\/\/itr.ufrrj.br\/portal\/wp-content\/uploads\/2016\/04\/ADJUNIOR-ITR-UFRRJ.jpg 2048w, https:\/\/itr.ufrrj.br\/portal\/wp-content\/uploads\/2016\/04\/ADJUNIOR-ITR-UFRRJ-300x200.jpg 300w, https:\/\/itr.ufrrj.br\/portal\/wp-content\/uploads\/2016\/04\/ADJUNIOR-ITR-UFRRJ-768x512.jpg 768w, https:\/\/itr.ufrrj.br\/portal\/wp-content\/uploads\/2016\/04\/ADJUNIOR-ITR-UFRRJ-1024x683.jpg 1024w, https:\/\/itr.ufrrj.br\/portal\/wp-content\/uploads\/2016\/04\/ADJUNIOR-ITR-UFRRJ-250x167.jpg 250w, https:\/\/itr.ufrrj.br\/portal\/wp-content\/uploads\/2016\/04\/ADJUNIOR-ITR-UFRRJ-120x80.jpg 120w\" sizes=\"auto, (max-width: 2048px) 100vw, 2048px\" \/><\/a><\/figure>\n\n\n\n<figure class=\"wp-block-image size-large\"><a href=\"https:\/\/itr.ufrrj.br\/portal\/wp-content\/uploads\/2016\/04\/ADJUNIOR-ITR-UFRRJ-2.jpg\"><img loading=\"lazy\" decoding=\"async\" width=\"1152\" height=\"864\" data-id=\"4257\" src=\"https:\/\/itr.ufrrj.br\/portal\/wp-content\/uploads\/2016\/04\/ADJUNIOR-ITR-UFRRJ-2.jpg\" alt=\"ADJUNIOR - ITR - UFRRJ\" class=\"wp-image-4257\" srcset=\"https:\/\/itr.ufrrj.br\/portal\/wp-content\/uploads\/2016\/04\/ADJUNIOR-ITR-UFRRJ-2.jpg 1152w, https:\/\/itr.ufrrj.br\/portal\/wp-content\/uploads\/2016\/04\/ADJUNIOR-ITR-UFRRJ-2-300x225.jpg 300w, https:\/\/itr.ufrrj.br\/portal\/wp-content\/uploads\/2016\/04\/ADJUNIOR-ITR-UFRRJ-2-768x576.jpg 768w, https:\/\/itr.ufrrj.br\/portal\/wp-content\/uploads\/2016\/04\/ADJUNIOR-ITR-UFRRJ-2-1024x768.jpg 1024w, https:\/\/itr.ufrrj.br\/portal\/wp-content\/uploads\/2016\/04\/ADJUNIOR-ITR-UFRRJ-2-250x188.jpg 250w, https:\/\/itr.ufrrj.br\/portal\/wp-content\/uploads\/2016\/04\/ADJUNIOR-ITR-UFRRJ-2-65x50.jpg 65w, https:\/\/itr.ufrrj.br\/portal\/wp-content\/uploads\/2016\/04\/ADJUNIOR-ITR-UFRRJ-2-400x300.jpg 400w, https:\/\/itr.ufrrj.br\/portal\/wp-content\/uploads\/2016\/04\/ADJUNIOR-ITR-UFRRJ-2-160x120.jpg 160w, https:\/\/itr.ufrrj.br\/portal\/wp-content\/uploads\/2016\/04\/ADJUNIOR-ITR-UFRRJ-2-200x150.jpg 200w, https:\/\/itr.ufrrj.br\/portal\/wp-content\/uploads\/2016\/04\/ADJUNIOR-ITR-UFRRJ-2-350x262.jpg 350w, https:\/\/itr.ufrrj.br\/portal\/wp-content\/uploads\/2016\/04\/ADJUNIOR-ITR-UFRRJ-2-380x285.jpg 380w\" sizes=\"auto, (max-width: 1152px) 100vw, 1152px\" \/><\/a><\/figure>\n<\/figure>\n\n\n\n<div style=\"height:100px\" aria-hidden=\"true\" class=\"wp-block-spacer\"><\/div>\n\n\n\n<hr class=\"wp-block-separator has-alpha-channel-opacity is-style-wide\"\/>\n\n\n\n<div style=\"height:100px\" aria-hidden=\"true\" class=\"wp-block-spacer\"><\/div>\n\n\n<div class=\"wp-block-image\">\n<figure class=\"alignleft size-thumbnail\"><img loading=\"lazy\" decoding=\"async\" width=\"150\" height=\"150\" src=\"https:\/\/itr.ufrrj.br\/portal\/wp-content\/uploads\/2019\/05\/vale-verde-ufrrj--150x150.jpg\" alt=\"Vale Verde - Campus Tr\u00eas Rios - UFRRJ\" class=\"wp-image-9433\"\/><\/figure><\/div>\n\n\n<h2 class=\"wp-block-heading\"><span style=\"color: revert; font-family: -apple-system, BlinkMacSystemFont, &quot;Segoe UI&quot;, Roboto, Oxygen-Sans, Ubuntu, Cantarell, &quot;Helvetica Neue&quot;, sans-serif; font-size: revert; font-weight: revert;\">Vale Verde<\/span><\/h2>\n\n\n\n<div dir=\"auto\" style=\"text-align: justify;\">A Vale Verde Solu\u00e7\u00f5es e Servi\u00e7os Ambientais \u00e9 uma empresa j\u00fanior de consultoria ambiental, formada exclusivamente por alunos de gradua\u00e7\u00e3o do curso de Gest\u00e3o Ambiental da Universidade Federal Rural do Rio de Janeiro \u2013 Instituto Tr\u00eas Rios (UFRRJ-ITR).<\/div>\n\n\n\n<div dir=\"auto\" style=\"text-align: justify;\">A nossa organiza\u00e7\u00e3o \u00e9 uma associa\u00e7\u00e3o civil sem fins lucrativos e com fins educacionais, assim oferecemos servi\u00e7os de qualidade e de baixo custo. Todos os servi\u00e7os t\u00e9cnicos prestados pela empresa s\u00e3o acompanhados por professores e especialistas da universidade.<\/div>\n\n\n\n<div dir=\"auto\" style=\"text-align: justify;\">Nossa equipe est\u00e1 apta a oferecer consultoria e projetos na \u00e1rea ambiental como: Licenciamento ambiental, Auditoria, Cadastro Ambiental Rural (CAR), Gerenciamento de res\u00edduos s\u00f3lidos e l\u00edquidos, Educa\u00e7\u00e3o Ambiental, Marketing verde e outros em Gest\u00e3o Ambiental.<\/div>\n\n\n\n<div dir=\"auto\" style=\"text-align: justify;\">Prestamos servi\u00e7os e desenvolvemos projetos que compatibilizem o desenvolvimento econ\u00f4mico e a conserva\u00e7\u00e3o do meio ambiente.<\/div>\n\n\n\n<div dir=\"auto\" style=\"text-align: justify;\">Nos dedicamos a oferecer o melhor suporte e solu\u00e7\u00e3o.<\/div>\n\n\n\n<div dir=\"auto\">&nbsp;<\/div>\n\n\n\n<div>Site: <a href=\"https:\/\/www.valeverdessa.com.br\">www.valeverdessa.com.br<\/a><\/div>\n\n\n\n<div>Carta de servi\u00e7os: <a href=\"http:\/\/www.valeverdessa.com.br\/wp-content\/uploads\/2019\/08\/Carta-de-Servi%C3%A7os-Vale-Verde-SSA.pdf\" target=\"_blank\" rel=\"noopener noreferrer\">clique aqui<\/a>.<\/div>\n\n\n\n<div>Facebook:&nbsp;<a href=\"http:\/\/www.facebook.com\/valeverdessa\">www.facebook.com\/val<wbr>everdessa<\/a><\/div>\n\n\n\n<div>Instagram: <a href=\"http:\/\/www.instagram.com\/valeverdessa\" target=\"_blank\" rel=\"noopener noreferrer\">www.instagram.com\/valeverdessa<\/a><\/div>\n\n\n\n<div>Email:&nbsp;<span style=\"color: #000000;\"><a href=\"mailto:valeverdessa@gmail.com\" target=\"_blank\" rel=\"noopener noreferrer\">valeverdessa@gmail.com<\/a><\/span><\/div>\n\n\n\n<div>Telefone: (24) 99872-9132<\/div>\n\n\n\n<div>&nbsp;<\/div>\n\n\n<div class=\"wp-block-image\">\n<figure class=\"alignleft\"><a href=\"https:\/\/itr.ufrrj.br\/portal\/wp-content\/uploads\/2019\/08\/equipeValeVerde.jpg\"><img loading=\"lazy\" decoding=\"async\" width=\"300\" height=\"261\" src=\"https:\/\/itr.ufrrj.br\/portal\/wp-content\/uploads\/2019\/08\/equipeValeVerde-300x261.jpg\" alt=\"\" class=\"wp-image-9905\" srcset=\"https:\/\/itr.ufrrj.br\/portal\/wp-content\/uploads\/2019\/08\/equipeValeVerde-300x261.jpg 300w, https:\/\/itr.ufrrj.br\/portal\/wp-content\/uploads\/2019\/08\/equipeValeVerde-768x668.jpg 768w, https:\/\/itr.ufrrj.br\/portal\/wp-content\/uploads\/2019\/08\/equipeValeVerde-1024x890.jpg 1024w, https:\/\/itr.ufrrj.br\/portal\/wp-content\/uploads\/2019\/08\/equipeValeVerde-1200x1043.jpg 1200w, https:\/\/itr.ufrrj.br\/portal\/wp-content\/uploads\/2019\/08\/equipeValeVerde.jpg 1280w\" sizes=\"auto, (max-width: 300px) 100vw, 300px\" \/><\/a><\/figure><\/div>\n\n\n<div>\u00a0<\/div>\n","protected":false},"excerpt":{"rendered":"<p>AD J\u00fanior A AD J\u00fanior Consultoria e Projetos \u00e9 a empresa j\u00fanior do Curso de Administra\u00e7\u00e3o do Instituto Tr\u00eas Rios da Universidade Federal Rural do Rio de Janeiro (ITR\/UFRRJ). Fundada [&hellip;]<\/p>\n","protected":false},"author":4,"featured_media":0,"parent":0,"menu_order":0,"comment_status":"closed","ping_status":"closed","template":"","meta":{"_acf_changed":false,"editor_plus_copied_stylings":"{}","footnotes":""},"class_list":["post-3686","page","type-page","status-publish","hentry"],"acf":[],"yoast_head":"<!-- This site is optimized with the Yoast SEO plugin v27.4 - https:\/\/yoast.com\/product\/yoast-seo-wordpress\/ -->\n<title>Empresas Juniores - Campus Tr\u00eas Rios | UFRRJ<\/title>\n<meta name=\"robots\" content=\"index, follow, max-snippet:-1, max-image-preview:large, max-video-preview:-1\" \/>\n<link rel=\"canonical\" href=\"https:\/\/itr.ufrrj.br\/portal\/empresas-juniores\/\" \/>\n<meta property=\"og:locale\" content=\"pt_BR\" \/>\n<meta property=\"og:type\" content=\"article\" \/>\n<meta property=\"og:title\" content=\"Empresas Juniores\" \/>\n<meta property=\"og:description\" content=\"AD J\u00fanior A AD J\u00fanior Consultoria e Projetos \u00e9 a empresa j\u00fanior do Curso de Administra\u00e7\u00e3o do Instituto Tr\u00eas Rios da Universidade Federal Rural do Rio de Janeiro (ITR\/UFRRJ). Fundada [&hellip;]\" \/>\n<meta property=\"og:url\" content=\"https:\/\/itr.ufrrj.br\/portal\/empresas-juniores\/\" \/>\n<meta property=\"og:site_name\" content=\"Campus Tr\u00eas Rios | UFRRJ\" \/>\n<meta property=\"article:publisher\" content=\"https:\/\/www.facebook.com\/itr.ufrrj\" \/>\n<meta property=\"article:modified_time\" content=\"2022-09-15T14:10:40+00:00\" \/>\n<meta property=\"og:image\" content=\"https:\/\/itr.ufrrj.br\/portal\/wp-content\/uploads\/2016\/04\/adjunior-logo-150x150.png\" \/>\n<meta name=\"twitter:card\" content=\"summary_large_image\" \/>\n<meta name=\"twitter:title\" content=\"Empresas Juniores\" \/>\n<meta name=\"twitter:label1\" content=\"Est. tempo de leitura\" \/>\n\t<meta name=\"twitter:data1\" content=\"3 minutos\" \/>\n<script type=\"application\/ld+json\" class=\"yoast-schema-graph\">{\"@context\":\"https:\\\/\\\/schema.org\",\"@graph\":[{\"@type\":\"WebPage\",\"@id\":\"https:\\\/\\\/itr.ufrrj.br\\\/portal\\\/empresas-juniores\\\/\",\"url\":\"https:\\\/\\\/itr.ufrrj.br\\\/portal\\\/empresas-juniores\\\/\",\"name\":\"Empresas Juniores - Campus Tr\u00eas Rios | UFRRJ\",\"isPartOf\":{\"@id\":\"https:\\\/\\\/itr.ufrrj.br\\\/portal\\\/#website\"},\"primaryImageOfPage\":{\"@id\":\"https:\\\/\\\/itr.ufrrj.br\\\/portal\\\/empresas-juniores\\\/#primaryimage\"},\"image\":{\"@id\":\"https:\\\/\\\/itr.ufrrj.br\\\/portal\\\/empresas-juniores\\\/#primaryimage\"},\"thumbnailUrl\":\"https:\\\/\\\/itr.ufrrj.br\\\/portal\\\/wp-content\\\/uploads\\\/2016\\\/04\\\/adjunior-logo-150x150.png\",\"datePublished\":\"2016-04-27T18:15:53+00:00\",\"dateModified\":\"2022-09-15T14:10:40+00:00\",\"breadcrumb\":{\"@id\":\"https:\\\/\\\/itr.ufrrj.br\\\/portal\\\/empresas-juniores\\\/#breadcrumb\"},\"inLanguage\":\"pt-BR\",\"potentialAction\":[{\"@type\":\"ReadAction\",\"target\":[\"https:\\\/\\\/itr.ufrrj.br\\\/portal\\\/empresas-juniores\\\/\"]}]},{\"@type\":\"ImageObject\",\"inLanguage\":\"pt-BR\",\"@id\":\"https:\\\/\\\/itr.ufrrj.br\\\/portal\\\/empresas-juniores\\\/#primaryimage\",\"url\":\"https:\\\/\\\/itr.ufrrj.br\\\/portal\\\/wp-content\\\/uploads\\\/2016\\\/04\\\/adjunior-logo.png\",\"contentUrl\":\"https:\\\/\\\/itr.ufrrj.br\\\/portal\\\/wp-content\\\/uploads\\\/2016\\\/04\\\/adjunior-logo.png\",\"width\":623,\"height\":565,\"caption\":\"AD J\u00fanior - ITR - UFRRJ\"},{\"@type\":\"BreadcrumbList\",\"@id\":\"https:\\\/\\\/itr.ufrrj.br\\\/portal\\\/empresas-juniores\\\/#breadcrumb\",\"itemListElement\":[{\"@type\":\"ListItem\",\"position\":1,\"name\":\"In\u00edcio\",\"item\":\"https:\\\/\\\/itr.ufrrj.br\\\/portal\\\/\"},{\"@type\":\"ListItem\",\"position\":2,\"name\":\"Empresas Juniores\"}]},{\"@type\":\"WebSite\",\"@id\":\"https:\\\/\\\/itr.ufrrj.br\\\/portal\\\/#website\",\"url\":\"https:\\\/\\\/itr.ufrrj.br\\\/portal\\\/\",\"name\":\"Campus Tr\u00eas Rios | UFRRJ\",\"description\":\"Localizado na cidade de Tr\u00eas Rios - RJ\",\"publisher\":{\"@id\":\"https:\\\/\\\/itr.ufrrj.br\\\/portal\\\/#organization\"},\"potentialAction\":[{\"@type\":\"SearchAction\",\"target\":{\"@type\":\"EntryPoint\",\"urlTemplate\":\"https:\\\/\\\/itr.ufrrj.br\\\/portal\\\/?s={search_term_string}\"},\"query-input\":{\"@type\":\"PropertyValueSpecification\",\"valueRequired\":true,\"valueName\":\"search_term_string\"}}],\"inLanguage\":\"pt-BR\"},{\"@type\":\"Organization\",\"@id\":\"https:\\\/\\\/itr.ufrrj.br\\\/portal\\\/#organization\",\"name\":\"Instituto Tr\u00eas Rios\\\/UFRRJ\",\"url\":\"https:\\\/\\\/itr.ufrrj.br\\\/portal\\\/\",\"logo\":{\"@type\":\"ImageObject\",\"inLanguage\":\"pt-BR\",\"@id\":\"https:\\\/\\\/itr.ufrrj.br\\\/portal\\\/#\\\/schema\\\/logo\\\/image\\\/\",\"url\":\"https:\\\/\\\/itr.ufrrj.br\\\/portal\\\/wp-content\\\/uploads\\\/2020\\\/04\\\/logo-institutotresrios-ufrrj.png\",\"contentUrl\":\"https:\\\/\\\/itr.ufrrj.br\\\/portal\\\/wp-content\\\/uploads\\\/2020\\\/04\\\/logo-institutotresrios-ufrrj.png\",\"width\":1067,\"height\":240,\"caption\":\"Instituto Tr\u00eas Rios\\\/UFRRJ\"},\"image\":{\"@id\":\"https:\\\/\\\/itr.ufrrj.br\\\/portal\\\/#\\\/schema\\\/logo\\\/image\\\/\"},\"sameAs\":[\"https:\\\/\\\/www.facebook.com\\\/itr.ufrrj\"]}]}<\/script>\n<!-- \/ Yoast SEO plugin. -->","yoast_head_json":{"title":"Empresas Juniores - Campus Tr\u00eas Rios | UFRRJ","robots":{"index":"index","follow":"follow","max-snippet":"max-snippet:-1","max-image-preview":"max-image-preview:large","max-video-preview":"max-video-preview:-1"},"canonical":"https:\/\/itr.ufrrj.br\/portal\/empresas-juniores\/","og_locale":"pt_BR","og_type":"article","og_title":"Empresas Juniores","og_description":"AD J\u00fanior A AD J\u00fanior Consultoria e Projetos \u00e9 a empresa j\u00fanior do Curso de Administra\u00e7\u00e3o do Instituto Tr\u00eas Rios da Universidade Federal Rural do Rio de Janeiro (ITR\/UFRRJ). Fundada [&hellip;]","og_url":"https:\/\/itr.ufrrj.br\/portal\/empresas-juniores\/","og_site_name":"Campus Tr\u00eas Rios | UFRRJ","article_publisher":"https:\/\/www.facebook.com\/itr.ufrrj","article_modified_time":"2022-09-15T14:10:40+00:00","og_image":[{"url":"https:\/\/itr.ufrrj.br\/portal\/wp-content\/uploads\/2016\/04\/adjunior-logo-150x150.png","type":"","width":"","height":""}],"twitter_card":"summary_large_image","twitter_title":"Empresas Juniores","twitter_misc":{"Est. tempo de leitura":"3 minutos"},"schema":{"@context":"https:\/\/schema.org","@graph":[{"@type":"WebPage","@id":"https:\/\/itr.ufrrj.br\/portal\/empresas-juniores\/","url":"https:\/\/itr.ufrrj.br\/portal\/empresas-juniores\/","name":"Empresas Juniores - Campus Tr\u00eas Rios | UFRRJ","isPartOf":{"@id":"https:\/\/itr.ufrrj.br\/portal\/#website"},"primaryImageOfPage":{"@id":"https:\/\/itr.ufrrj.br\/portal\/empresas-juniores\/#primaryimage"},"image":{"@id":"https:\/\/itr.ufrrj.br\/portal\/empresas-juniores\/#primaryimage"},"thumbnailUrl":"https:\/\/itr.ufrrj.br\/portal\/wp-content\/uploads\/2016\/04\/adjunior-logo-150x150.png","datePublished":"2016-04-27T18:15:53+00:00","dateModified":"2022-09-15T14:10:40+00:00","breadcrumb":{"@id":"https:\/\/itr.ufrrj.br\/portal\/empresas-juniores\/#breadcrumb"},"inLanguage":"pt-BR","potentialAction":[{"@type":"ReadAction","target":["https:\/\/itr.ufrrj.br\/portal\/empresas-juniores\/"]}]},{"@type":"ImageObject","inLanguage":"pt-BR","@id":"https:\/\/itr.ufrrj.br\/portal\/empresas-juniores\/#primaryimage","url":"https:\/\/itr.ufrrj.br\/portal\/wp-content\/uploads\/2016\/04\/adjunior-logo.png","contentUrl":"https:\/\/itr.ufrrj.br\/portal\/wp-content\/uploads\/2016\/04\/adjunior-logo.png","width":623,"height":565,"caption":"AD J\u00fanior - ITR - UFRRJ"},{"@type":"BreadcrumbList","@id":"https:\/\/itr.ufrrj.br\/portal\/empresas-juniores\/#breadcrumb","itemListElement":[{"@type":"ListItem","position":1,"name":"In\u00edcio","item":"https:\/\/itr.ufrrj.br\/portal\/"},{"@type":"ListItem","position":2,"name":"Empresas Juniores"}]},{"@type":"WebSite","@id":"https:\/\/itr.ufrrj.br\/portal\/#website","url":"https:\/\/itr.ufrrj.br\/portal\/","name":"Campus Tr\u00eas Rios | UFRRJ","description":"Localizado na cidade de Tr\u00eas Rios - RJ","publisher":{"@id":"https:\/\/itr.ufrrj.br\/portal\/#organization"},"potentialAction":[{"@type":"SearchAction","target":{"@type":"EntryPoint","urlTemplate":"https:\/\/itr.ufrrj.br\/portal\/?s={search_term_string}"},"query-input":{"@type":"PropertyValueSpecification","valueRequired":true,"valueName":"search_term_string"}}],"inLanguage":"pt-BR"},{"@type":"Organization","@id":"https:\/\/itr.ufrrj.br\/portal\/#organization","name":"Instituto Tr\u00eas Rios\/UFRRJ","url":"https:\/\/itr.ufrrj.br\/portal\/","logo":{"@type":"ImageObject","inLanguage":"pt-BR","@id":"https:\/\/itr.ufrrj.br\/portal\/#\/schema\/logo\/image\/","url":"https:\/\/itr.ufrrj.br\/portal\/wp-content\/uploads\/2020\/04\/logo-institutotresrios-ufrrj.png","contentUrl":"https:\/\/itr.ufrrj.br\/portal\/wp-content\/uploads\/2020\/04\/logo-institutotresrios-ufrrj.png","width":1067,"height":240,"caption":"Instituto Tr\u00eas Rios\/UFRRJ"},"image":{"@id":"https:\/\/itr.ufrrj.br\/portal\/#\/schema\/logo\/image\/"},"sameAs":["https:\/\/www.facebook.com\/itr.ufrrj"]}]}},"jetpack_sharing_enabled":true,"amp_enabled":true,"_links":{"self":[{"href":"https:\/\/itr.ufrrj.br\/portal\/wp-json\/wp\/v2\/pages\/3686","targetHints":{"allow":["GET"]}}],"collection":[{"href":"https:\/\/itr.ufrrj.br\/portal\/wp-json\/wp\/v2\/pages"}],"about":[{"href":"https:\/\/itr.ufrrj.br\/portal\/wp-json\/wp\/v2\/types\/page"}],"author":[{"embeddable":true,"href":"https:\/\/itr.ufrrj.br\/portal\/wp-json\/wp\/v2\/users\/4"}],"replies":[{"embeddable":true,"href":"https:\/\/itr.ufrrj.br\/portal\/wp-json\/wp\/v2\/comments?post=3686"}],"version-history":[{"count":17,"href":"https:\/\/itr.ufrrj.br\/portal\/wp-json\/wp\/v2\/pages\/3686\/revisions"}],"predecessor-version":[{"id":13741,"href":"https:\/\/itr.ufrrj.br\/portal\/wp-json\/wp\/v2\/pages\/3686\/revisions\/13741"}],"wp:attachment":[{"href":"https:\/\/itr.ufrrj.br\/portal\/wp-json\/wp\/v2\/media?parent=3686"}],"curies":[{"name":"wp","href":"https:\/\/api.w.org\/{rel}","templated":true}]}}