{"id":1995,"date":"2014-11-03T14:02:29","date_gmt":"2014-11-03T17:02:29","guid":{"rendered":"http:\/\/www.itr.ufrrj.br\/portal\/?page_id=1995"},"modified":"2022-03-25T09:03:56","modified_gmt":"2022-03-25T12:03:56","slug":"atas-de-reunioes","status":"publish","type":"page","link":"https:\/\/itr.ufrrj.br\/portal\/departamentos\/dcma\/atas-de-reunioes\/","title":{"rendered":"Atas de Reuni\u00f5es do DCMA"},"content":{"rendered":"<h2>2022<\/h2>\n<ul>\n<li><a href=\"https:\/\/itr.ufrrj.br\/portal\/wp-content\/uploads\/2022\/03\/ATA_II_08_03_2022_final-3.pdf\">2\u00aa Reuni\u00e3o Ordin\u00e1ria<\/a> &#8211; 08\/03\/2022<\/li>\n<li><a href=\"https:\/\/itr.ufrrj.br\/portal\/wp-content\/uploads\/2022\/03\/ATA_I_Reunio_Ordinria_10_de_fevereiro_2022-1.pdf\">1\u00aa Reuni\u00e3o Ordin\u00e1ria<\/a> &#8211; 10\/02\/2022<\/li>\n<\/ul>\n<h2>2021<\/h2>\n<ul>\n<li><a href=\"https:\/\/itr.ufrrj.br\/portal\/wp-content\/uploads\/2022\/03\/ATA_XI-4.pdf\">11\u00aa Reuni\u00e3o Ordin\u00e1ria<\/a> &#8211; 08\/12\/2021<\/li>\n<li><a href=\"https:\/\/itr.ufrrj.br\/portal\/wp-content\/uploads\/2022\/03\/ATA_X__03.11.2021-1.pdf\">10\u00aa Reuni\u00e3o Ordin\u00e1ria<\/a> &#8211; 03\/11\/2021<\/li>\n<li><a href=\"https:\/\/itr.ufrrj.br\/portal\/wp-content\/uploads\/2021\/10\/ata_IX_reunio_DCMA.pdf\">9\u00aa Reuni\u00e3o Ordin\u00e1ria<\/a> &#8211; 04\/10\/2021<\/li>\n<li><a href=\"https:\/\/itr.ufrrj.br\/portal\/wp-content\/uploads\/2021\/10\/ATA_VIII_REUNIAO_DCMA_27_09_verso_atualizada.pdf\">8\u00aa Reuni\u00e3o Ordin\u00e1ria<\/a>\u00a0&#8211; 27\/09\/2021<\/li>\n<li><a href=\"https:\/\/itr.ufrrj.br\/portal\/wp-content\/uploads\/2021\/11\/https___sipac.ufrrj_.br_sipac_protocolo_documento_documento_visualizacao.jsf_idDoc825576.pdf\">7\u00aa Reuni\u00e3o Ordin\u00e1ria<\/a> &#8211; 05\/08\/2021<\/li>\n<li><a href=\"https:\/\/itr.ufrrj.br\/portal\/wp-content\/uploads\/2021\/08\/ATA-VI-REUNIAO-ORDINARIA-DCMA.pdf\">6\u00aa Reuni\u00e3o Ordin\u00e1ria<\/a>\u00a0&#8211; 07\/07\/2021<\/li>\n<li><a href=\"https:\/\/itr.ufrrj.br\/portal\/wp-content\/uploads\/2021\/08\/ATA-V-REUNIAO-ORDINARIA-DCMA.pdf\">5\u00aa Reuni\u00e3o Ordin\u00e1ria<\/a>\u00a0&#8211; 01\/06\/2021<\/li>\n<li><a href=\"https:\/\/itr.ufrrj.br\/portal\/wp-content\/uploads\/2021\/08\/ATA-IV-REUNIAO-ORDINARIA-DCMA.pdf\">4\u00aa Reuni\u00e3o Ordin\u00e1ria<\/a>\u00a0&#8211; 03\/05\/2021<\/li>\n<li><a href=\"https:\/\/itr.ufrrj.br\/portal\/wp-content\/uploads\/2021\/08\/ATA-III-REUNIAO-ORDINARIA-DCMA.pdf\">3\u00aa Reuni\u00e3o Ordin\u00e1ria<\/a>\u00a0&#8211; 08\/04\/2021<\/li>\n<li><a href=\"https:\/\/itr.ufrrj.br\/portal\/wp-content\/uploads\/2021\/08\/ATA-II-REUNIAO-ORDINARIA-DCMA.pdf\">2\u00aa Reuni\u00e3o Ordin\u00e1ria<\/a>\u00a0&#8211; 05\/03\/2021<\/li>\n<li><a href=\"https:\/\/itr.ufrrj.br\/portal\/wp-content\/uploads\/2021\/04\/Ata-I-Reuniao-Ordinaria-DCMA-2021-Sipac.pdf\">1\u00aa Reuni\u00e3o Ordin\u00e1ria<\/a> &#8211; 09\/02\/2021<\/li>\n<\/ul>\n<h2>2020<\/h2>\n<ul>\n<li><a href=\"https:\/\/itr.ufrrj.br\/portal\/wp-content\/uploads\/2021\/08\/ATA-IX-REUNIAO-ORDINARIA-DCMA.pdf\">9\u00aa Reuni\u00e3o Ordin\u00e1ria<\/a>\u00a0&#8211; 30\/11\/2020<\/li>\n<li><a href=\"https:\/\/itr.ufrrj.br\/portal\/wp-content\/uploads\/2021\/08\/ATA-VIII-REUNIAO-ORDINARIA-DCMA.pdf\">8\u00aa Reuni\u00e3o Ordin\u00e1ria<\/a>\u00a0&#8211; 04\/11\/2020<\/li>\n<li><a href=\"https:\/\/itr.ufrrj.br\/portal\/wp-content\/uploads\/2021\/08\/ATA-VII-REUNIAO-ORDINARIA-DCMA.pdf\">7\u00aa Reuni\u00e3o Ordin\u00e1ria<\/a>\u00a0&#8211; 06\/10\/2020<\/li>\n<li><a href=\"https:\/\/itr.ufrrj.br\/portal\/wp-content\/uploads\/2021\/08\/ATA-IV-REUNIAO-EXTRAORDINARIA-DCMA.pdf\">4\u00aa Reuni\u00e3o Extraordin\u00e1ria<\/a>\u00a0&#8211; 25\/09\/2020<\/li>\n<li><a href=\"https:\/\/itr.ufrrj.br\/portal\/wp-content\/uploads\/2021\/08\/ATA-VI-REUNIAO-ORDINARIA-DCMA-1.pdf\">6\u00aa Reuni\u00e3o Ordin\u00e1ria<\/a>\u00a0&#8211; 11\/09\/2020<\/li>\n<li><a href=\"https:\/\/itr.ufrrj.br\/portal\/wp-content\/uploads\/2021\/08\/ATA-III-REUNIAO-EXTRAORDINARIA-DCMA.pdf\">3\u00aa Reuni\u00e3o Extraordin\u00e1ria<\/a>\u00a0&#8211; 11\/08\/2020<\/li>\n<li><a href=\"https:\/\/itr.ufrrj.br\/portal\/wp-content\/uploads\/2021\/08\/ATA-II-REUNIAO-EXTRAORDINARIA-DCMA.pdf\">2\u00aa Reuni\u00e3o Extraordin\u00e1ria<\/a>\u00a0&#8211; 01\/07\/2020<\/li>\n<li><a href=\"https:\/\/itr.ufrrj.br\/portal\/wp-content\/uploads\/2021\/08\/ATA-I-REUNIAO-EXTRAORDINARIA-DCMA.pdf\">1\u00aa Reuni\u00e3o Extraordin\u00e1ria<\/a>\u00a0&#8211; 22\/06\/2020<\/li>\n<li>5\u00aa Reuni\u00e3o Ordin\u00e1ria<\/li>\n<li><a href=\"https:\/\/itr.ufrrj.br\/portal\/wp-content\/uploads\/2020\/08\/ATA-IV-REUNIAO-ORDINA\u0301RIA-DCMA.pdf\">4\u00aa Reuni\u00e3o Ordin\u00e1ria<\/a> &#8211; 04\/06\/2020<\/li>\n<li><a href=\"https:\/\/itr.ufrrj.br\/portal\/wp-content\/uploads\/2020\/08\/ATA-III-REUNIAO-ORDINA\u0301RIA-DCMA.pdf\">3\u00aa Reuni\u00e3o Ordin\u00e1ria<\/a> &#8211; 13\/05\/2020<\/li>\n<li><a href=\"https:\/\/itr.ufrrj.br\/portal\/wp-content\/uploads\/2020\/08\/ATA-II-REUNIAO-ORDINA\u0301RIA-DCMA.pdf\">2\u00aa Reuni\u00e3o Ordin\u00e1ria<\/a> &#8211; 07\/04\/2020<\/li>\n<li><a href=\"https:\/\/itr.ufrrj.br\/portal\/wp-content\/uploads\/2020\/08\/ATA-I-REUNIAO-ORDINA\u0301RIA-DCMA3117.pdf\">1\u00aa Reuni\u00e3o Ordin\u00e1ria<\/a> &#8211; 09\/03\/2020<\/li>\n<\/ul>\n<h2>2019<\/h2>\n<ul>\n<li><a href=\"https:\/\/itr.ufrrj.br\/portal\/wp-content\/uploads\/2019\/12\/ATA-VII-REUNIAO-ORDINARIA.pdf\">7\u00aa Reuni\u00e3o Ordin\u00e1ria<\/a> &#8211; 12\/11\/2019<\/li>\n<li><a href=\"https:\/\/itr.ufrrj.br\/portal\/wp-content\/uploads\/2019\/12\/ATA-VI-REUNIAO-ORDINARIA.pdf\">6\u00aa Reuni\u00e3o Ordin\u00e1ria<\/a> &#8211; 10\/10\/2019<\/li>\n<li><a href=\"https:\/\/itr.ufrrj.br\/portal\/wp-content\/uploads\/2019\/12\/ATA-V-REUNIAO-ORDINARIA.pdf\">5\u00aa Reuni\u00e3o Ordin\u00e1ria<\/a> &#8211; 16\/08\/2019<\/li>\n<li><a href=\"https:\/\/itr.ufrrj.br\/portal\/wp-content\/uploads\/2019\/12\/ATA-IV-REUNIAO-ORDINARIA.pdf\">4\u00aa Reuni\u00e3o Ordin\u00e1ria<\/a> &#8211; 13\/06\/2019<\/li>\n<li><a href=\"https:\/\/itr.ufrrj.br\/portal\/wp-content\/uploads\/2019\/12\/ATA-III-REUNIAO-ORDINARIA.pdf\">3\u00aa Reuni\u00e3o Ordin\u00e1ria<\/a> &#8211; 14\/05\/2019<\/li>\n<li><a href=\"https:\/\/itr.ufrrj.br\/portal\/wp-content\/uploads\/2019\/04\/ATA-II-REUNIAO-ORDINARIA-DCMA-2019-10032019.pdf\">2\u00aa Reuni\u00e3o Ordin\u00e1ria<\/a><\/li>\n<li><a href=\"https:\/\/itr.ufrrj.br\/portal\/wp-content\/uploads\/2019\/04\/ATA-I-REUNIAO-ORDINARIA-DCMA-2019-13032019.pdf\">1\u00aa Reuni\u00e3o Ordin\u00e1ria<\/a><\/li>\n<\/ul>\n<h2>2018<\/h2>\n<ul>\n<li><a href=\"https:\/\/itr.ufrrj.br\/portal\/wp-content\/uploads\/2019\/06\/ATA-X-REUNIAO-ORDINARIA-DCMA-2018-29122018.pdf\">10\u00aa Reuni\u00e3o Ordin\u00e1ria<\/a><\/li>\n<li><a href=\"https:\/\/itr.ufrrj.br\/portal\/wp-content\/uploads\/2018\/11\/ata-ix-reuniao-ordinaria-dcma-2018.pdf\">9\u00aa Reuni\u00e3o Ordin\u00e1ria<\/a><\/li>\n<li><a href=\"https:\/\/itr.ufrrj.br\/portal\/wp-content\/uploads\/2018\/11\/ata-viii-reuniao-ordinaria-dcma-2018.pdf\">8\u00aa Reuni\u00e3o Ordin\u00e1ria<\/a><\/li>\n<li><a href=\"https:\/\/itr.ufrrj.br\/portal\/wp-content\/uploads\/2018\/11\/ata-vii-reuniao-ordinaria-dcma-2018.pdf\">7\u00aa Reuni\u00e3o Ordin\u00e1ria<\/a><\/li>\n<li><a href=\"https:\/\/itr.ufrrj.br\/portal\/wp-content\/uploads\/2018\/11\/ata-vi-reuniao-ordinaria-dcma-2018.pdf\">6\u00aa Reuni\u00e3o Ordin\u00e1ria<\/a><\/li>\n<li><a href=\"https:\/\/itr.ufrrj.br\/portal\/wp-content\/uploads\/2018\/09\/ata-v-reuniao-ordinaria-dcma-2018.pdf\">5\u00aa Reuni\u00e3o Ordin\u00e1ria<\/a><\/li>\n<li><a href=\"https:\/\/www.itr.ufrrj.br\/portal\/wp-content\/uploads\/atas\/ata_dcma_ro_2018_04.pdf\">4\u00aa Reuni\u00e3o Ordin\u00e1ria<\/a><\/li>\n<li><a href=\"https:\/\/www.itr.ufrrj.br\/portal\/wp-content\/uploads\/atas\/ata_dcma_ro_2018_03.pdf\">3\u00aa Reuni\u00e3o Ordin\u00e1ria<\/a><\/li>\n<li><a href=\"https:\/\/www.itr.ufrrj.br\/portal\/wp-content\/uploads\/atas\/ata_dcma_ro_2018_02.pdf\" target=\"_blank\" rel=\"noopener noreferrer\">2\u00aa Reuni\u00e3o Ordin\u00e1ria<\/a><\/li>\n<li><a href=\"https:\/\/www.itr.ufrrj.br\/portal\/wp-content\/uploads\/atas\/ata_dcma_ro_2018_01.pdf\" target=\"_blank\" rel=\"noopener noreferrer\">1\u00aa Reuni\u00e3o Ordin\u00e1ria<\/a><\/li>\n<\/ul>\n<h2>2017<\/h2>\n<ul>\n<li><a href=\"https:\/\/www.itr.ufrrj.br\/portal\/wp-content\/uploads\/atas\/ata_dcma_ro_2017_10.pdf\" target=\"_blank\" rel=\"noopener noreferrer\">10\u00aa Reuni\u00e3o Ordin\u00e1ria<\/a><\/li>\n<li><a href=\"https:\/\/www.itr.ufrrj.br\/portal\/wp-content\/uploads\/atas\/ata_dcma_ro_2017_09.pdf\" target=\"_blank\" rel=\"noopener noreferrer\">9\u00aa Reuni\u00e3o Ordin\u00e1ria<\/a><\/li>\n<li><a href=\"https:\/\/www.itr.ufrrj.br\/portal\/wp-content\/uploads\/atas\/ata_dcma_ro_2017_08.pdf\" target=\"_blank\" rel=\"noopener noreferrer\">8\u00aa Reuni\u00e3o Ordin\u00e1ria<\/a><\/li>\n<li><a href=\"https:\/\/www.itr.ufrrj.br\/portal\/wp-content\/uploads\/atas\/ata_dcma_ro_2017_07.pdf\" target=\"_blank\" rel=\"noopener noreferrer\">7\u00aa Reuni\u00e3o Ordin\u00e1ria<\/a><\/li>\n<li><a href=\"https:\/\/www.itr.ufrrj.br\/portal\/wp-content\/uploads\/atas\/ata_dcma_ro_2017_06.pdf\" target=\"_blank\" rel=\"noopener noreferrer\">6\u00aa Reuni\u00e3o Ordin\u00e1ria<\/a><\/li>\n<li><a href=\"https:\/\/www.itr.ufrrj.br\/portal\/wp-content\/uploads\/atas\/ata_dcma_ro_2017_05.pdf\" target=\"_blank\" rel=\"noopener noreferrer\">5\u00aa Reuni\u00e3o Ordin\u00e1ria<\/a><\/li>\n<li><a href=\"https:\/\/www.itr.ufrrj.br\/portal\/wp-content\/uploads\/atas\/ata_dcma_ro_2017_04.pdf\" target=\"_blank\" rel=\"noopener noreferrer\">4\u00aa Reuni\u00e3o Ordin\u00e1ria<\/a><\/li>\n<li><a href=\"https:\/\/www.itr.ufrrj.br\/portal\/wp-content\/uploads\/atas\/ata_dcma_ro_2017_03.pdf\" target=\"_blank\" rel=\"noopener noreferrer\">3\u00aa Reuni\u00e3o Ordin\u00e1ria<\/a><\/li>\n<li><a href=\"https:\/\/www.itr.ufrrj.br\/portal\/wp-content\/uploads\/atas\/ata_dcma_ro_2017_02.pdf\" target=\"_blank\" rel=\"noopener noreferrer\">2\u00aa Reuni\u00e3o Ordin\u00e1ria<\/a><\/li>\n<li><a href=\"https:\/\/www.itr.ufrrj.br\/portal\/wp-content\/uploads\/atas\/ata_dcma_ro_2017_01.pdf\" target=\"_blank\" rel=\"noopener noreferrer\">1\u00aa Reuni\u00e3o Ordin\u00e1ria<\/a><\/li>\n<\/ul>\n<h2>2016<\/h2>\n<ul>\n<li><a href=\"https:\/\/www.itr.ufrrj.br\/portal\/wp-content\/uploads\/atas\/ata_DCMA_RO_2016_07.tif\">7\u00aa Reuni\u00e3o Ordin\u00e1ria<\/a><\/li>\n<li><a href=\"https:\/\/www.itr.ufrrj.br\/portal\/wp-content\/uploads\/atas\/ata_DCMA_RO_2016_06.tif\">6\u00aa Reuni\u00e3o Ordin\u00e1ria<\/a><\/li>\n<li><a href=\"https:\/\/www.itr.ufrrj.br\/portal\/wp-content\/uploads\/atas\/ata_DCMA_2016_RO_5.pdf\" target=\"_blank\" rel=\"noopener noreferrer\">5\u00aa Reuni\u00e3o Ordin\u00e1ria<\/a><\/li>\n<li><a href=\"https:\/\/www.itr.ufrrj.br\/portal\/wp-content\/uploads\/atas\/ata_DCMA_2016_RO_4.pdf\" target=\"_blank\" rel=\"noopener noreferrer\">4\u00aa Reuni\u00e3o Ordin\u00e1ria<\/a><\/li>\n<li><a href=\"https:\/\/www.itr.ufrrj.br\/portal\/wp-content\/uploads\/atas\/ata_DCMA_2016_RO_3.pdf\" target=\"_blank\" rel=\"noopener noreferrer\">3\u00aa Reuni\u00e3o Ordin\u00e1ria<\/a><\/li>\n<li><a href=\"https:\/\/www.itr.ufrrj.br\/portal\/wp-content\/uploads\/atas\/ata_DCMA_2016_RO_2.pdf\" target=\"_blank\" rel=\"noopener noreferrer\">2\u00aa Reuni\u00e3o Ordin\u00e1ria<\/a><\/li>\n<li><a href=\"https:\/\/www.itr.ufrrj.br\/portal\/wp-content\/uploads\/atas\/ata_DCMA_2016_RO_5.pdf\" target=\"_blank\" rel=\"noopener noreferrer\">1\u00aa Reuni\u00e3o Ordin\u00e1ria<\/a><\/li>\n<\/ul>\n<h2>2015<\/h2>\n<ul>\n<li><a href=\"https:\/\/www.itr.ufrrj.br\/portal\/wp-content\/uploads\/atas\/ata_DCMA_2015_RO_10.pdf\" target=\"_blank\" rel=\"noopener noreferrer\">10\u00aa Reuni\u00e3o Ordin\u00e1ria<\/a><\/li>\n<li><a href=\"https:\/\/www.itr.ufrrj.br\/portal\/wp-content\/uploads\/atas\/ata_DCMA_2015_RO_9.pdf\" target=\"_blank\" rel=\"noopener noreferrer\">9\u00aa Reuni\u00e3o Ordin\u00e1ria<\/a><\/li>\n<li><a href=\"https:\/\/www.itr.ufrrj.br\/portal\/wp-content\/uploads\/atas\/ata_DCMA_2015_RO_8.pdf\" target=\"_blank\" rel=\"noopener noreferrer\">8\u00aa Reuni\u00e3o Ordin\u00e1ria<\/a><\/li>\n<li><a href=\"https:\/\/www.itr.ufrrj.br\/portal\/wp-content\/uploads\/atas\/ata_DCMA_2015_RO_7.pdf\" target=\"_blank\" rel=\"noopener noreferrer\">7\u00aa Reuni\u00e3o Ordin\u00e1ria<\/a><\/li>\n<li><a href=\"https:\/\/www.itr.ufrrj.br\/portal\/wp-content\/uploads\/atas\/ATA_6_RO_DCMA.pdf\" target=\"_blank\" rel=\"noopener noreferrer\">6\u00aa Reuni\u00e3o Ordin\u00e1ria<\/a><\/li>\n<li><a href=\"https:\/\/www.itr.ufrrj.br\/portal\/wp-content\/uploads\/atas\/ATA_5_RO_DCMA.pdf\" target=\"_blank\" rel=\"noopener noreferrer\">5\u00aa Reuni\u00e3o Ordin\u00e1ria<\/a><\/li>\n<li><a href=\"https:\/\/www.itr.ufrrj.br\/portal\/wp-content\/uploads\/atas\/ATA_4_RO_DCMA.pdf\" target=\"_blank\" rel=\"noopener noreferrer\">4\u00aa Reuni\u00e3o Ordin\u00e1ria<\/a><\/li>\n<li><a href=\"https:\/\/www.itr.ufrrj.br\/portal\/wp-content\/uploads\/atas\/ATA_3_RO_DCMA.pdf\" target=\"_blank\" rel=\"noopener noreferrer\">3\u00aa Reuni\u00e3o Ordin\u00e1ria<\/a><\/li>\n<li>2\u00aa Reuni\u00e3o Ordin\u00e1ria<\/li>\n<li><a href=\"https:\/\/www.itr.ufrrj.br\/portal\/wp-content\/uploads\/atas\/ATA_1_RO_DCMA.pdf\" target=\"_blank\" rel=\"noopener noreferrer\">1\u00aa Reuni\u00e3o Ordin\u00e1ria<\/a><\/li>\n<\/ul>\n","protected":false},"excerpt":{"rendered":"<p>2022 2\u00aa Reuni\u00e3o Ordin\u00e1ria &#8211; 08\/03\/2022 1\u00aa Reuni\u00e3o Ordin\u00e1ria &#8211; 10\/02\/2022 2021 11\u00aa Reuni\u00e3o Ordin\u00e1ria &#8211; 08\/12\/2021 10\u00aa Reuni\u00e3o Ordin\u00e1ria &#8211; 03\/11\/2021 9\u00aa Reuni\u00e3o Ordin\u00e1ria &#8211; 04\/10\/2021 8\u00aa Reuni\u00e3o Ordin\u00e1ria\u00a0&#8211; [&hellip;]<\/p>\n","protected":false},"author":4,"featured_media":0,"parent":1990,"menu_order":0,"comment_status":"closed","ping_status":"closed","template":"page-cursos.php","meta":{"_acf_changed":false,"editor_plus_copied_stylings":"{}","footnotes":""},"class_list":["post-1995","page","type-page","status-publish","hentry"],"acf":[],"yoast_head":"<!-- This site is optimized with the Yoast SEO plugin v27.4 - https:\/\/yoast.com\/product\/yoast-seo-wordpress\/ -->\n<title>Atas de Reuni\u00f5es do DCMA - Campus Tr\u00eas Rios | UFRRJ<\/title>\n<meta name=\"description\" content=\"Atas de Reuni\u00f5es do DCMA\" \/>\n<meta name=\"robots\" content=\"index, follow, max-snippet:-1, max-image-preview:large, max-video-preview:-1\" \/>\n<link rel=\"canonical\" href=\"https:\/\/itr.ufrrj.br\/portal\/departamentos\/dcma\/atas-de-reunioes\/\" \/>\n<meta property=\"og:locale\" content=\"pt_BR\" \/>\n<meta property=\"og:type\" content=\"article\" \/>\n<meta property=\"og:title\" content=\"Atas de Reuni\u00f5es do DCMA\" \/>\n<meta property=\"og:description\" content=\"Atas de Reuni\u00f5es do DCMA\" \/>\n<meta property=\"og:url\" content=\"https:\/\/itr.ufrrj.br\/portal\/departamentos\/dcma\/atas-de-reunioes\/\" \/>\n<meta property=\"og:site_name\" content=\"Campus Tr\u00eas Rios | UFRRJ\" \/>\n<meta property=\"article:publisher\" content=\"https:\/\/www.facebook.com\/itr.ufrrj\" \/>\n<meta property=\"article:modified_time\" content=\"2022-03-25T12:03:56+00:00\" \/>\n<meta name=\"twitter:card\" content=\"summary_large_image\" \/>\n<meta name=\"twitter:label1\" content=\"Est. tempo de leitura\" \/>\n\t<meta name=\"twitter:data1\" content=\"2 minutos\" \/>\n<script type=\"application\/ld+json\" class=\"yoast-schema-graph\">{\"@context\":\"https:\\\/\\\/schema.org\",\"@graph\":[{\"@type\":\"WebPage\",\"@id\":\"https:\\\/\\\/itr.ufrrj.br\\\/portal\\\/departamentos\\\/dcma\\\/atas-de-reunioes\\\/\",\"url\":\"https:\\\/\\\/itr.ufrrj.br\\\/portal\\\/departamentos\\\/dcma\\\/atas-de-reunioes\\\/\",\"name\":\"Atas de Reuni\u00f5es do DCMA - Campus Tr\u00eas Rios | UFRRJ\",\"isPartOf\":{\"@id\":\"https:\\\/\\\/itr.ufrrj.br\\\/portal\\\/#website\"},\"datePublished\":\"2014-11-03T17:02:29+00:00\",\"dateModified\":\"2022-03-25T12:03:56+00:00\",\"description\":\"Atas de Reuni\u00f5es do DCMA\",\"breadcrumb\":{\"@id\":\"https:\\\/\\\/itr.ufrrj.br\\\/portal\\\/departamentos\\\/dcma\\\/atas-de-reunioes\\\/#breadcrumb\"},\"inLanguage\":\"pt-BR\",\"potentialAction\":[{\"@type\":\"ReadAction\",\"target\":[\"https:\\\/\\\/itr.ufrrj.br\\\/portal\\\/departamentos\\\/dcma\\\/atas-de-reunioes\\\/\"]}]},{\"@type\":\"BreadcrumbList\",\"@id\":\"https:\\\/\\\/itr.ufrrj.br\\\/portal\\\/departamentos\\\/dcma\\\/atas-de-reunioes\\\/#breadcrumb\",\"itemListElement\":[{\"@type\":\"ListItem\",\"position\":1,\"name\":\"In\u00edcio\",\"item\":\"https:\\\/\\\/itr.ufrrj.br\\\/portal\\\/\"},{\"@type\":\"ListItem\",\"position\":2,\"name\":\"Departamentos\",\"item\":\"https:\\\/\\\/itr.ufrrj.br\\\/portal\\\/departamentos\\\/\"},{\"@type\":\"ListItem\",\"position\":3,\"name\":\"DCMA\",\"item\":\"https:\\\/\\\/itr.ufrrj.br\\\/portal\\\/departamentos\\\/dcma\\\/\"},{\"@type\":\"ListItem\",\"position\":4,\"name\":\"Atas de Reuni\u00f5es do DCMA\"}]},{\"@type\":\"WebSite\",\"@id\":\"https:\\\/\\\/itr.ufrrj.br\\\/portal\\\/#website\",\"url\":\"https:\\\/\\\/itr.ufrrj.br\\\/portal\\\/\",\"name\":\"Campus Tr\u00eas Rios | UFRRJ\",\"description\":\"Localizado na cidade de Tr\u00eas Rios - RJ\",\"publisher\":{\"@id\":\"https:\\\/\\\/itr.ufrrj.br\\\/portal\\\/#organization\"},\"potentialAction\":[{\"@type\":\"SearchAction\",\"target\":{\"@type\":\"EntryPoint\",\"urlTemplate\":\"https:\\\/\\\/itr.ufrrj.br\\\/portal\\\/?s={search_term_string}\"},\"query-input\":{\"@type\":\"PropertyValueSpecification\",\"valueRequired\":true,\"valueName\":\"search_term_string\"}}],\"inLanguage\":\"pt-BR\"},{\"@type\":\"Organization\",\"@id\":\"https:\\\/\\\/itr.ufrrj.br\\\/portal\\\/#organization\",\"name\":\"Instituto Tr\u00eas Rios\\\/UFRRJ\",\"url\":\"https:\\\/\\\/itr.ufrrj.br\\\/portal\\\/\",\"logo\":{\"@type\":\"ImageObject\",\"inLanguage\":\"pt-BR\",\"@id\":\"https:\\\/\\\/itr.ufrrj.br\\\/portal\\\/#\\\/schema\\\/logo\\\/image\\\/\",\"url\":\"https:\\\/\\\/itr.ufrrj.br\\\/portal\\\/wp-content\\\/uploads\\\/2020\\\/04\\\/logo-institutotresrios-ufrrj.png\",\"contentUrl\":\"https:\\\/\\\/itr.ufrrj.br\\\/portal\\\/wp-content\\\/uploads\\\/2020\\\/04\\\/logo-institutotresrios-ufrrj.png\",\"width\":1067,\"height\":240,\"caption\":\"Instituto Tr\u00eas Rios\\\/UFRRJ\"},\"image\":{\"@id\":\"https:\\\/\\\/itr.ufrrj.br\\\/portal\\\/#\\\/schema\\\/logo\\\/image\\\/\"},\"sameAs\":[\"https:\\\/\\\/www.facebook.com\\\/itr.ufrrj\"]}]}<\/script>\n<!-- \/ Yoast SEO plugin. -->","yoast_head_json":{"title":"Atas de Reuni\u00f5es do DCMA - Campus Tr\u00eas Rios | UFRRJ","description":"Atas de Reuni\u00f5es do DCMA","robots":{"index":"index","follow":"follow","max-snippet":"max-snippet:-1","max-image-preview":"max-image-preview:large","max-video-preview":"max-video-preview:-1"},"canonical":"https:\/\/itr.ufrrj.br\/portal\/departamentos\/dcma\/atas-de-reunioes\/","og_locale":"pt_BR","og_type":"article","og_title":"Atas de Reuni\u00f5es do DCMA","og_description":"Atas de Reuni\u00f5es do DCMA","og_url":"https:\/\/itr.ufrrj.br\/portal\/departamentos\/dcma\/atas-de-reunioes\/","og_site_name":"Campus Tr\u00eas Rios | UFRRJ","article_publisher":"https:\/\/www.facebook.com\/itr.ufrrj","article_modified_time":"2022-03-25T12:03:56+00:00","twitter_card":"summary_large_image","twitter_misc":{"Est. tempo de leitura":"2 minutos"},"schema":{"@context":"https:\/\/schema.org","@graph":[{"@type":"WebPage","@id":"https:\/\/itr.ufrrj.br\/portal\/departamentos\/dcma\/atas-de-reunioes\/","url":"https:\/\/itr.ufrrj.br\/portal\/departamentos\/dcma\/atas-de-reunioes\/","name":"Atas de Reuni\u00f5es do DCMA - Campus Tr\u00eas Rios | UFRRJ","isPartOf":{"@id":"https:\/\/itr.ufrrj.br\/portal\/#website"},"datePublished":"2014-11-03T17:02:29+00:00","dateModified":"2022-03-25T12:03:56+00:00","description":"Atas de Reuni\u00f5es do DCMA","breadcrumb":{"@id":"https:\/\/itr.ufrrj.br\/portal\/departamentos\/dcma\/atas-de-reunioes\/#breadcrumb"},"inLanguage":"pt-BR","potentialAction":[{"@type":"ReadAction","target":["https:\/\/itr.ufrrj.br\/portal\/departamentos\/dcma\/atas-de-reunioes\/"]}]},{"@type":"BreadcrumbList","@id":"https:\/\/itr.ufrrj.br\/portal\/departamentos\/dcma\/atas-de-reunioes\/#breadcrumb","itemListElement":[{"@type":"ListItem","position":1,"name":"In\u00edcio","item":"https:\/\/itr.ufrrj.br\/portal\/"},{"@type":"ListItem","position":2,"name":"Departamentos","item":"https:\/\/itr.ufrrj.br\/portal\/departamentos\/"},{"@type":"ListItem","position":3,"name":"DCMA","item":"https:\/\/itr.ufrrj.br\/portal\/departamentos\/dcma\/"},{"@type":"ListItem","position":4,"name":"Atas de Reuni\u00f5es do DCMA"}]},{"@type":"WebSite","@id":"https:\/\/itr.ufrrj.br\/portal\/#website","url":"https:\/\/itr.ufrrj.br\/portal\/","name":"Campus Tr\u00eas Rios | UFRRJ","description":"Localizado na cidade de Tr\u00eas Rios - RJ","publisher":{"@id":"https:\/\/itr.ufrrj.br\/portal\/#organization"},"potentialAction":[{"@type":"SearchAction","target":{"@type":"EntryPoint","urlTemplate":"https:\/\/itr.ufrrj.br\/portal\/?s={search_term_string}"},"query-input":{"@type":"PropertyValueSpecification","valueRequired":true,"valueName":"search_term_string"}}],"inLanguage":"pt-BR"},{"@type":"Organization","@id":"https:\/\/itr.ufrrj.br\/portal\/#organization","name":"Instituto Tr\u00eas Rios\/UFRRJ","url":"https:\/\/itr.ufrrj.br\/portal\/","logo":{"@type":"ImageObject","inLanguage":"pt-BR","@id":"https:\/\/itr.ufrrj.br\/portal\/#\/schema\/logo\/image\/","url":"https:\/\/itr.ufrrj.br\/portal\/wp-content\/uploads\/2020\/04\/logo-institutotresrios-ufrrj.png","contentUrl":"https:\/\/itr.ufrrj.br\/portal\/wp-content\/uploads\/2020\/04\/logo-institutotresrios-ufrrj.png","width":1067,"height":240,"caption":"Instituto Tr\u00eas Rios\/UFRRJ"},"image":{"@id":"https:\/\/itr.ufrrj.br\/portal\/#\/schema\/logo\/image\/"},"sameAs":["https:\/\/www.facebook.com\/itr.ufrrj"]}]}},"jetpack_sharing_enabled":true,"amp_enabled":false,"_links":{"self":[{"href":"https:\/\/itr.ufrrj.br\/portal\/wp-json\/wp\/v2\/pages\/1995","targetHints":{"allow":["GET"]}}],"collection":[{"href":"https:\/\/itr.ufrrj.br\/portal\/wp-json\/wp\/v2\/pages"}],"about":[{"href":"https:\/\/itr.ufrrj.br\/portal\/wp-json\/wp\/v2\/types\/page"}],"author":[{"embeddable":true,"href":"https:\/\/itr.ufrrj.br\/portal\/wp-json\/wp\/v2\/users\/4"}],"replies":[{"embeddable":true,"href":"https:\/\/itr.ufrrj.br\/portal\/wp-json\/wp\/v2\/comments?post=1995"}],"version-history":[{"count":43,"href":"https:\/\/itr.ufrrj.br\/portal\/wp-json\/wp\/v2\/pages\/1995\/revisions"}],"predecessor-version":[{"id":12849,"href":"https:\/\/itr.ufrrj.br\/portal\/wp-json\/wp\/v2\/pages\/1995\/revisions\/12849"}],"up":[{"embeddable":true,"href":"https:\/\/itr.ufrrj.br\/portal\/wp-json\/wp\/v2\/pages\/1990"}],"wp:attachment":[{"href":"https:\/\/itr.ufrrj.br\/portal\/wp-json\/wp\/v2\/media?parent=1995"}],"curies":[{"name":"wp","href":"https:\/\/api.w.org\/{rel}","templated":true}]}}