{"id":1990,"date":"2014-11-03T13:58:21","date_gmt":"2014-11-03T16:58:21","guid":{"rendered":"http:\/\/www.itr.ufrrj.br\/portal\/?page_id=1990"},"modified":"2025-05-20T16:13:05","modified_gmt":"2025-05-20T19:13:05","slug":"dcma","status":"publish","type":"page","link":"https:\/\/itr.ufrrj.br\/portal\/departamentos\/dcma\/","title":{"rendered":"DCMA"},"content":{"rendered":"<p style=\"text-align: justify;\">O <strong>Departamento Ci\u00eancias do Meio Ambiente (DCMA)<\/strong> re\u00fane o corpo social da UFRRJ debru\u00e7ado sobre ensino, pesquisa e extens\u00e3o em \u00e1reas que visam propor estudos relacionados ao meio ambiente,\u00a0contribuindo efetivamente para a conserva\u00e7\u00e3o dos recursos naturais e para a melhoria das condi\u00e7\u00f5es ambientais, criando meios para garantir que a popula\u00e7\u00e3o tenha adequada qualidade de vida, al\u00e9m de fomentar o desenvolvimento econ\u00f4mico em bases sustent\u00e1veis. A produ\u00e7\u00e3o cient\u00edfica tem contribu\u00eddo, em sua maioria, para a \u00e1rea interdisciplinar, al\u00e9m de ci\u00eancias ambientais,\u00a0ci\u00eancias agr\u00e1rias,\u00a0ci\u00eancias humanas e ci\u00eancias sociais aplicadas. O departamento oferece componentes curriculares, projetos e apoia programas acad\u00eamicos para estudantes, principalmente,\u00a0dos cursos de\u00a0gradua\u00e7\u00e3o em\u00a0Administra\u00e7\u00e3o, Economia, Direito e Gest\u00e3o Ambiental.\u00a0Em sua miss\u00e3o prec\u00edpua, abriga o curso de Gest\u00e3o Ambiental, reunindo docentes e t\u00e9cnicos, expandindo seu alinhamento \u00e0 miss\u00e3o da UFRRJ atrav\u00e9s do colegiado do departamento, que conta com a participa\u00e7\u00e3o da representa\u00e7\u00e3o estudantil.<\/p>\n<p style=\"text-align: justify;\">O corpo docente coordena pesquisas nas \u00e1reas de ecotoxicologia, qu\u00edmica ambiental, restaura\u00e7\u00e3o de ecossistemas, recursos h\u00eddricos, bot\u00e2nica, educa\u00e7\u00e3o ambiental, ecologia, zoologia, gest\u00e3o de unidades de conserva\u00e7\u00e3o, ci\u00eancias atmosf\u00e9ricas, geoprocessamento, geologia, pedologia, contamina\u00e7\u00e3o ambiental, economia do meio ambiente, licenciamento ambiental, log\u00edstica reversa,\u00a0avalia\u00e7\u00e3o de impactos ambientais, conserva\u00e7\u00e3o da natureza, agroecologia, ecologia qu\u00edmica, entre outras. Professores tem participado ativamente de f\u00f3runs municipais, estaduais e federais para implementa\u00e7\u00e3o de pol\u00edticas p\u00fablicas para o desenvolvimento sustent\u00e1vel, al\u00e9m de atuarem em programas de p\u00f3s gradua\u00e7\u00e3o.<\/p>\n","protected":false},"excerpt":{"rendered":"<p>O Departamento Ci\u00eancias do Meio Ambiente (DCMA) re\u00fane o corpo social da UFRRJ debru\u00e7ado sobre ensino, pesquisa e extens\u00e3o em \u00e1reas que visam propor estudos relacionados ao meio ambiente,\u00a0contribuindo efetivamente [&hellip;]<\/p>\n","protected":false},"author":4,"featured_media":3991,"parent":19,"menu_order":0,"comment_status":"closed","ping_status":"closed","template":"page-cursos.php","meta":{"_acf_changed":false,"editor_plus_copied_stylings":"{}","footnotes":""},"class_list":["post-1990","page","type-page","status-publish","has-post-thumbnail","hentry"],"acf":[],"yoast_head":"<!-- This site is optimized with the Yoast SEO plugin v27.4 - https:\/\/yoast.com\/product\/yoast-seo-wordpress\/ -->\n<title>DCMA - Campus Tr\u00eas Rios | UFRRJ<\/title>\n<meta name=\"description\" content=\"DCMA - Departamento de Ci\u00eancias do Meio Ambiente\" \/>\n<meta name=\"robots\" content=\"index, follow, max-snippet:-1, max-image-preview:large, max-video-preview:-1\" \/>\n<link rel=\"canonical\" href=\"https:\/\/itr.ufrrj.br\/portal\/departamentos\/dcma\/\" \/>\n<meta property=\"og:locale\" content=\"pt_BR\" \/>\n<meta property=\"og:type\" content=\"article\" \/>\n<meta property=\"og:title\" content=\"DCMA - Departamento de Ci\u00eancias do Meio Ambiente\" \/>\n<meta property=\"og:description\" content=\"DCMA - Departamento de Ci\u00eancias do Meio Ambiente\" \/>\n<meta property=\"og:url\" content=\"https:\/\/itr.ufrrj.br\/portal\/departamentos\/dcma\/\" \/>\n<meta property=\"og:site_name\" content=\"Campus Tr\u00eas Rios | UFRRJ\" \/>\n<meta property=\"article:publisher\" content=\"https:\/\/www.facebook.com\/itr.ufrrj\" \/>\n<meta property=\"article:modified_time\" content=\"2025-05-20T19:13:05+00:00\" \/>\n<meta property=\"og:image\" content=\"https:\/\/itr.ufrrj.br\/portal\/wp-content\/uploads\/2014\/11\/topo-dcma.jpg\" \/>\n\t<meta property=\"og:image:width\" content=\"1200\" \/>\n\t<meta property=\"og:image:height\" content=\"250\" \/>\n\t<meta property=\"og:image:type\" content=\"image\/jpeg\" \/>\n<meta name=\"twitter:card\" content=\"summary_large_image\" \/>\n<meta name=\"twitter:label1\" content=\"Est. tempo de leitura\" \/>\n\t<meta name=\"twitter:data1\" content=\"2 minutos\" \/>\n<script type=\"application\/ld+json\" class=\"yoast-schema-graph\">{\"@context\":\"https:\\\/\\\/schema.org\",\"@graph\":[{\"@type\":\"WebPage\",\"@id\":\"https:\\\/\\\/itr.ufrrj.br\\\/portal\\\/departamentos\\\/dcma\\\/\",\"url\":\"https:\\\/\\\/itr.ufrrj.br\\\/portal\\\/departamentos\\\/dcma\\\/\",\"name\":\"DCMA - Campus Tr\u00eas Rios | UFRRJ\",\"isPartOf\":{\"@id\":\"https:\\\/\\\/itr.ufrrj.br\\\/portal\\\/#website\"},\"primaryImageOfPage\":{\"@id\":\"https:\\\/\\\/itr.ufrrj.br\\\/portal\\\/departamentos\\\/dcma\\\/#primaryimage\"},\"image\":{\"@id\":\"https:\\\/\\\/itr.ufrrj.br\\\/portal\\\/departamentos\\\/dcma\\\/#primaryimage\"},\"thumbnailUrl\":\"https:\\\/\\\/itr.ufrrj.br\\\/portal\\\/wp-content\\\/uploads\\\/2014\\\/11\\\/topo-dcma.jpg\",\"datePublished\":\"2014-11-03T16:58:21+00:00\",\"dateModified\":\"2025-05-20T19:13:05+00:00\",\"description\":\"DCMA - Departamento de Ci\u00eancias do Meio Ambiente\",\"breadcrumb\":{\"@id\":\"https:\\\/\\\/itr.ufrrj.br\\\/portal\\\/departamentos\\\/dcma\\\/#breadcrumb\"},\"inLanguage\":\"pt-BR\",\"potentialAction\":[{\"@type\":\"ReadAction\",\"target\":[\"https:\\\/\\\/itr.ufrrj.br\\\/portal\\\/departamentos\\\/dcma\\\/\"]}]},{\"@type\":\"ImageObject\",\"inLanguage\":\"pt-BR\",\"@id\":\"https:\\\/\\\/itr.ufrrj.br\\\/portal\\\/departamentos\\\/dcma\\\/#primaryimage\",\"url\":\"https:\\\/\\\/itr.ufrrj.br\\\/portal\\\/wp-content\\\/uploads\\\/2014\\\/11\\\/topo-dcma.jpg\",\"contentUrl\":\"https:\\\/\\\/itr.ufrrj.br\\\/portal\\\/wp-content\\\/uploads\\\/2014\\\/11\\\/topo-dcma.jpg\",\"width\":1200,\"height\":250,\"caption\":\"Departamento de Ci\u00eancias do Meio Ambiente - ITR\\\/UFRRJ\"},{\"@type\":\"BreadcrumbList\",\"@id\":\"https:\\\/\\\/itr.ufrrj.br\\\/portal\\\/departamentos\\\/dcma\\\/#breadcrumb\",\"itemListElement\":[{\"@type\":\"ListItem\",\"position\":1,\"name\":\"In\u00edcio\",\"item\":\"https:\\\/\\\/itr.ufrrj.br\\\/portal\\\/\"},{\"@type\":\"ListItem\",\"position\":2,\"name\":\"Departamentos\",\"item\":\"https:\\\/\\\/itr.ufrrj.br\\\/portal\\\/departamentos\\\/\"},{\"@type\":\"ListItem\",\"position\":3,\"name\":\"DCMA\"}]},{\"@type\":\"WebSite\",\"@id\":\"https:\\\/\\\/itr.ufrrj.br\\\/portal\\\/#website\",\"url\":\"https:\\\/\\\/itr.ufrrj.br\\\/portal\\\/\",\"name\":\"Campus Tr\u00eas Rios | UFRRJ\",\"description\":\"Localizado na cidade de Tr\u00eas Rios - RJ\",\"publisher\":{\"@id\":\"https:\\\/\\\/itr.ufrrj.br\\\/portal\\\/#organization\"},\"potentialAction\":[{\"@type\":\"SearchAction\",\"target\":{\"@type\":\"EntryPoint\",\"urlTemplate\":\"https:\\\/\\\/itr.ufrrj.br\\\/portal\\\/?s={search_term_string}\"},\"query-input\":{\"@type\":\"PropertyValueSpecification\",\"valueRequired\":true,\"valueName\":\"search_term_string\"}}],\"inLanguage\":\"pt-BR\"},{\"@type\":\"Organization\",\"@id\":\"https:\\\/\\\/itr.ufrrj.br\\\/portal\\\/#organization\",\"name\":\"Instituto Tr\u00eas Rios\\\/UFRRJ\",\"url\":\"https:\\\/\\\/itr.ufrrj.br\\\/portal\\\/\",\"logo\":{\"@type\":\"ImageObject\",\"inLanguage\":\"pt-BR\",\"@id\":\"https:\\\/\\\/itr.ufrrj.br\\\/portal\\\/#\\\/schema\\\/logo\\\/image\\\/\",\"url\":\"https:\\\/\\\/itr.ufrrj.br\\\/portal\\\/wp-content\\\/uploads\\\/2020\\\/04\\\/logo-institutotresrios-ufrrj.png\",\"contentUrl\":\"https:\\\/\\\/itr.ufrrj.br\\\/portal\\\/wp-content\\\/uploads\\\/2020\\\/04\\\/logo-institutotresrios-ufrrj.png\",\"width\":1067,\"height\":240,\"caption\":\"Instituto Tr\u00eas Rios\\\/UFRRJ\"},\"image\":{\"@id\":\"https:\\\/\\\/itr.ufrrj.br\\\/portal\\\/#\\\/schema\\\/logo\\\/image\\\/\"},\"sameAs\":[\"https:\\\/\\\/www.facebook.com\\\/itr.ufrrj\"]}]}<\/script>\n<!-- \/ Yoast SEO plugin. -->","yoast_head_json":{"title":"DCMA - Campus Tr\u00eas Rios | UFRRJ","description":"DCMA - Departamento de Ci\u00eancias do Meio Ambiente","robots":{"index":"index","follow":"follow","max-snippet":"max-snippet:-1","max-image-preview":"max-image-preview:large","max-video-preview":"max-video-preview:-1"},"canonical":"https:\/\/itr.ufrrj.br\/portal\/departamentos\/dcma\/","og_locale":"pt_BR","og_type":"article","og_title":"DCMA - Departamento de Ci\u00eancias do Meio Ambiente","og_description":"DCMA - Departamento de Ci\u00eancias do Meio Ambiente","og_url":"https:\/\/itr.ufrrj.br\/portal\/departamentos\/dcma\/","og_site_name":"Campus Tr\u00eas Rios | UFRRJ","article_publisher":"https:\/\/www.facebook.com\/itr.ufrrj","article_modified_time":"2025-05-20T19:13:05+00:00","og_image":[{"width":1200,"height":250,"url":"https:\/\/itr.ufrrj.br\/portal\/wp-content\/uploads\/2014\/11\/topo-dcma.jpg","type":"image\/jpeg"}],"twitter_card":"summary_large_image","twitter_misc":{"Est. tempo de leitura":"2 minutos"},"schema":{"@context":"https:\/\/schema.org","@graph":[{"@type":"WebPage","@id":"https:\/\/itr.ufrrj.br\/portal\/departamentos\/dcma\/","url":"https:\/\/itr.ufrrj.br\/portal\/departamentos\/dcma\/","name":"DCMA - Campus Tr\u00eas Rios | UFRRJ","isPartOf":{"@id":"https:\/\/itr.ufrrj.br\/portal\/#website"},"primaryImageOfPage":{"@id":"https:\/\/itr.ufrrj.br\/portal\/departamentos\/dcma\/#primaryimage"},"image":{"@id":"https:\/\/itr.ufrrj.br\/portal\/departamentos\/dcma\/#primaryimage"},"thumbnailUrl":"https:\/\/itr.ufrrj.br\/portal\/wp-content\/uploads\/2014\/11\/topo-dcma.jpg","datePublished":"2014-11-03T16:58:21+00:00","dateModified":"2025-05-20T19:13:05+00:00","description":"DCMA - Departamento de Ci\u00eancias do Meio Ambiente","breadcrumb":{"@id":"https:\/\/itr.ufrrj.br\/portal\/departamentos\/dcma\/#breadcrumb"},"inLanguage":"pt-BR","potentialAction":[{"@type":"ReadAction","target":["https:\/\/itr.ufrrj.br\/portal\/departamentos\/dcma\/"]}]},{"@type":"ImageObject","inLanguage":"pt-BR","@id":"https:\/\/itr.ufrrj.br\/portal\/departamentos\/dcma\/#primaryimage","url":"https:\/\/itr.ufrrj.br\/portal\/wp-content\/uploads\/2014\/11\/topo-dcma.jpg","contentUrl":"https:\/\/itr.ufrrj.br\/portal\/wp-content\/uploads\/2014\/11\/topo-dcma.jpg","width":1200,"height":250,"caption":"Departamento de Ci\u00eancias do Meio Ambiente - ITR\/UFRRJ"},{"@type":"BreadcrumbList","@id":"https:\/\/itr.ufrrj.br\/portal\/departamentos\/dcma\/#breadcrumb","itemListElement":[{"@type":"ListItem","position":1,"name":"In\u00edcio","item":"https:\/\/itr.ufrrj.br\/portal\/"},{"@type":"ListItem","position":2,"name":"Departamentos","item":"https:\/\/itr.ufrrj.br\/portal\/departamentos\/"},{"@type":"ListItem","position":3,"name":"DCMA"}]},{"@type":"WebSite","@id":"https:\/\/itr.ufrrj.br\/portal\/#website","url":"https:\/\/itr.ufrrj.br\/portal\/","name":"Campus Tr\u00eas Rios | UFRRJ","description":"Localizado na cidade de Tr\u00eas Rios - RJ","publisher":{"@id":"https:\/\/itr.ufrrj.br\/portal\/#organization"},"potentialAction":[{"@type":"SearchAction","target":{"@type":"EntryPoint","urlTemplate":"https:\/\/itr.ufrrj.br\/portal\/?s={search_term_string}"},"query-input":{"@type":"PropertyValueSpecification","valueRequired":true,"valueName":"search_term_string"}}],"inLanguage":"pt-BR"},{"@type":"Organization","@id":"https:\/\/itr.ufrrj.br\/portal\/#organization","name":"Instituto Tr\u00eas Rios\/UFRRJ","url":"https:\/\/itr.ufrrj.br\/portal\/","logo":{"@type":"ImageObject","inLanguage":"pt-BR","@id":"https:\/\/itr.ufrrj.br\/portal\/#\/schema\/logo\/image\/","url":"https:\/\/itr.ufrrj.br\/portal\/wp-content\/uploads\/2020\/04\/logo-institutotresrios-ufrrj.png","contentUrl":"https:\/\/itr.ufrrj.br\/portal\/wp-content\/uploads\/2020\/04\/logo-institutotresrios-ufrrj.png","width":1067,"height":240,"caption":"Instituto Tr\u00eas Rios\/UFRRJ"},"image":{"@id":"https:\/\/itr.ufrrj.br\/portal\/#\/schema\/logo\/image\/"},"sameAs":["https:\/\/www.facebook.com\/itr.ufrrj"]}]}},"jetpack_sharing_enabled":true,"amp_enabled":false,"_links":{"self":[{"href":"https:\/\/itr.ufrrj.br\/portal\/wp-json\/wp\/v2\/pages\/1990","targetHints":{"allow":["GET"]}}],"collection":[{"href":"https:\/\/itr.ufrrj.br\/portal\/wp-json\/wp\/v2\/pages"}],"about":[{"href":"https:\/\/itr.ufrrj.br\/portal\/wp-json\/wp\/v2\/types\/page"}],"author":[{"embeddable":true,"href":"https:\/\/itr.ufrrj.br\/portal\/wp-json\/wp\/v2\/users\/4"}],"replies":[{"embeddable":true,"href":"https:\/\/itr.ufrrj.br\/portal\/wp-json\/wp\/v2\/comments?post=1990"}],"version-history":[{"count":15,"href":"https:\/\/itr.ufrrj.br\/portal\/wp-json\/wp\/v2\/pages\/1990\/revisions"}],"predecessor-version":[{"id":32290,"href":"https:\/\/itr.ufrrj.br\/portal\/wp-json\/wp\/v2\/pages\/1990\/revisions\/32290"}],"up":[{"embeddable":true,"href":"https:\/\/itr.ufrrj.br\/portal\/wp-json\/wp\/v2\/pages\/19"}],"wp:featuredmedia":[{"embeddable":true,"href":"https:\/\/itr.ufrrj.br\/portal\/wp-json\/wp\/v2\/media\/3991"}],"wp:attachment":[{"href":"https:\/\/itr.ufrrj.br\/portal\/wp-json\/wp\/v2\/media?parent=1990"}],"curies":[{"name":"wp","href":"https:\/\/api.w.org\/{rel}","templated":true}]}}