{"id":12742,"date":"2022-02-15T13:28:23","date_gmt":"2022-02-15T16:28:23","guid":{"rendered":"https:\/\/itr.ufrrj.br\/portal\/?page_id=12742"},"modified":"2025-05-05T08:28:23","modified_gmt":"2025-05-05T11:28:23","slug":"calendario-de-reunioes-dcas","status":"publish","type":"page","link":"https:\/\/itr.ufrrj.br\/portal\/departamentos\/dcas\/calendario-de-reunioes-dcas\/","title":{"rendered":"Calend\u00e1rio de Reuni\u00f5es | DCAS"},"content":{"rendered":"\n<h2 class=\"wp-block-heading\">2025<\/h2>\n\n\n\n<ol class=\"wp-block-list\">\n<li>19\/03\/2025 &#8211;&nbsp; 1\u00aa Reuni\u00e3o Ordin\u00e1ria&nbsp;<\/li>\n\n\n\n<li>03\/04\/2025 &#8211;&nbsp; 2\u00aa Reuni\u00e3o Ordin\u00e1ria &nbsp;&nbsp;<\/li>\n\n\n\n<li>06\/05\/2025 &#8211; 3\u00ba Reuni\u00e3o Ordin\u00e1ria&nbsp;<\/li>\n\n\n\n<li>04\/06\/2025 &#8211; 4\u00ba Reuni\u00e3o Ordin\u00e1ria&nbsp;<\/li>\n\n\n\n<li>03\/07\/2025 &#8211; 5\u00ba Reuni\u00e3o Ordin\u00e1ria&nbsp;<\/li>\n\n\n\n<li>12\/08\/2025 &#8211; 6\u00ba Reuni\u00e3o Ordin\u00e1ria&nbsp;<\/li>\n\n\n\n<li>03\/09\/2025 &#8211; 7\u00ba Reuni\u00e3o Ordin\u00e1ria&nbsp;<\/li>\n\n\n\n<li>02\/10\/2025 &#8211; 8\u00ba Reuni\u00e3o Ordin\u00e1ria&nbsp;<\/li>\n\n\n\n<li>04\/11\/2025 &#8211; 9\u00ba Reuni\u00e3o Ordin\u00e1ria&nbsp;<\/li>\n\n\n\n<li>03\/12\/2025 &#8211; 10\u00ba Reuni\u00e3o Ordin\u00e1ria &nbsp;<\/li>\n<\/ol>\n\n\n\n<h2 class=\"wp-block-heading\">2024<\/h2>\n\n\n\n<ol class=\"wp-block-list\">\n<li>04\/03\/2024 &#8211; 1\u00aa Reuni\u00e3o Ordin\u00e1ria<\/li>\n\n\n\n<li>09\/04\/2024 &#8211; 2\u00aa Reuni\u00e3o Ordin\u00e1ria<\/li>\n\n\n\n<li>08\/05\/2024 &#8211; 3\u00aa Reuni\u00e3o Ordin\u00e1ria<\/li>\n\n\n\n<li>06\/06\/2024 &#8211; 4\u00aa Reuni\u00e3o Ordin\u00e1ria<\/li>\n\n\n\n<li>09\/08\/2024 &#8211; 5\u00aa Reuni\u00e3o Ordin\u00e1ria<\/li>\n\n\n\n<li>02\/09\/2024 &#8211; 6\u00aa Reuni\u00e3o Ordin\u00e1ria<\/li>\n\n\n\n<li>01\/10\/2024 &#8211; 7\u00aa Reuni\u00e3o Ordin\u00e1ria<\/li>\n\n\n\n<li>06\/11\/2024 &#8211; 8\u00aa Reuni\u00e3o Ordin\u00e1ria<\/li>\n\n\n\n<li>05\/12\/2024 &#8211; 9\u00aa Reuni\u00e3o Ordin\u00e1ria<\/li>\n<\/ol>\n\n\n\n<h2 class=\"wp-block-heading\">2023<\/h2>\n\n\n\n<ol class=\"wp-block-list\">\n<li>06\/02\/2023 \u2013 1\u00aa Reuni\u00e3o Ordin\u00e1ria<\/li>\n\n\n\n<li>07\/03\/2023 &#8211; 2\u00ba Reuni\u00e3o Ordin\u00e1ria<\/li>\n\n\n\n<li>19\/04\/2023&nbsp; &#8211; 3\u00ba Reuni\u00e3o Ordin\u00e1ria<\/li>\n\n\n\n<li>04\/052023 &#8211; 4\u00ba Reuni\u00e3o Ordin\u00e1ria<\/li>\n\n\n\n<li>02\/06\/2023 &#8211; 5\u00ba Reuni\u00e3o Ordin\u00e1ria<\/li>\n\n\n\n<li>03\/07\/2023 &#8211; 6\u00ba Reuni\u00e3o Ordin\u00e1ria<\/li>\n\n\n\n<li>01\/08\/2023 &#8211; 7\u00ba Reuni\u00e3o Ordin\u00e1ria<\/li>\n\n\n\n<li>05\/09\/2023 &#8211; 8\u00ba Reuni\u00e3o Ordin\u00e1ria<\/li>\n\n\n\n<li>05\/10\/2023 &#8211; 9\u00ba Reuni\u00e3o Ordin\u00e1ria<\/li>\n\n\n\n<li>10\/11\/2023 &#8211; 10\u00ba Reuni\u00e3o Ordin\u00e1ria<\/li>\n\n\n\n<li>04\/12\/2023 &#8211; 11 \u00ba Reuni\u00e3o Ordin\u00e1ria<\/li>\n<\/ol>\n\n\n\n<h2 class=\"wp-block-heading\">2022<\/h2>\n\n\n\n<ul class=\"wp-block-list\">\n<li>08\/02\/2022 &#8211; 1\u00aa Reuni\u00e3o Ordin\u00e1ria<\/li>\n\n\n\n<li>16\/03\/2022 &#8211; 2\u00aa Reuni\u00e3o Ordin\u00e1ria<\/li>\n\n\n\n<li>13\/04\/2022 &#8211; 3\u00aa Reuni\u00e3o Ordin\u00e1ria<\/li>\n\n\n\n<li>12\/05\/2022 &#8211; 4\u00aa Reuni\u00e3o Ordin\u00e1ria<\/li>\n\n\n\n<li>10\/06\/2022 &#8211; 5\u00aa Reuni\u00e3o Ordin\u00e1ria<\/li>\n\n\n\n<li>18\/07\/2022 &#8211; 6\u00aa Reuni\u00e3o Ordin\u00e1ria<\/li>\n\n\n\n<li>16\/08\/2022 &#8211; 7\u00aa Reuni\u00e3o Ordin\u00e1ria<\/li>\n\n\n\n<li>14\/09\/2022 &#8211; 8\u00aa Reuni\u00e3o Ordin\u00e1ria<\/li>\n\n\n\n<li>13\/10\/2022 &#8211; 9\u00aa Reuni\u00e3o Ordin\u00e1ria<\/li>\n\n\n\n<li>11\/11\/2022 &#8211; 10\u00aa Reuni\u00e3o Ordin\u00e1ria<\/li>\n\n\n\n<li>05\/12\/2022 &#8211; 11\u00aa Reuni\u00e3o Ordin\u00e1ria<\/li>\n<\/ul>\n","protected":false},"excerpt":{"rendered":"<p>2025 2024 2023 2022<\/p>\n","protected":false},"author":4,"featured_media":0,"parent":34,"menu_order":0,"comment_status":"closed","ping_status":"closed","template":"page-cursos.php","meta":{"_acf_changed":false,"editor_plus_copied_stylings":"{}","footnotes":""},"class_list":["post-12742","page","type-page","status-publish","hentry"],"acf":[],"yoast_head":"<!-- This site is optimized with the Yoast SEO plugin v27.4 - https:\/\/yoast.com\/product\/yoast-seo-wordpress\/ -->\n<title>Calend\u00e1rio de Reuni\u00f5es | DCAS - Campus Tr\u00eas Rios | UFRRJ<\/title>\n<meta name=\"robots\" content=\"index, follow, max-snippet:-1, max-image-preview:large, max-video-preview:-1\" \/>\n<link rel=\"canonical\" href=\"https:\/\/itr.ufrrj.br\/portal\/departamentos\/dcas\/calendario-de-reunioes-dcas\/\" \/>\n<meta property=\"og:locale\" content=\"pt_BR\" \/>\n<meta property=\"og:type\" content=\"article\" \/>\n<meta property=\"og:title\" content=\"Calend\u00e1rio de Reuni\u00f5es | DCAS - Campus Tr\u00eas Rios | UFRRJ\" \/>\n<meta property=\"og:description\" content=\"2025 2024 2023 2022\" \/>\n<meta property=\"og:url\" content=\"https:\/\/itr.ufrrj.br\/portal\/departamentos\/dcas\/calendario-de-reunioes-dcas\/\" \/>\n<meta property=\"og:site_name\" content=\"Campus Tr\u00eas Rios | UFRRJ\" \/>\n<meta property=\"article:publisher\" content=\"https:\/\/www.facebook.com\/itr.ufrrj\" \/>\n<meta property=\"article:modified_time\" content=\"2025-05-05T11:28:23+00:00\" \/>\n<meta name=\"twitter:card\" content=\"summary_large_image\" \/>\n<meta name=\"twitter:label1\" content=\"Est. tempo de leitura\" \/>\n\t<meta name=\"twitter:data1\" content=\"1 minuto\" \/>\n<script type=\"application\/ld+json\" class=\"yoast-schema-graph\">{\"@context\":\"https:\\\/\\\/schema.org\",\"@graph\":[{\"@type\":\"WebPage\",\"@id\":\"https:\\\/\\\/itr.ufrrj.br\\\/portal\\\/departamentos\\\/dcas\\\/calendario-de-reunioes-dcas\\\/\",\"url\":\"https:\\\/\\\/itr.ufrrj.br\\\/portal\\\/departamentos\\\/dcas\\\/calendario-de-reunioes-dcas\\\/\",\"name\":\"Calend\u00e1rio de Reuni\u00f5es | DCAS - Campus Tr\u00eas Rios | UFRRJ\",\"isPartOf\":{\"@id\":\"https:\\\/\\\/itr.ufrrj.br\\\/portal\\\/#website\"},\"datePublished\":\"2022-02-15T16:28:23+00:00\",\"dateModified\":\"2025-05-05T11:28:23+00:00\",\"breadcrumb\":{\"@id\":\"https:\\\/\\\/itr.ufrrj.br\\\/portal\\\/departamentos\\\/dcas\\\/calendario-de-reunioes-dcas\\\/#breadcrumb\"},\"inLanguage\":\"pt-BR\",\"potentialAction\":[{\"@type\":\"ReadAction\",\"target\":[\"https:\\\/\\\/itr.ufrrj.br\\\/portal\\\/departamentos\\\/dcas\\\/calendario-de-reunioes-dcas\\\/\"]}]},{\"@type\":\"BreadcrumbList\",\"@id\":\"https:\\\/\\\/itr.ufrrj.br\\\/portal\\\/departamentos\\\/dcas\\\/calendario-de-reunioes-dcas\\\/#breadcrumb\",\"itemListElement\":[{\"@type\":\"ListItem\",\"position\":1,\"name\":\"In\u00edcio\",\"item\":\"https:\\\/\\\/itr.ufrrj.br\\\/portal\\\/\"},{\"@type\":\"ListItem\",\"position\":2,\"name\":\"Departamentos\",\"item\":\"https:\\\/\\\/itr.ufrrj.br\\\/portal\\\/departamentos\\\/\"},{\"@type\":\"ListItem\",\"position\":3,\"name\":\"DCAS\",\"item\":\"https:\\\/\\\/itr.ufrrj.br\\\/portal\\\/departamentos\\\/dcas\\\/\"},{\"@type\":\"ListItem\",\"position\":4,\"name\":\"Calend\u00e1rio de Reuni\u00f5es | DCAS\"}]},{\"@type\":\"WebSite\",\"@id\":\"https:\\\/\\\/itr.ufrrj.br\\\/portal\\\/#website\",\"url\":\"https:\\\/\\\/itr.ufrrj.br\\\/portal\\\/\",\"name\":\"Campus Tr\u00eas Rios | UFRRJ\",\"description\":\"Localizado na cidade de Tr\u00eas Rios - RJ\",\"publisher\":{\"@id\":\"https:\\\/\\\/itr.ufrrj.br\\\/portal\\\/#organization\"},\"potentialAction\":[{\"@type\":\"SearchAction\",\"target\":{\"@type\":\"EntryPoint\",\"urlTemplate\":\"https:\\\/\\\/itr.ufrrj.br\\\/portal\\\/?s={search_term_string}\"},\"query-input\":{\"@type\":\"PropertyValueSpecification\",\"valueRequired\":true,\"valueName\":\"search_term_string\"}}],\"inLanguage\":\"pt-BR\"},{\"@type\":\"Organization\",\"@id\":\"https:\\\/\\\/itr.ufrrj.br\\\/portal\\\/#organization\",\"name\":\"Instituto Tr\u00eas Rios\\\/UFRRJ\",\"url\":\"https:\\\/\\\/itr.ufrrj.br\\\/portal\\\/\",\"logo\":{\"@type\":\"ImageObject\",\"inLanguage\":\"pt-BR\",\"@id\":\"https:\\\/\\\/itr.ufrrj.br\\\/portal\\\/#\\\/schema\\\/logo\\\/image\\\/\",\"url\":\"https:\\\/\\\/itr.ufrrj.br\\\/portal\\\/wp-content\\\/uploads\\\/2020\\\/04\\\/logo-institutotresrios-ufrrj.png\",\"contentUrl\":\"https:\\\/\\\/itr.ufrrj.br\\\/portal\\\/wp-content\\\/uploads\\\/2020\\\/04\\\/logo-institutotresrios-ufrrj.png\",\"width\":1067,\"height\":240,\"caption\":\"Instituto Tr\u00eas Rios\\\/UFRRJ\"},\"image\":{\"@id\":\"https:\\\/\\\/itr.ufrrj.br\\\/portal\\\/#\\\/schema\\\/logo\\\/image\\\/\"},\"sameAs\":[\"https:\\\/\\\/www.facebook.com\\\/itr.ufrrj\"]}]}<\/script>\n<!-- \/ Yoast SEO plugin. -->","yoast_head_json":{"title":"Calend\u00e1rio de Reuni\u00f5es | DCAS - Campus Tr\u00eas Rios | UFRRJ","robots":{"index":"index","follow":"follow","max-snippet":"max-snippet:-1","max-image-preview":"max-image-preview:large","max-video-preview":"max-video-preview:-1"},"canonical":"https:\/\/itr.ufrrj.br\/portal\/departamentos\/dcas\/calendario-de-reunioes-dcas\/","og_locale":"pt_BR","og_type":"article","og_title":"Calend\u00e1rio de Reuni\u00f5es | DCAS - Campus Tr\u00eas Rios | UFRRJ","og_description":"2025 2024 2023 2022","og_url":"https:\/\/itr.ufrrj.br\/portal\/departamentos\/dcas\/calendario-de-reunioes-dcas\/","og_site_name":"Campus Tr\u00eas Rios | UFRRJ","article_publisher":"https:\/\/www.facebook.com\/itr.ufrrj","article_modified_time":"2025-05-05T11:28:23+00:00","twitter_card":"summary_large_image","twitter_misc":{"Est. tempo de leitura":"1 minuto"},"schema":{"@context":"https:\/\/schema.org","@graph":[{"@type":"WebPage","@id":"https:\/\/itr.ufrrj.br\/portal\/departamentos\/dcas\/calendario-de-reunioes-dcas\/","url":"https:\/\/itr.ufrrj.br\/portal\/departamentos\/dcas\/calendario-de-reunioes-dcas\/","name":"Calend\u00e1rio de Reuni\u00f5es | DCAS - Campus Tr\u00eas Rios | UFRRJ","isPartOf":{"@id":"https:\/\/itr.ufrrj.br\/portal\/#website"},"datePublished":"2022-02-15T16:28:23+00:00","dateModified":"2025-05-05T11:28:23+00:00","breadcrumb":{"@id":"https:\/\/itr.ufrrj.br\/portal\/departamentos\/dcas\/calendario-de-reunioes-dcas\/#breadcrumb"},"inLanguage":"pt-BR","potentialAction":[{"@type":"ReadAction","target":["https:\/\/itr.ufrrj.br\/portal\/departamentos\/dcas\/calendario-de-reunioes-dcas\/"]}]},{"@type":"BreadcrumbList","@id":"https:\/\/itr.ufrrj.br\/portal\/departamentos\/dcas\/calendario-de-reunioes-dcas\/#breadcrumb","itemListElement":[{"@type":"ListItem","position":1,"name":"In\u00edcio","item":"https:\/\/itr.ufrrj.br\/portal\/"},{"@type":"ListItem","position":2,"name":"Departamentos","item":"https:\/\/itr.ufrrj.br\/portal\/departamentos\/"},{"@type":"ListItem","position":3,"name":"DCAS","item":"https:\/\/itr.ufrrj.br\/portal\/departamentos\/dcas\/"},{"@type":"ListItem","position":4,"name":"Calend\u00e1rio de Reuni\u00f5es | DCAS"}]},{"@type":"WebSite","@id":"https:\/\/itr.ufrrj.br\/portal\/#website","url":"https:\/\/itr.ufrrj.br\/portal\/","name":"Campus Tr\u00eas Rios | UFRRJ","description":"Localizado na cidade de Tr\u00eas Rios - RJ","publisher":{"@id":"https:\/\/itr.ufrrj.br\/portal\/#organization"},"potentialAction":[{"@type":"SearchAction","target":{"@type":"EntryPoint","urlTemplate":"https:\/\/itr.ufrrj.br\/portal\/?s={search_term_string}"},"query-input":{"@type":"PropertyValueSpecification","valueRequired":true,"valueName":"search_term_string"}}],"inLanguage":"pt-BR"},{"@type":"Organization","@id":"https:\/\/itr.ufrrj.br\/portal\/#organization","name":"Instituto Tr\u00eas Rios\/UFRRJ","url":"https:\/\/itr.ufrrj.br\/portal\/","logo":{"@type":"ImageObject","inLanguage":"pt-BR","@id":"https:\/\/itr.ufrrj.br\/portal\/#\/schema\/logo\/image\/","url":"https:\/\/itr.ufrrj.br\/portal\/wp-content\/uploads\/2020\/04\/logo-institutotresrios-ufrrj.png","contentUrl":"https:\/\/itr.ufrrj.br\/portal\/wp-content\/uploads\/2020\/04\/logo-institutotresrios-ufrrj.png","width":1067,"height":240,"caption":"Instituto Tr\u00eas Rios\/UFRRJ"},"image":{"@id":"https:\/\/itr.ufrrj.br\/portal\/#\/schema\/logo\/image\/"},"sameAs":["https:\/\/www.facebook.com\/itr.ufrrj"]}]}},"jetpack_sharing_enabled":true,"amp_enabled":false,"_links":{"self":[{"href":"https:\/\/itr.ufrrj.br\/portal\/wp-json\/wp\/v2\/pages\/12742","targetHints":{"allow":["GET"]}}],"collection":[{"href":"https:\/\/itr.ufrrj.br\/portal\/wp-json\/wp\/v2\/pages"}],"about":[{"href":"https:\/\/itr.ufrrj.br\/portal\/wp-json\/wp\/v2\/types\/page"}],"author":[{"embeddable":true,"href":"https:\/\/itr.ufrrj.br\/portal\/wp-json\/wp\/v2\/users\/4"}],"replies":[{"embeddable":true,"href":"https:\/\/itr.ufrrj.br\/portal\/wp-json\/wp\/v2\/comments?post=12742"}],"version-history":[{"count":3,"href":"https:\/\/itr.ufrrj.br\/portal\/wp-json\/wp\/v2\/pages\/12742\/revisions"}],"predecessor-version":[{"id":32268,"href":"https:\/\/itr.ufrrj.br\/portal\/wp-json\/wp\/v2\/pages\/12742\/revisions\/32268"}],"up":[{"embeddable":true,"href":"https:\/\/itr.ufrrj.br\/portal\/wp-json\/wp\/v2\/pages\/34"}],"wp:attachment":[{"href":"https:\/\/itr.ufrrj.br\/portal\/wp-json\/wp\/v2\/media?parent=12742"}],"curies":[{"name":"wp","href":"https:\/\/api.w.org\/{rel}","templated":true}]}}