{"id":11598,"date":"2021-02-25T14:57:19","date_gmt":"2021-02-25T17:57:19","guid":{"rendered":"https:\/\/itr.ufrrj.br\/portal\/?page_id=11598"},"modified":"2021-09-10T18:30:59","modified_gmt":"2021-09-10T21:30:59","slug":"mural-da-transparencia-da-direcao-do-campus","status":"publish","type":"page","link":"https:\/\/itr.ufrrj.br\/portal\/mural-da-transparencia-da-direcao-do-campus\/","title":{"rendered":"Mural da Transpar\u00eancia da Dire\u00e7\u00e3o do Campus"},"content":{"rendered":"\n<p>Nesta p\u00e1gina iremos divulgar todas as a\u00e7\u00f5es realizadas e em andamento, al\u00e9m de informar \u00e0 comunidade todos os gastos com manuten\u00e7\u00e3o de frota, di\u00e1rias e passagens, cart\u00e3o para compras emergenciais, e valor gasto com \u00e1gua\/esgoto e energia el\u00e9trica.<\/p>\n\n\n\n<h2 class=\"wp-block-heading\">JULHO\/2021<\/h2>\n\n\n\n<h3 class=\"wp-block-heading\">A\u00e7\u00f5es realizadas<\/h3>\n\n\n\n<ul class=\"wp-block-list\"><li>Aprova\u00e7\u00e3o de protocolo para recebimento de materiais pela Equipe de Vigil\u00e2ncia do Campus;<\/li><li>Recadastramento dos e-mails setoriais;<\/li><li>Reorganiza\u00e7\u00e3o f\u00edsica das se\u00e7\u00f5es administrativas;<\/li><li>Plantio de mudas e reestrutura\u00e7\u00e3o dos canteiros e jardins do Campus;<\/li><li>Entrada em processo na Secretaria Municipal de Meio Ambiente para obter a Certid\u00e3o de Regularidade Ambiental;<\/li><li>Realiza\u00e7\u00e3o de reuni\u00e3o com Setor de Comunica\u00e7\u00e3o da UFRRJ para adequa\u00e7\u00e3o da identidade visual do Campus;<\/li><li>Revis\u00e3o geral junto \u00e0 Se\u00e7\u00e3o de Manuten\u00e7\u00e3o do Campus para otimiza\u00e7\u00e3o da estrutura e materiais;<\/li><li>Substitui\u00e7\u00e3o de telhas quebradas;<\/li><li>Reparos hidr\u00e1ulicos em todos os banheiros do pr\u00e9dio.<\/li><\/ul>\n\n\n\n<h3 class=\"wp-block-heading\">Gastos<\/h3>\n\n\n\n<ul class=\"wp-block-list\" id=\"block-5c6b356d-1d6f-4f7f-8c44-59da5bf4d730\"><li>R$ 0,00 &#8211; Verba emergencial (cart\u00e3o de suprimento de fundos)<\/li><li>R$ 0,00 &#8211; Di\u00e1rias e Passagens<\/li><li>R$ 0,00 &#8211; Manuten\u00e7\u00e3o de frota<\/li><\/ul>\n\n\n\n<h3 class=\"wp-block-heading\">Consumo<\/h3>\n\n\n\n<ul class=\"wp-block-list\" id=\"block-c97a7012-b3ea-4405-a97b-3d8921d7fe1b\"><li>R$ 249,28 &#8211; Fornecimento de \u00e1gua e coleta de esgoto(SAAETRI)<\/li><li>R$ 11.518,95 &#8211; Fornecimento de energia el\u00e9trica (LIGHT)<\/li><\/ul>\n\n\n\n<hr class=\"wp-block-separator\"\/>\n\n\n\n<h2 class=\"wp-block-heading\">JUNHO\/2021<\/h2>\n\n\n\n<h3 class=\"wp-block-heading\">A\u00e7\u00f5es realizadas<\/h3>\n\n\n\n<ul class=\"wp-block-list\"><li>Vacina\u00e7\u00e3o dos servidores da UFRRJ com a 1a dose contra COVID-19 no campus;<\/li><li>In\u00edcio \u00e0 fase final do processo de manuten\u00e7\u00e3o total da frota veicular do campus;<\/li><li>Abertura de processo administrativo para contrata\u00e7\u00e3o de servi\u00e7o de reparo das rachaduras do pr\u00e9dio;<\/li><li>Motivado pela extin\u00e7\u00e3o da Se\u00e7\u00e3o de Departamento de Pessoal (seguindo determina\u00e7\u00e3o da PROGEP): vincula\u00e7\u00e3o das atividades anteriormente desenvolvidas pela SDP \u00e0 Secretaria Administrativa do Campus;<\/li><li>Lota\u00e7\u00e3o de servidor na Secretaria Administrativa do Campus para trabalhar na melhoria dos procedimentos administrativos e gerenciais do Campus;<\/li><li>Andamento no servi\u00e7o de instala\u00e7\u00e3o dos novos aparelhos de ar-condicionado;<\/li><li>Conserto e revis\u00e3o do sistema de som do audit\u00f3rio;<\/li><li>Empr\u00e9stimo de ve\u00edculo (van Sprinter) para atividades da Sede.<\/li><\/ul>\n\n\n\n<h3 class=\"wp-block-heading\">Gastos<\/h3>\n\n\n\n<ul class=\"wp-block-list\" id=\"block-5c6b356d-1d6f-4f7f-8c44-59da5bf4d730\"><li>R$ 0,00 &#8211; Verba emergencial (cart\u00e3o de suprimento de fundos)<\/li><li>R$ 692,40 &#8211; Di\u00e1rias e Passagens<\/li><li>R$ 7.365,51 &#8211; Manuten\u00e7\u00e3o de frota<\/li><\/ul>\n\n\n\n<h3 class=\"wp-block-heading\">Consumo<\/h3>\n\n\n\n<ul class=\"wp-block-list\" id=\"block-c97a7012-b3ea-4405-a97b-3d8921d7fe1b\"><li>R$ 241,49 &#8211; Fornecimento de \u00e1gua e coleta de esgoto(SAAETRI)<\/li><li>R$ 11.350,95 &#8211; Fornecimento de energia el\u00e9trica (LIGHT)<\/li><\/ul>\n\n\n\n<hr class=\"wp-block-separator\"\/>\n\n\n\n<h2 class=\"wp-block-heading\">MAIO\/2021<\/h2>\n\n\n\n<h3 class=\"wp-block-heading\">A\u00e7\u00f5es realizadas<\/h3>\n\n\n\n<ul class=\"wp-block-list\"><li>Participa\u00e7\u00e3o em reuni\u00e3o com a Prefeitura Municipal de Tr\u00eas Rios e a Reitoria da UFRRJ para consultar a perspectiva de vacina\u00e7\u00e3o dos servidores do Campus;<\/li><li>Envio de rela\u00e7\u00e3o para a Prefeitura com os servidores a serem vacinados;<\/li><li>Participa\u00e7\u00e3o de Reuni\u00e3o com o Vice-Reitor, C\u00e9sar da Ros, o Diretor Acad\u00eamico e o Respons\u00e1vel pela biblioteca ITR para discutir o funcionamento da mesma;<\/li><li>Participa\u00e7\u00e3o de Reuni\u00e3o com a Reitoria da UFRRJ a fim de entender a situa\u00e7\u00e3o financeira da Universidade e as perspectivas para este ano;<\/li><li>Adequa\u00e7\u00e3o a novo sistema para a gest\u00e3o e fiscaliza\u00e7\u00e3o dos contratos da Universidade.<\/li><\/ul>\n\n\n\n<h3 class=\"wp-block-heading\">Gastos<\/h3>\n\n\n\n<ul class=\"wp-block-list\"><li>R$ 0,00 &#8211; Verba emergencial (cart\u00e3o de suprimento de fundos)<\/li><li>R$ 5.080,84 &#8211; Di\u00e1rias e Passagens (valor acumulado de janeiro a maio\/2021 decorrente das vindas dos t\u00e9cnicos para instala\u00e7\u00e3o dos aparelhos de ar-condicionado em todo Campus)<\/li><li>R$ 0,00 &#8211; Manuten\u00e7\u00e3o de frota<\/li><\/ul>\n\n\n\n<h3 class=\"wp-block-heading\">Consumo<\/h3>\n\n\n\n<ul class=\"wp-block-list\"><li>R$ 257,07 &#8211; Fornecimento de \u00e1gua e coleta de esgoto(SAAETRI)<\/li><li>R$ 11.015,13 &#8211; Fornecimento de energia el\u00e9trica (LIGHT)<\/li><\/ul>\n\n\n\n<hr class=\"wp-block-separator\"\/>\n\n\n\n<h2 class=\"wp-block-heading\">ABRIL\/2021<\/h2>\n\n\n\n<h3 class=\"wp-block-heading\">A\u00e7\u00f5es realizadas<\/h3>\n\n\n\n<ul class=\"wp-block-list\"><li>Normaliza\u00e7\u00e3o do pagamento de di\u00e1rias;<\/li><li>Participa\u00e7\u00e3o nas reuni\u00f5es do Comit\u00ea COVID participando das delibera\u00e7\u00f5es sobre atividades nos campi da UFRRJ;<\/li><li>Compra de material para substitui\u00e7\u00e3o de telhas quebradas;<\/li><li>In\u00edcio do servi\u00e7o de manuten\u00e7\u00e3o do sistema de escoamento de \u00e1gua pluvial do telhado;<\/li><li>In\u00edcio do servi\u00e7o de instala\u00e7\u00e3o e montagem de: Calhas em quatro extremidades do telhado entre os m\u00f3dulos, com: confec\u00e7\u00e3o, instala\u00e7\u00e3o de suportes para as calhas, instala\u00e7\u00e3o de boquilhas e tubos de escoamento das calhas;<\/li><li>Continua\u00e7\u00e3o do servi\u00e7o de instala\u00e7\u00e3o dos aparelhos de ar-condicionado no Campus.<\/li><\/ul>\n\n\n\n<h3 class=\"wp-block-heading\">Gastos<\/h3>\n\n\n\n<ul class=\"wp-block-list\"><li>R$ 5.038,00 &#8211; Verba emergencial (cart\u00e3o de suprimento de fundos)<\/li><li>R$ 0,00 &#8211; Di\u00e1rias e Passagens<\/li><li>R$ 0,00 &#8211; Manuten\u00e7\u00e3o de frota<\/li><\/ul>\n\n\n\n<h3 class=\"wp-block-heading\">Consumo<\/h3>\n\n\n\n<ul class=\"wp-block-list\"><li>R$ 218,12 &#8211; Fornecimento de \u00e1gua e coleta de esgoto (SAAETRI)<\/li><li>R$ 13.259,95 &#8211; Fornecimento de energia el\u00e9trica (LIGHT)<\/li><\/ul>\n\n\n\n<hr class=\"wp-block-separator\"\/>\n\n\n\n<h2 class=\"wp-block-heading\">MAR\u00c7O\/2021<\/h2>\n\n\n\n<h3 class=\"wp-block-heading\">A\u00e7\u00f5es realizadas<\/h3>\n\n\n\n<ul class=\"wp-block-list\"><li>Continua\u00e7\u00e3o do Programa de Manuten\u00e7\u00e3o Geral da Frota<\/li><li>Realiza\u00e7\u00e3o de limpeza\/ro\u00e7ada do Campus<\/li><li>Pintura e demarca\u00e7\u00e3o de vagas no estacionamento do Campus<\/li><li>Manifesta\u00e7\u00e3o pela renova\u00e7\u00e3o do contrato de limpeza e higieniza\u00e7\u00e3o do campus<\/li><li>Solicita\u00e7\u00e3o de novas c\u00e2meras de vigil\u00e2ncia para o Campus<\/li><li>Realiza\u00e7\u00e3o de estudo e confec\u00e7\u00e3o de relat\u00f3rio dos valores gastos com di\u00e1rias e passagens de 2017 a 2020.<\/li><\/ul>\n\n\n\n<h3 class=\"wp-block-heading\">Gastos<\/h3>\n\n\n\n<ul class=\"wp-block-list\"><li>R$ 2.692,41 &#8211; Verba emergencial (cart\u00e3o de suprimento de fundos)<\/li><li>R$ 0,00 &#8211; Di\u00e1rias e Passagens<\/li><li>R$ 7.009,00 &#8211; Manuten\u00e7\u00e3o de frota<\/li><\/ul>\n\n\n\n<h3 class=\"wp-block-heading\">Consumo<\/h3>\n\n\n\n<ul class=\"wp-block-list\"><li>R$ 280,44 &#8211; Fornecimento de \u00e1gua e coleta de esgoto(SAAETRI)<\/li><li>R$ 12.384,36 &#8211; Fornecimento de energia el\u00e9trica (LIGHT)<\/li><\/ul>\n\n\n\n<hr class=\"wp-block-separator\"\/>\n\n\n\n<h2 class=\"wp-block-heading\">FEVEREIRO\/2021<\/h2>\n\n\n\n<h3 class=\"wp-block-heading\">A\u00e7\u00f5es realizadas<\/h3>\n\n\n\n<ul class=\"wp-block-list\"><li>Continua\u00e7\u00e3o do Programa de Manuten\u00e7\u00e3o Geral da Frota;<\/li><li>Realiza\u00e7\u00e3o de limpeza\/ro\u00e7ada do Campus<\/li><li>Andamento do processo de manuten\u00e7\u00e3o predial com confec\u00e7\u00e3o de minuta e envio para parecer jur\u00eddico.<\/li><li>Intermedia\u00e7\u00e3o para realiza\u00e7\u00e3o de Reuni\u00e3o de docentes do Instituto com a Secretaria de Educa\u00e7\u00e3o de Para\u00edba do Sul para que sejam realizados e implantados projetos de pesquisa e extens\u00e3o no Munic\u00edpio.<\/li><li>Realiza\u00e7\u00e3o de conserto dos arm\u00e1rios e arquivos das salas de professores com trocas de fechadura.<\/li><li>Intermedia\u00e7\u00e3o para realiza\u00e7\u00e3o de reuni\u00e3o da Institui\u00e7\u00e3o com a Secretaria de Meio Ambiente e<\/li><li>Desenvolvimento Agr\u00e1rio de Para\u00edba do Sul para que o curso de Gest\u00e3o Ambiental possa realizar estudos e desenvolver projetos no Parque Salutaris.<\/li><li>Realiza\u00e7\u00e3o de poda no campus.<\/li><li>Constru\u00e7\u00e3o de telhado nas portas dos laborat\u00f3rios.<\/li><\/ul>\n\n\n\n<h3 class=\"wp-block-heading\">Gastos<\/h3>\n\n\n\n<ul class=\"wp-block-list\"><li><strong>R$ 0,00<\/strong> &#8211; Verba emergencial (cart\u00e3o de suprimento de fundos)<\/li><li><strong>R$ 0,00<\/strong> &#8211; Di\u00e1rias e Passagens<\/li><li><strong>R$ 9.898,16<\/strong> &#8211; Manuten\u00e7\u00e3o de frota<\/li><\/ul>\n\n\n\n<h3 class=\"wp-block-heading\">Consumo<\/h3>\n\n\n\n<ul class=\"wp-block-list\"><li><strong>R$ 288,23<\/strong> &#8211; Fornecimento de \u00e1gua e coleta de esgoto (SAAETRI)<\/li><li><strong>R$ 11.839,87<\/strong> &#8211; Fornecimento de energia el\u00e9trica (LIGHT)<\/li><\/ul>\n\n\n\n<hr class=\"wp-block-separator\"\/>\n\n\n\n<h2 class=\"wp-block-heading\">JANEIRO\/2021<\/h2>\n\n\n\n<h3 class=\"wp-block-heading\">A\u00e7\u00f5es realizadas<\/h3>\n\n\n\n<ul class=\"wp-block-list\"><li>Continua\u00e7\u00e3o da obra referente ao Processo n\u00ba <a href=\"https:\/\/sipac.ufrrj.br\/public\/jsp\/processos\/processo_detalhado.jsf?id=25543\">23083.028770\/2018-87<\/a> (Constru\u00e7\u00e3o de guarita e reforma do pr\u00e9dio);<\/li><li>In\u00edcio de manuten\u00e7\u00e3o geral da frota do campus visando a entrega de 100% da frota em bom estado para uso;<\/li><li>Andamento de processo para contrata\u00e7\u00e3o de empresa respons\u00e1vel pela manuten\u00e7\u00e3o predial do Campus estando inclusos os servi\u00e7os de <strong>bombeiro hidr\u00e1ulico<\/strong>, <strong>eletricista<\/strong> e <strong>jardineiro<\/strong>.<\/li><li>Solicita\u00e7\u00e3o de prorroga\u00e7\u00e3o do contrato no 22\/2018 referente \u00e0 limpeza, higieniza\u00e7\u00e3o e conserva\u00e7\u00e3o do Campus;<\/li><li>Ro\u00e7ada e limpeza do jardim;<\/li><li>In\u00edcio da cria\u00e7\u00e3o de dispositivos para darem transpar\u00eancia e maior efetividade \u00e0 gest\u00e3o: \u201c<a href=\"https:\/\/itr.ufrrj.br\/portal\/direcao-resolve\/\">Dire\u00e7\u00e3o Resolve<\/a>\u201d e \u201c<strong>Mural da Transpar\u00eancia<\/strong>\u201d.<\/li><\/ul>\n\n\n\n<h3 class=\"wp-block-heading\">Contratos vigentes<\/h3>\n\n\n\n<p>Servi\u00e7os continuados de limpeza, conserva\u00e7\u00e3o e higieniza\u00e7\u00e3o com fornecimento de materiais, uniformes e o emprego de equipamentos necess\u00e1rios.<\/p>\n\n\n\n<p>Contratada: <strong>Kantro Empreendimentos Apoio e Servi\u00e7o Ltda<\/strong><\/p>\n\n\n\n<p>Valor: <strong>R$36.314,42<\/strong><\/p>\n\n\n\n<h3 class=\"wp-block-heading\">Gastos<\/h3>\n\n\n\n<ul class=\"wp-block-list\"><li><strong>R$ 0,00<\/strong> &#8211; Verba emergencial (cart\u00e3o de suprimento de fundos)<\/li><li><strong>R$ 0,00<\/strong> &#8211; Di\u00e1rias e Passagens<\/li><li><strong>R$ 3.952,67<\/strong> &#8211; Manuten\u00e7\u00e3o de frota<\/li><\/ul>\n\n\n\n<h3 class=\"wp-block-heading\">Consumo<\/h3>\n\n\n\n<ul class=\"wp-block-list\"><li><strong>R$ 94,62<\/strong> &#8211; Fornecimento de \u00e1gua e coleta de esgoto (SAAETRI)<\/li><li><strong>R$ 13.983,73<\/strong> &#8211; Fornecimento de energia el\u00e9trica (LIGHT)<\/li><\/ul>\n\n\n\n<p><\/p>\n","protected":false},"excerpt":{"rendered":"<p>Nesta p\u00e1gina iremos divulgar todas as a\u00e7\u00f5es realizadas e em andamento, al\u00e9m de informar \u00e0 comunidade todos os gastos com manuten\u00e7\u00e3o de frota, di\u00e1rias e passagens, cart\u00e3o para compras emergenciais, [&hellip;]<\/p>\n","protected":false},"author":4,"featured_media":0,"parent":0,"menu_order":0,"comment_status":"closed","ping_status":"closed","template":"","meta":{"_acf_changed":false,"editor_plus_copied_stylings":"{}","footnotes":""},"class_list":["post-11598","page","type-page","status-publish","hentry"],"acf":[],"yoast_head":"<!-- This site is optimized with the Yoast SEO plugin v27.4 - https:\/\/yoast.com\/product\/yoast-seo-wordpress\/ -->\n<title>Mural da Transpar\u00eancia da Dire\u00e7\u00e3o do Campus - Campus Tr\u00eas Rios | UFRRJ<\/title>\n<meta name=\"robots\" content=\"index, follow, max-snippet:-1, max-image-preview:large, max-video-preview:-1\" \/>\n<link rel=\"canonical\" href=\"https:\/\/itr.ufrrj.br\/portal\/mural-da-transparencia-da-direcao-do-campus\/\" \/>\n<meta property=\"og:locale\" content=\"pt_BR\" \/>\n<meta property=\"og:type\" content=\"article\" \/>\n<meta property=\"og:title\" content=\"Mural da Transpar\u00eancia da Dire\u00e7\u00e3o do Campus - Campus Tr\u00eas Rios | UFRRJ\" \/>\n<meta property=\"og:description\" content=\"Nesta p\u00e1gina iremos divulgar todas as a\u00e7\u00f5es realizadas e em andamento, al\u00e9m de informar \u00e0 comunidade todos os gastos com manuten\u00e7\u00e3o de frota, di\u00e1rias e passagens, cart\u00e3o para compras emergenciais, [&hellip;]\" \/>\n<meta property=\"og:url\" content=\"https:\/\/itr.ufrrj.br\/portal\/mural-da-transparencia-da-direcao-do-campus\/\" \/>\n<meta property=\"og:site_name\" content=\"Campus Tr\u00eas Rios | UFRRJ\" \/>\n<meta property=\"article:publisher\" content=\"https:\/\/www.facebook.com\/itr.ufrrj\" \/>\n<meta property=\"article:modified_time\" content=\"2021-09-10T21:30:59+00:00\" \/>\n<meta name=\"twitter:card\" content=\"summary_large_image\" \/>\n<meta name=\"twitter:label1\" content=\"Est. tempo de leitura\" \/>\n\t<meta name=\"twitter:data1\" content=\"5 minutos\" \/>\n<script type=\"application\/ld+json\" class=\"yoast-schema-graph\">{\"@context\":\"https:\\\/\\\/schema.org\",\"@graph\":[{\"@type\":\"WebPage\",\"@id\":\"https:\\\/\\\/itr.ufrrj.br\\\/portal\\\/mural-da-transparencia-da-direcao-do-campus\\\/\",\"url\":\"https:\\\/\\\/itr.ufrrj.br\\\/portal\\\/mural-da-transparencia-da-direcao-do-campus\\\/\",\"name\":\"Mural da Transpar\u00eancia da Dire\u00e7\u00e3o do Campus - Campus Tr\u00eas Rios | UFRRJ\",\"isPartOf\":{\"@id\":\"https:\\\/\\\/itr.ufrrj.br\\\/portal\\\/#website\"},\"datePublished\":\"2021-02-25T17:57:19+00:00\",\"dateModified\":\"2021-09-10T21:30:59+00:00\",\"breadcrumb\":{\"@id\":\"https:\\\/\\\/itr.ufrrj.br\\\/portal\\\/mural-da-transparencia-da-direcao-do-campus\\\/#breadcrumb\"},\"inLanguage\":\"pt-BR\",\"potentialAction\":[{\"@type\":\"ReadAction\",\"target\":[\"https:\\\/\\\/itr.ufrrj.br\\\/portal\\\/mural-da-transparencia-da-direcao-do-campus\\\/\"]}]},{\"@type\":\"BreadcrumbList\",\"@id\":\"https:\\\/\\\/itr.ufrrj.br\\\/portal\\\/mural-da-transparencia-da-direcao-do-campus\\\/#breadcrumb\",\"itemListElement\":[{\"@type\":\"ListItem\",\"position\":1,\"name\":\"In\u00edcio\",\"item\":\"https:\\\/\\\/itr.ufrrj.br\\\/portal\\\/\"},{\"@type\":\"ListItem\",\"position\":2,\"name\":\"Mural da Transpar\u00eancia da Dire\u00e7\u00e3o do Campus\"}]},{\"@type\":\"WebSite\",\"@id\":\"https:\\\/\\\/itr.ufrrj.br\\\/portal\\\/#website\",\"url\":\"https:\\\/\\\/itr.ufrrj.br\\\/portal\\\/\",\"name\":\"Campus Tr\u00eas Rios | UFRRJ\",\"description\":\"Localizado na cidade de Tr\u00eas Rios - RJ\",\"publisher\":{\"@id\":\"https:\\\/\\\/itr.ufrrj.br\\\/portal\\\/#organization\"},\"potentialAction\":[{\"@type\":\"SearchAction\",\"target\":{\"@type\":\"EntryPoint\",\"urlTemplate\":\"https:\\\/\\\/itr.ufrrj.br\\\/portal\\\/?s={search_term_string}\"},\"query-input\":{\"@type\":\"PropertyValueSpecification\",\"valueRequired\":true,\"valueName\":\"search_term_string\"}}],\"inLanguage\":\"pt-BR\"},{\"@type\":\"Organization\",\"@id\":\"https:\\\/\\\/itr.ufrrj.br\\\/portal\\\/#organization\",\"name\":\"Instituto Tr\u00eas Rios\\\/UFRRJ\",\"url\":\"https:\\\/\\\/itr.ufrrj.br\\\/portal\\\/\",\"logo\":{\"@type\":\"ImageObject\",\"inLanguage\":\"pt-BR\",\"@id\":\"https:\\\/\\\/itr.ufrrj.br\\\/portal\\\/#\\\/schema\\\/logo\\\/image\\\/\",\"url\":\"https:\\\/\\\/itr.ufrrj.br\\\/portal\\\/wp-content\\\/uploads\\\/2020\\\/04\\\/logo-institutotresrios-ufrrj.png\",\"contentUrl\":\"https:\\\/\\\/itr.ufrrj.br\\\/portal\\\/wp-content\\\/uploads\\\/2020\\\/04\\\/logo-institutotresrios-ufrrj.png\",\"width\":1067,\"height\":240,\"caption\":\"Instituto Tr\u00eas Rios\\\/UFRRJ\"},\"image\":{\"@id\":\"https:\\\/\\\/itr.ufrrj.br\\\/portal\\\/#\\\/schema\\\/logo\\\/image\\\/\"},\"sameAs\":[\"https:\\\/\\\/www.facebook.com\\\/itr.ufrrj\"]}]}<\/script>\n<!-- \/ Yoast SEO plugin. -->","yoast_head_json":{"title":"Mural da Transpar\u00eancia da Dire\u00e7\u00e3o do Campus - Campus Tr\u00eas Rios | UFRRJ","robots":{"index":"index","follow":"follow","max-snippet":"max-snippet:-1","max-image-preview":"max-image-preview:large","max-video-preview":"max-video-preview:-1"},"canonical":"https:\/\/itr.ufrrj.br\/portal\/mural-da-transparencia-da-direcao-do-campus\/","og_locale":"pt_BR","og_type":"article","og_title":"Mural da Transpar\u00eancia da Dire\u00e7\u00e3o do Campus - Campus Tr\u00eas Rios | UFRRJ","og_description":"Nesta p\u00e1gina iremos divulgar todas as a\u00e7\u00f5es realizadas e em andamento, al\u00e9m de informar \u00e0 comunidade todos os gastos com manuten\u00e7\u00e3o de frota, di\u00e1rias e passagens, cart\u00e3o para compras emergenciais, [&hellip;]","og_url":"https:\/\/itr.ufrrj.br\/portal\/mural-da-transparencia-da-direcao-do-campus\/","og_site_name":"Campus Tr\u00eas Rios | UFRRJ","article_publisher":"https:\/\/www.facebook.com\/itr.ufrrj","article_modified_time":"2021-09-10T21:30:59+00:00","twitter_card":"summary_large_image","twitter_misc":{"Est. tempo de leitura":"5 minutos"},"schema":{"@context":"https:\/\/schema.org","@graph":[{"@type":"WebPage","@id":"https:\/\/itr.ufrrj.br\/portal\/mural-da-transparencia-da-direcao-do-campus\/","url":"https:\/\/itr.ufrrj.br\/portal\/mural-da-transparencia-da-direcao-do-campus\/","name":"Mural da Transpar\u00eancia da Dire\u00e7\u00e3o do Campus - Campus Tr\u00eas Rios | UFRRJ","isPartOf":{"@id":"https:\/\/itr.ufrrj.br\/portal\/#website"},"datePublished":"2021-02-25T17:57:19+00:00","dateModified":"2021-09-10T21:30:59+00:00","breadcrumb":{"@id":"https:\/\/itr.ufrrj.br\/portal\/mural-da-transparencia-da-direcao-do-campus\/#breadcrumb"},"inLanguage":"pt-BR","potentialAction":[{"@type":"ReadAction","target":["https:\/\/itr.ufrrj.br\/portal\/mural-da-transparencia-da-direcao-do-campus\/"]}]},{"@type":"BreadcrumbList","@id":"https:\/\/itr.ufrrj.br\/portal\/mural-da-transparencia-da-direcao-do-campus\/#breadcrumb","itemListElement":[{"@type":"ListItem","position":1,"name":"In\u00edcio","item":"https:\/\/itr.ufrrj.br\/portal\/"},{"@type":"ListItem","position":2,"name":"Mural da Transpar\u00eancia da Dire\u00e7\u00e3o do Campus"}]},{"@type":"WebSite","@id":"https:\/\/itr.ufrrj.br\/portal\/#website","url":"https:\/\/itr.ufrrj.br\/portal\/","name":"Campus Tr\u00eas Rios | UFRRJ","description":"Localizado na cidade de Tr\u00eas Rios - RJ","publisher":{"@id":"https:\/\/itr.ufrrj.br\/portal\/#organization"},"potentialAction":[{"@type":"SearchAction","target":{"@type":"EntryPoint","urlTemplate":"https:\/\/itr.ufrrj.br\/portal\/?s={search_term_string}"},"query-input":{"@type":"PropertyValueSpecification","valueRequired":true,"valueName":"search_term_string"}}],"inLanguage":"pt-BR"},{"@type":"Organization","@id":"https:\/\/itr.ufrrj.br\/portal\/#organization","name":"Instituto Tr\u00eas Rios\/UFRRJ","url":"https:\/\/itr.ufrrj.br\/portal\/","logo":{"@type":"ImageObject","inLanguage":"pt-BR","@id":"https:\/\/itr.ufrrj.br\/portal\/#\/schema\/logo\/image\/","url":"https:\/\/itr.ufrrj.br\/portal\/wp-content\/uploads\/2020\/04\/logo-institutotresrios-ufrrj.png","contentUrl":"https:\/\/itr.ufrrj.br\/portal\/wp-content\/uploads\/2020\/04\/logo-institutotresrios-ufrrj.png","width":1067,"height":240,"caption":"Instituto Tr\u00eas Rios\/UFRRJ"},"image":{"@id":"https:\/\/itr.ufrrj.br\/portal\/#\/schema\/logo\/image\/"},"sameAs":["https:\/\/www.facebook.com\/itr.ufrrj"]}]}},"jetpack_sharing_enabled":true,"amp_enabled":true,"_links":{"self":[{"href":"https:\/\/itr.ufrrj.br\/portal\/wp-json\/wp\/v2\/pages\/11598","targetHints":{"allow":["GET"]}}],"collection":[{"href":"https:\/\/itr.ufrrj.br\/portal\/wp-json\/wp\/v2\/pages"}],"about":[{"href":"https:\/\/itr.ufrrj.br\/portal\/wp-json\/wp\/v2\/types\/page"}],"author":[{"embeddable":true,"href":"https:\/\/itr.ufrrj.br\/portal\/wp-json\/wp\/v2\/users\/4"}],"replies":[{"embeddable":true,"href":"https:\/\/itr.ufrrj.br\/portal\/wp-json\/wp\/v2\/comments?post=11598"}],"version-history":[{"count":8,"href":"https:\/\/itr.ufrrj.br\/portal\/wp-json\/wp\/v2\/pages\/11598\/revisions"}],"predecessor-version":[{"id":12347,"href":"https:\/\/itr.ufrrj.br\/portal\/wp-json\/wp\/v2\/pages\/11598\/revisions\/12347"}],"wp:attachment":[{"href":"https:\/\/itr.ufrrj.br\/portal\/wp-json\/wp\/v2\/media?parent=11598"}],"curies":[{"name":"wp","href":"https:\/\/api.w.org\/{rel}","templated":true}]}}