{"id":133,"date":"2017-07-14T16:22:10","date_gmt":"2017-07-14T19:22:10","guid":{"rendered":"http:\/\/www.itr.ufrrj.br\/diversidadeegestao\/?page_id=133"},"modified":"2020-06-14T17:22:02","modified_gmt":"2020-06-14T20:22:02","slug":"sobre","status":"publish","type":"page","link":"https:\/\/itr.ufrrj.br\/diversidadeegestao\/sobre\/","title":{"rendered":"Sobre"},"content":{"rendered":"<h2>Corpo Editorial<\/h2>\n<p><a href=\"https:\/\/itr.ufrrj.br\/diversidadeegestao\/sobre\/corpo-editorial\/\">https:\/\/itr.ufrrj.br\/diversidadeegestao\/sobre\/corpo-editorial\/<\/a><\/p>\n<h2><\/h2>\n<h2>Contato<\/h2>\n<p>Departamento de Ci\u00eancias do Meio Ambiente<strong><br \/>\n<\/strong>Avenida Prefeito Alberto da Silva Lavinas 1847, Centro, Tr\u00eas Rios, RJ \u2013 CEP 25802-100.<br \/>\nE-mail: <a href=\"mailto:diversidadeegestao@gmail.com\"><strong>diversidadeegestao@gmail.com<\/strong><\/a><\/p>\n<h2><\/h2>\n<h2>Pol\u00edticas<\/h2>\n<p><a href=\"https:\/\/itr.ufrrj.br\/diversidadeegestao\/politicas\/\">https:\/\/itr.ufrrj.br\/diversidadeegestao\/politicas\/<\/a><\/p>\n<h2>Condi\u00e7\u00f5es para Submiss\u00f5es<\/h2>\n<p><a href=\"https:\/\/itr.ufrrj.br\/diversidadeegestao\/condicoes-para-submissao\/\">https:\/\/itr.ufrrj.br\/diversidadeegestao\/condicoes-para-submissao\/<\/a><\/p>\n<h2>Diretrizes para Autores<\/h2>\n<p><a href=\"https:\/\/itr.ufrrj.br\/diversidadeegestao\/diretrizes-para-autores\/\">https:\/\/itr.ufrrj.br\/diversidadeegestao\/diretrizes-para-autores\/<\/a><\/p>\n","protected":false},"excerpt":{"rendered":"<p>Corpo Editorial https:\/\/itr.ufrrj.br\/diversidadeegestao\/sobre\/corpo-editorial\/ Contato Departamento de Ci\u00eancias do Meio Ambiente Avenida Prefeito Alberto da Silva Lavinas 1847, Centro, Tr\u00eas Rios, RJ \u2013 CEP 25802-100. E-mail: diversidadeegestao@gmail.com Pol\u00edticas https:\/\/itr.ufrrj.br\/diversidadeegestao\/politicas\/ Condi\u00e7\u00f5es para Submiss\u00f5es https:\/\/itr.ufrrj.br\/diversidadeegestao\/condicoes-para-submissao\/ Diretrizes para Autores https:\/\/itr.ufrrj.br\/diversidadeegestao\/diretrizes-para-autores\/<\/p>\n","protected":false},"author":2,"featured_media":0,"parent":0,"menu_order":0,"comment_status":"closed","ping_status":"closed","template":"","meta":[],"acf":[],"_links":{"self":[{"href":"https:\/\/itr.ufrrj.br\/diversidadeegestao\/wp-json\/wp\/v2\/pages\/133"}],"collection":[{"href":"https:\/\/itr.ufrrj.br\/diversidadeegestao\/wp-json\/wp\/v2\/pages"}],"about":[{"href":"https:\/\/itr.ufrrj.br\/diversidadeegestao\/wp-json\/wp\/v2\/types\/page"}],"author":[{"embeddable":true,"href":"https:\/\/itr.ufrrj.br\/diversidadeegestao\/wp-json\/wp\/v2\/users\/2"}],"replies":[{"embeddable":true,"href":"https:\/\/itr.ufrrj.br\/diversidadeegestao\/wp-json\/wp\/v2\/comments?post=133"}],"version-history":[{"count":11,"href":"https:\/\/itr.ufrrj.br\/diversidadeegestao\/wp-json\/wp\/v2\/pages\/133\/revisions"}],"predecessor-version":[{"id":958,"href":"https:\/\/itr.ufrrj.br\/diversidadeegestao\/wp-json\/wp\/v2\/pages\/133\/revisions\/958"}],"wp:attachment":[{"href":"https:\/\/itr.ufrrj.br\/diversidadeegestao\/wp-json\/wp\/v2\/media?parent=133"}],"curies":[{"name":"wp","href":"https:\/\/api.w.org\/{rel}","templated":true}]}}