{"id":39,"date":"2016-03-14T11:23:12","date_gmt":"2016-03-14T14:23:12","guid":{"rendered":"http:\/\/itr.ufrrj.br\/biblioteca\/?page_id=39"},"modified":"2016-03-14T16:22:48","modified_gmt":"2016-03-14T19:22:48","slug":"historia-da-biblioteca-universitaria-de-tres-rios","status":"publish","type":"page","link":"https:\/\/itr.ufrrj.br\/biblioteca\/sobre-nos\/historia-da-biblioteca-universitaria-de-tres-rios\/","title":{"rendered":"Hist\u00f3ria da Biblioteca Universit\u00e1ria de Tr\u00eas Rios"},"content":{"rendered":"<p style=\"text-align: justify;\">Tal qual a hist\u00f3ria do pr\u00f3prio Instituto a hist\u00f3ria da Biblioteca Tr\u00eas Rios tem suas ra\u00edzes na pr\u00f3pria forma\u00e7\u00e3o do Campus. Tendo seu funcionamento inicial numa sala de aproximadamente 12 m2, localizada na parte t\u00e9rrea das depend\u00eancias do Col\u00e9gio Ruy Barbosa, a biblioteca possu\u00eda at\u00e9 meados do ano de 2009 a rotina de suas atividades desenvolvidas por profissionais administrativos, que embora empreendessem seus esfor\u00e7os n\u00e3o possu\u00edam conhecimento ou forma\u00e7\u00e3o bibliotecon\u00f4mica. Tais profissionais, \u00e9 que administravam e realizavam as atividades de biblioteca e dessa forma atendiam aos cursos ent\u00e3o ministrados de Ci\u00eancias Econ\u00f4micas e Administra\u00e7\u00e3o.<\/p>\n<p style=\"text-align: justify;\">A Biblioteca de Tr\u00eas Rios \u00e9 classificada junto ao Minist\u00e9rio da Educa\u00e7\u00e3o atrav\u00e9s do Censo da Educa\u00e7\u00e3o Superior (CENSUP) como uma Biblioteca Setorial, pois est\u00e1 vinculada atrav\u00e9s de estrutura organizacional desta Universidade \u00e0 Biblioteca Central.<\/p>\n<p style=\"text-align: justify;\"><strong>Tem como objetivo <\/strong><strong>dar suporte \u00e1s atividades de pesq<\/strong><strong>uisa e extens\u00e3o universit\u00e1ria e \u00e9 como<\/strong><strong> miss\u00e3o da Biblioteca promover o acesso \u00e0 Informa\u00e7\u00e3o e ao Conhecimento registrado, estando ele em seus mais diferentes materiais e suportes.<\/strong><strong> Alia-se aos seus prop\u00f3sitos permitir e auxiliar seus usu\u00e1rios na busca pelo aprendizado incentivando a pesquisa e a expans\u00e3o do Conhecimento<\/strong>.<\/p>\n<p style=\"text-align: justify;\">Integrada ao Sistema de Bibliotecas da Universidade Federal Rural do Rio de Janeiro (UFRRJ), a Biblioteca de Tr\u00eas Rios \u00e9 a mais nova unidade administrativa de biblioteca, localizada fora da Sede da Institui\u00e7\u00e3o. Integram, ainda, o referido Sistema as seguintes unidades: Biblioteca Central (Serop\u00e9dica); Biblioteca do Instituto Multidisciplinar (Nova Igua\u00e7u) e Biblioteca do CPDA (Centro\/RJ).<\/p>\n","protected":false},"excerpt":{"rendered":"<p>Tal qual a hist\u00f3ria do pr\u00f3prio Instituto a hist\u00f3ria da Biblioteca Tr\u00eas Rios tem suas ra\u00edzes na pr\u00f3pria forma\u00e7\u00e3o do Campus. Tendo seu funcionamento inicial numa sala de aproximadamente 12 m2, localizada na parte t\u00e9rrea das depend\u00eancias do Col\u00e9gio Ruy Barbosa, a biblioteca possu\u00eda at\u00e9 meados do ano de 2009 a rotina de suas atividades [&hellip;]<\/p>\n","protected":false},"author":3,"featured_media":0,"parent":34,"menu_order":0,"comment_status":"closed","ping_status":"closed","template":"","meta":[],"acf":[],"yoast_head":"<!-- This site is optimized with the Yoast SEO plugin v20.8 - https:\/\/yoast.com\/wordpress\/plugins\/seo\/ -->\n<title>Hist\u00f3ria da Biblioteca Universit\u00e1ria de Tr\u00eas Rios - Biblioteca do ITR<\/title>\n<meta name=\"robots\" content=\"index, follow, max-snippet:-1, max-image-preview:large, max-video-preview:-1\" \/>\n<link rel=\"canonical\" href=\"https:\/\/itr.ufrrj.br\/biblioteca\/sobre-nos\/historia-da-biblioteca-universitaria-de-tres-rios\/\" \/>\n<meta property=\"og:locale\" content=\"pt_BR\" \/>\n<meta property=\"og:type\" content=\"article\" \/>\n<meta property=\"og:title\" content=\"Hist\u00f3ria da Biblioteca Universit\u00e1ria de Tr\u00eas Rios - Biblioteca do ITR\" \/>\n<meta property=\"og:description\" content=\"Tal qual a hist\u00f3ria do pr\u00f3prio Instituto a hist\u00f3ria da Biblioteca Tr\u00eas Rios tem suas ra\u00edzes na pr\u00f3pria forma\u00e7\u00e3o do Campus. Tendo seu funcionamento inicial numa sala de aproximadamente 12 m2, localizada na parte t\u00e9rrea das depend\u00eancias do Col\u00e9gio Ruy Barbosa, a biblioteca possu\u00eda at\u00e9 meados do ano de 2009 a rotina de suas atividades [&hellip;]\" \/>\n<meta property=\"og:url\" content=\"https:\/\/itr.ufrrj.br\/biblioteca\/sobre-nos\/historia-da-biblioteca-universitaria-de-tres-rios\/\" \/>\n<meta property=\"og:site_name\" content=\"Biblioteca do ITR\" \/>\n<meta property=\"article:modified_time\" content=\"2016-03-14T19:22:48+00:00\" \/>\n<meta name=\"twitter:card\" content=\"summary_large_image\" \/>\n<meta name=\"twitter:label1\" content=\"Est. tempo de leitura\" \/>\n\t<meta name=\"twitter:data1\" content=\"1 minuto\" \/>\n<script type=\"application\/ld+json\" class=\"yoast-schema-graph\">{\"@context\":\"https:\/\/schema.org\",\"@graph\":[{\"@type\":\"WebPage\",\"@id\":\"https:\/\/itr.ufrrj.br\/biblioteca\/sobre-nos\/historia-da-biblioteca-universitaria-de-tres-rios\/\",\"url\":\"https:\/\/itr.ufrrj.br\/biblioteca\/sobre-nos\/historia-da-biblioteca-universitaria-de-tres-rios\/\",\"name\":\"Hist\u00f3ria da Biblioteca Universit\u00e1ria de Tr\u00eas Rios - Biblioteca do ITR\",\"isPartOf\":{\"@id\":\"https:\/\/itr.ufrrj.br\/biblioteca\/#website\"},\"datePublished\":\"2016-03-14T14:23:12+00:00\",\"dateModified\":\"2016-03-14T19:22:48+00:00\",\"breadcrumb\":{\"@id\":\"https:\/\/itr.ufrrj.br\/biblioteca\/sobre-nos\/historia-da-biblioteca-universitaria-de-tres-rios\/#breadcrumb\"},\"inLanguage\":\"pt-BR\",\"potentialAction\":[{\"@type\":\"ReadAction\",\"target\":[\"https:\/\/itr.ufrrj.br\/biblioteca\/sobre-nos\/historia-da-biblioteca-universitaria-de-tres-rios\/\"]}]},{\"@type\":\"BreadcrumbList\",\"@id\":\"https:\/\/itr.ufrrj.br\/biblioteca\/sobre-nos\/historia-da-biblioteca-universitaria-de-tres-rios\/#breadcrumb\",\"itemListElement\":[{\"@type\":\"ListItem\",\"position\":1,\"name\":\"In\u00edcio\",\"item\":\"https:\/\/itr.ufrrj.br\/biblioteca\/\"},{\"@type\":\"ListItem\",\"position\":2,\"name\":\"Sobre N\u00f3s\",\"item\":\"https:\/\/itr.ufrrj.br\/biblioteca\/sobre-nos\/\"},{\"@type\":\"ListItem\",\"position\":3,\"name\":\"Hist\u00f3ria da Biblioteca Universit\u00e1ria de Tr\u00eas Rios\"}]},{\"@type\":\"WebSite\",\"@id\":\"https:\/\/itr.ufrrj.br\/biblioteca\/#website\",\"url\":\"https:\/\/itr.ufrrj.br\/biblioteca\/\",\"name\":\"Biblioteca do ITR\",\"description\":\"Instituto Tr\u00eas Rios\",\"potentialAction\":[{\"@type\":\"SearchAction\",\"target\":{\"@type\":\"EntryPoint\",\"urlTemplate\":\"https:\/\/itr.ufrrj.br\/biblioteca\/?s={search_term_string}\"},\"query-input\":\"required name=search_term_string\"}],\"inLanguage\":\"pt-BR\"}]}<\/script>\n<!-- \/ Yoast SEO plugin. -->","yoast_head_json":{"title":"Hist\u00f3ria da Biblioteca Universit\u00e1ria de Tr\u00eas Rios - Biblioteca do ITR","robots":{"index":"index","follow":"follow","max-snippet":"max-snippet:-1","max-image-preview":"max-image-preview:large","max-video-preview":"max-video-preview:-1"},"canonical":"https:\/\/itr.ufrrj.br\/biblioteca\/sobre-nos\/historia-da-biblioteca-universitaria-de-tres-rios\/","og_locale":"pt_BR","og_type":"article","og_title":"Hist\u00f3ria da Biblioteca Universit\u00e1ria de Tr\u00eas Rios - Biblioteca do ITR","og_description":"Tal qual a hist\u00f3ria do pr\u00f3prio Instituto a hist\u00f3ria da Biblioteca Tr\u00eas Rios tem suas ra\u00edzes na pr\u00f3pria forma\u00e7\u00e3o do Campus. Tendo seu funcionamento inicial numa sala de aproximadamente 12 m2, localizada na parte t\u00e9rrea das depend\u00eancias do Col\u00e9gio Ruy Barbosa, a biblioteca possu\u00eda at\u00e9 meados do ano de 2009 a rotina de suas atividades [&hellip;]","og_url":"https:\/\/itr.ufrrj.br\/biblioteca\/sobre-nos\/historia-da-biblioteca-universitaria-de-tres-rios\/","og_site_name":"Biblioteca do ITR","article_modified_time":"2016-03-14T19:22:48+00:00","twitter_card":"summary_large_image","twitter_misc":{"Est. tempo de leitura":"1 minuto"},"schema":{"@context":"https:\/\/schema.org","@graph":[{"@type":"WebPage","@id":"https:\/\/itr.ufrrj.br\/biblioteca\/sobre-nos\/historia-da-biblioteca-universitaria-de-tres-rios\/","url":"https:\/\/itr.ufrrj.br\/biblioteca\/sobre-nos\/historia-da-biblioteca-universitaria-de-tres-rios\/","name":"Hist\u00f3ria da Biblioteca Universit\u00e1ria de Tr\u00eas Rios - Biblioteca do ITR","isPartOf":{"@id":"https:\/\/itr.ufrrj.br\/biblioteca\/#website"},"datePublished":"2016-03-14T14:23:12+00:00","dateModified":"2016-03-14T19:22:48+00:00","breadcrumb":{"@id":"https:\/\/itr.ufrrj.br\/biblioteca\/sobre-nos\/historia-da-biblioteca-universitaria-de-tres-rios\/#breadcrumb"},"inLanguage":"pt-BR","potentialAction":[{"@type":"ReadAction","target":["https:\/\/itr.ufrrj.br\/biblioteca\/sobre-nos\/historia-da-biblioteca-universitaria-de-tres-rios\/"]}]},{"@type":"BreadcrumbList","@id":"https:\/\/itr.ufrrj.br\/biblioteca\/sobre-nos\/historia-da-biblioteca-universitaria-de-tres-rios\/#breadcrumb","itemListElement":[{"@type":"ListItem","position":1,"name":"In\u00edcio","item":"https:\/\/itr.ufrrj.br\/biblioteca\/"},{"@type":"ListItem","position":2,"name":"Sobre N\u00f3s","item":"https:\/\/itr.ufrrj.br\/biblioteca\/sobre-nos\/"},{"@type":"ListItem","position":3,"name":"Hist\u00f3ria da Biblioteca Universit\u00e1ria de Tr\u00eas Rios"}]},{"@type":"WebSite","@id":"https:\/\/itr.ufrrj.br\/biblioteca\/#website","url":"https:\/\/itr.ufrrj.br\/biblioteca\/","name":"Biblioteca do ITR","description":"Instituto Tr\u00eas Rios","potentialAction":[{"@type":"SearchAction","target":{"@type":"EntryPoint","urlTemplate":"https:\/\/itr.ufrrj.br\/biblioteca\/?s={search_term_string}"},"query-input":"required name=search_term_string"}],"inLanguage":"pt-BR"}]}},"_links":{"self":[{"href":"https:\/\/itr.ufrrj.br\/biblioteca\/wp-json\/wp\/v2\/pages\/39"}],"collection":[{"href":"https:\/\/itr.ufrrj.br\/biblioteca\/wp-json\/wp\/v2\/pages"}],"about":[{"href":"https:\/\/itr.ufrrj.br\/biblioteca\/wp-json\/wp\/v2\/types\/page"}],"author":[{"embeddable":true,"href":"https:\/\/itr.ufrrj.br\/biblioteca\/wp-json\/wp\/v2\/users\/3"}],"replies":[{"embeddable":true,"href":"https:\/\/itr.ufrrj.br\/biblioteca\/wp-json\/wp\/v2\/comments?post=39"}],"version-history":[{"count":3,"href":"https:\/\/itr.ufrrj.br\/biblioteca\/wp-json\/wp\/v2\/pages\/39\/revisions"}],"predecessor-version":[{"id":129,"href":"https:\/\/itr.ufrrj.br\/biblioteca\/wp-json\/wp\/v2\/pages\/39\/revisions\/129"}],"up":[{"embeddable":true,"href":"https:\/\/itr.ufrrj.br\/biblioteca\/wp-json\/wp\/v2\/pages\/34"}],"wp:attachment":[{"href":"https:\/\/itr.ufrrj.br\/biblioteca\/wp-json\/wp\/v2\/media?parent=39"}],"curies":[{"name":"wp","href":"https:\/\/api.w.org\/{rel}","templated":true}]}}