{"id":12,"date":"2016-03-14T11:07:58","date_gmt":"2016-03-14T14:07:58","guid":{"rendered":"http:\/\/itr.ufrrj.br\/biblioteca\/?page_id=12"},"modified":"2017-10-05T11:55:51","modified_gmt":"2017-10-05T14:55:51","slug":"socios","status":"publish","type":"page","link":"https:\/\/itr.ufrrj.br\/biblioteca\/servicos\/socios\/","title":{"rendered":"S\u00f3cios"},"content":{"rendered":"<p style=\"text-align: justify;\">A biblioteca oferece a todos os seus usu\u00e1rios uma ampla gama de servi\u00e7os e produtos \u00e0 comunidade, tais como: a consulta e o empr\u00e9stimo de livros,\u00a0o acesso \u00e0 Internet via wifi ou a utiliza\u00e7\u00e3o de nossos computadores institucionais, al\u00e9m de proporcionar em um ambiente agrad\u00e1vel a possibilidade de voc\u00ea ler uma revista ou assistir \u00e0 toda uma programa\u00e7\u00e3o cultural em v\u00eddeo.<\/p>\n<p style=\"text-align: justify;\">Nossos usu\u00e1rios tamb\u00e9m podem contar com a implementa\u00e7\u00e3o de livros na vers\u00e3o \u00e1udio, ou ainda acessar o conte\u00fado de nossas publica\u00e7\u00f5es peri\u00f3dicas. Por\u00e9m, se voc\u00ea quiser trazer seus materiais de estudo, tudo bem! Basta identific\u00e1-los na recep\u00e7\u00e3o e usufruir de nosso espa\u00e7o.<\/p>\n<p style=\"text-align: justify;\">Para aqueles que procuram utilizar ainda mais todos os nossos servi\u00e7os e produtos estendemos o Programa de S\u00f3cios \u00e0 aqueles que n\u00e3o s\u00e3o vinculados \u00e0 nossa Institui\u00e7\u00e3o. Desejamos com isso proporcionar \u00e0 voc\u00ea um espa\u00e7o de pesquisa, cultura e lazer. Esperamos que voc\u00ea curta, vivencie e caminhe conosco nessa jornada.<\/p>\n<p style=\"text-align: justify;\">Ficaremos felizes com a sua visita!<\/p>\n<p style=\"text-align: justify;\"><strong>Seja s\u00f3cio da nossa biblioteca e usufrua dos seguintes servi\u00e7os:<\/strong><\/p>\n<ul style=\"text-align: justify;\">\n<li>Consulta local do acervo;<\/li>\n<li>Consulta \u00e0s bases de dados do Portal de Peri\u00f3dicos da CAPES, visualizando os artigos dispon\u00edveis pelo portal na \u00edntegra ou em texto completo;<\/li>\n<li>Empr\u00e9stimo regular;<\/li>\n<li>Empr\u00e9stimo especial;<\/li>\n<li>Empr\u00e9stimo entre Bibliotecas;<\/li>\n<li>Receber descontos em workshops, na compra de livros com editoras parceiras;<\/li>\n<li>Reserva bibliogr\u00e1fica;<\/li>\n<li>Participar de nossas visitas t\u00e9cnicas \u00e0 empresas parceiras, feiras e eventos, ou ainda aprimorar seu conhecimento atrav\u00e9s de nossas atividades culturais;<\/li>\n<\/ul>\n<p style=\"text-align: justify;\">e voc\u00ea pode ainda:<\/p>\n<ul style=\"text-align: justify;\">\n<li>Assistir um bom filme;<\/li>\n<li>Ouvir uma boa m\u00fasica;<\/li>\n<li>Debater em grupo com nossas v\u00eddeo aulas;<\/li>\n<li>Obter descontos junto aos conveniados e parceiros da Biblioteca;<\/li>\n<\/ul>\n<p style=\"text-align: justify;\">Entre em <a href=\"http:\/\/itr.ufrrj.br\/biblioteca\/contato\/\">contato<\/a> conosco\u00a0ou solicite a ajuda de um de nossos colaboradores, pois eles poder\u00e3o lhe ajudar a encontrar o livro mais adequado \u00e0s suas necessidades.<\/p>\n","protected":false},"excerpt":{"rendered":"<p>A biblioteca oferece a todos os seus usu\u00e1rios uma ampla gama de servi\u00e7os e produtos \u00e0 comunidade, tais como: a consulta e o empr\u00e9stimo de livros,\u00a0o acesso \u00e0 Internet via wifi ou a utiliza\u00e7\u00e3o de nossos computadores institucionais, al\u00e9m de proporcionar em um ambiente agrad\u00e1vel a possibilidade de voc\u00ea ler uma revista ou assistir \u00e0 [&hellip;]<\/p>\n","protected":false},"author":3,"featured_media":0,"parent":10,"menu_order":0,"comment_status":"closed","ping_status":"closed","template":"","meta":[],"acf":[],"yoast_head":"<!-- This site is optimized with the Yoast SEO plugin v20.8 - https:\/\/yoast.com\/wordpress\/plugins\/seo\/ -->\n<title>S\u00f3cios - Biblioteca do ITR<\/title>\n<meta name=\"robots\" content=\"index, follow, max-snippet:-1, max-image-preview:large, max-video-preview:-1\" \/>\n<link rel=\"canonical\" href=\"https:\/\/itr.ufrrj.br\/biblioteca\/servicos\/socios\/\" \/>\n<meta property=\"og:locale\" content=\"pt_BR\" \/>\n<meta property=\"og:type\" content=\"article\" \/>\n<meta property=\"og:title\" content=\"S\u00f3cios - Biblioteca do ITR\" \/>\n<meta property=\"og:description\" content=\"A biblioteca oferece a todos os seus usu\u00e1rios uma ampla gama de servi\u00e7os e produtos \u00e0 comunidade, tais como: a consulta e o empr\u00e9stimo de livros,\u00a0o acesso \u00e0 Internet via wifi ou a utiliza\u00e7\u00e3o de nossos computadores institucionais, al\u00e9m de proporcionar em um ambiente agrad\u00e1vel a possibilidade de voc\u00ea ler uma revista ou assistir \u00e0 [&hellip;]\" \/>\n<meta property=\"og:url\" content=\"https:\/\/itr.ufrrj.br\/biblioteca\/servicos\/socios\/\" \/>\n<meta property=\"og:site_name\" content=\"Biblioteca do ITR\" \/>\n<meta property=\"article:modified_time\" content=\"2017-10-05T14:55:51+00:00\" \/>\n<meta name=\"twitter:card\" content=\"summary_large_image\" \/>\n<meta name=\"twitter:label1\" content=\"Est. tempo de leitura\" \/>\n\t<meta name=\"twitter:data1\" content=\"2 minutos\" \/>\n<script type=\"application\/ld+json\" class=\"yoast-schema-graph\">{\"@context\":\"https:\/\/schema.org\",\"@graph\":[{\"@type\":\"WebPage\",\"@id\":\"https:\/\/itr.ufrrj.br\/biblioteca\/servicos\/socios\/\",\"url\":\"https:\/\/itr.ufrrj.br\/biblioteca\/servicos\/socios\/\",\"name\":\"S\u00f3cios - Biblioteca do ITR\",\"isPartOf\":{\"@id\":\"https:\/\/itr.ufrrj.br\/biblioteca\/#website\"},\"datePublished\":\"2016-03-14T14:07:58+00:00\",\"dateModified\":\"2017-10-05T14:55:51+00:00\",\"breadcrumb\":{\"@id\":\"https:\/\/itr.ufrrj.br\/biblioteca\/servicos\/socios\/#breadcrumb\"},\"inLanguage\":\"pt-BR\",\"potentialAction\":[{\"@type\":\"ReadAction\",\"target\":[\"https:\/\/itr.ufrrj.br\/biblioteca\/servicos\/socios\/\"]}]},{\"@type\":\"BreadcrumbList\",\"@id\":\"https:\/\/itr.ufrrj.br\/biblioteca\/servicos\/socios\/#breadcrumb\",\"itemListElement\":[{\"@type\":\"ListItem\",\"position\":1,\"name\":\"In\u00edcio\",\"item\":\"https:\/\/itr.ufrrj.br\/biblioteca\/\"},{\"@type\":\"ListItem\",\"position\":2,\"name\":\"Servi\u00e7os\",\"item\":\"https:\/\/itr.ufrrj.br\/biblioteca\/servicos\/\"},{\"@type\":\"ListItem\",\"position\":3,\"name\":\"S\u00f3cios\"}]},{\"@type\":\"WebSite\",\"@id\":\"https:\/\/itr.ufrrj.br\/biblioteca\/#website\",\"url\":\"https:\/\/itr.ufrrj.br\/biblioteca\/\",\"name\":\"Biblioteca do ITR\",\"description\":\"Instituto Tr\u00eas Rios\",\"potentialAction\":[{\"@type\":\"SearchAction\",\"target\":{\"@type\":\"EntryPoint\",\"urlTemplate\":\"https:\/\/itr.ufrrj.br\/biblioteca\/?s={search_term_string}\"},\"query-input\":\"required name=search_term_string\"}],\"inLanguage\":\"pt-BR\"}]}<\/script>\n<!-- \/ Yoast SEO plugin. -->","yoast_head_json":{"title":"S\u00f3cios - Biblioteca do ITR","robots":{"index":"index","follow":"follow","max-snippet":"max-snippet:-1","max-image-preview":"max-image-preview:large","max-video-preview":"max-video-preview:-1"},"canonical":"https:\/\/itr.ufrrj.br\/biblioteca\/servicos\/socios\/","og_locale":"pt_BR","og_type":"article","og_title":"S\u00f3cios - Biblioteca do ITR","og_description":"A biblioteca oferece a todos os seus usu\u00e1rios uma ampla gama de servi\u00e7os e produtos \u00e0 comunidade, tais como: a consulta e o empr\u00e9stimo de livros,\u00a0o acesso \u00e0 Internet via wifi ou a utiliza\u00e7\u00e3o de nossos computadores institucionais, al\u00e9m de proporcionar em um ambiente agrad\u00e1vel a possibilidade de voc\u00ea ler uma revista ou assistir \u00e0 [&hellip;]","og_url":"https:\/\/itr.ufrrj.br\/biblioteca\/servicos\/socios\/","og_site_name":"Biblioteca do ITR","article_modified_time":"2017-10-05T14:55:51+00:00","twitter_card":"summary_large_image","twitter_misc":{"Est. tempo de leitura":"2 minutos"},"schema":{"@context":"https:\/\/schema.org","@graph":[{"@type":"WebPage","@id":"https:\/\/itr.ufrrj.br\/biblioteca\/servicos\/socios\/","url":"https:\/\/itr.ufrrj.br\/biblioteca\/servicos\/socios\/","name":"S\u00f3cios - Biblioteca do ITR","isPartOf":{"@id":"https:\/\/itr.ufrrj.br\/biblioteca\/#website"},"datePublished":"2016-03-14T14:07:58+00:00","dateModified":"2017-10-05T14:55:51+00:00","breadcrumb":{"@id":"https:\/\/itr.ufrrj.br\/biblioteca\/servicos\/socios\/#breadcrumb"},"inLanguage":"pt-BR","potentialAction":[{"@type":"ReadAction","target":["https:\/\/itr.ufrrj.br\/biblioteca\/servicos\/socios\/"]}]},{"@type":"BreadcrumbList","@id":"https:\/\/itr.ufrrj.br\/biblioteca\/servicos\/socios\/#breadcrumb","itemListElement":[{"@type":"ListItem","position":1,"name":"In\u00edcio","item":"https:\/\/itr.ufrrj.br\/biblioteca\/"},{"@type":"ListItem","position":2,"name":"Servi\u00e7os","item":"https:\/\/itr.ufrrj.br\/biblioteca\/servicos\/"},{"@type":"ListItem","position":3,"name":"S\u00f3cios"}]},{"@type":"WebSite","@id":"https:\/\/itr.ufrrj.br\/biblioteca\/#website","url":"https:\/\/itr.ufrrj.br\/biblioteca\/","name":"Biblioteca do ITR","description":"Instituto Tr\u00eas Rios","potentialAction":[{"@type":"SearchAction","target":{"@type":"EntryPoint","urlTemplate":"https:\/\/itr.ufrrj.br\/biblioteca\/?s={search_term_string}"},"query-input":"required name=search_term_string"}],"inLanguage":"pt-BR"}]}},"_links":{"self":[{"href":"https:\/\/itr.ufrrj.br\/biblioteca\/wp-json\/wp\/v2\/pages\/12"}],"collection":[{"href":"https:\/\/itr.ufrrj.br\/biblioteca\/wp-json\/wp\/v2\/pages"}],"about":[{"href":"https:\/\/itr.ufrrj.br\/biblioteca\/wp-json\/wp\/v2\/types\/page"}],"author":[{"embeddable":true,"href":"https:\/\/itr.ufrrj.br\/biblioteca\/wp-json\/wp\/v2\/users\/3"}],"replies":[{"embeddable":true,"href":"https:\/\/itr.ufrrj.br\/biblioteca\/wp-json\/wp\/v2\/comments?post=12"}],"version-history":[{"count":5,"href":"https:\/\/itr.ufrrj.br\/biblioteca\/wp-json\/wp\/v2\/pages\/12\/revisions"}],"predecessor-version":[{"id":3301,"href":"https:\/\/itr.ufrrj.br\/biblioteca\/wp-json\/wp\/v2\/pages\/12\/revisions\/3301"}],"up":[{"embeddable":true,"href":"https:\/\/itr.ufrrj.br\/biblioteca\/wp-json\/wp\/v2\/pages\/10"}],"wp:attachment":[{"href":"https:\/\/itr.ufrrj.br\/biblioteca\/wp-json\/wp\/v2\/media?parent=12"}],"curies":[{"name":"wp","href":"https:\/\/api.w.org\/{rel}","templated":true}]}}