{"id":481,"date":"2019-08-17T14:20:42","date_gmt":"2019-08-17T17:20:42","guid":{"rendered":"http:\/\/itr.ufrrj.br\/pet\/?page_id=481"},"modified":"2020-07-29T19:18:01","modified_gmt":"2020-07-29T22:18:01","slug":"sobre","status":"publish","type":"page","link":"http:\/\/itr.ufrrj.br\/pet\/sobre\/","title":{"rendered":"Sobre"},"content":{"rendered":"<p><img loading=\"lazy\" decoding=\"async\" class=\"aligncenter size-large wp-image-746\" src=\"http:\/\/itr.ufrrj.br\/pet\/wp-content\/uploads\/2020\/06\/Equipe-PET-1024x819.jpg\" alt=\"\" width=\"900\" height=\"720\" srcset=\"http:\/\/itr.ufrrj.br\/pet\/wp-content\/uploads\/2020\/06\/Equipe-PET-1024x819.jpg 1024w, http:\/\/itr.ufrrj.br\/pet\/wp-content\/uploads\/2020\/06\/Equipe-PET-300x240.jpg 300w, http:\/\/itr.ufrrj.br\/pet\/wp-content\/uploads\/2020\/06\/Equipe-PET-768x614.jpg 768w, http:\/\/itr.ufrrj.br\/pet\/wp-content\/uploads\/2020\/06\/Equipe-PET-1536x1229.jpg 1536w, http:\/\/itr.ufrrj.br\/pet\/wp-content\/uploads\/2020\/06\/Equipe-PET-375x300.jpg 375w, http:\/\/itr.ufrrj.br\/pet\/wp-content\/uploads\/2020\/06\/Equipe-PET.jpg 2000w\" sizes=\"auto, (max-width: 900px) 100vw, 900px\" \/><\/p>\n<p style=\"text-align: center;\"><span style=\"text-align: center; color: #000000; text-transform: none; text-indent: 0px; letter-spacing: normal; font-family: 'Merriweather',serif; font-size: 14px; font-style: normal; font-variant: normal; font-weight: 300; text-decoration: none; word-spacing: 0px; display: inline !important; white-space: normal; orphans: 2; float: none; -webkit-text-stroke-width: 0px; background-color: transparent;\">Promovemos atividades de ensino, pesquisa e extens\u00e3o com o tutor, os bolsistas, discentes n\u00e3o bolsistas e docentes colaboradores de modo a desenvolver estudos e projetos sobre tem\u00e1ticas cient\u00edficas e sociais.<\/span><br \/>\n<span style=\"color: #000000;\"><span style=\"text-align: center; text-transform: none; text-indent: 0px; letter-spacing: normal; font-family: 'Merriweather',serif; font-size: 14px; font-style: normal; font-variant: normal; font-weight: 300; text-decoration: none; word-spacing: 0px; display: inline !important; white-space: normal; orphans: 2; float: none; -webkit-text-stroke-width: 0px; background-color: transparent;\">Nossa equipe <\/span><span style=\"text-align: center; text-transform: none; text-indent: 0px; letter-spacing: normal; font-family: 'Merriweather',serif; font-size: 14px; font-style: normal; font-variant: normal; font-weight: 300; text-decoration: none; word-spacing: 0px; display: inline !important; white-space: normal; orphans: 2; float: none; -webkit-text-stroke-width: 0px; background-color: transparent;\">\u00e9 composta por uma tutora e atualmente 9 membros bolsistas, os quais desenvolvem atividade nas diversas \u00e1reas do conhecimento contemplando ensino, pesquisa e extens\u00e3o!<\/span><\/span><\/p>\n<p style=\"text-align: center;\">\u00a0 \u00a0<img loading=\"lazy\" decoding=\"async\" class=\"alignnone wp-image-559 \" src=\"http:\/\/itr.ufrrj.br\/pet\/wp-content\/uploads\/2019\/09\/logo-novo-semfundo-300x300.png\" alt=\"\" width=\"100\" height=\"100\" srcset=\"http:\/\/itr.ufrrj.br\/pet\/wp-content\/uploads\/2019\/09\/logo-novo-semfundo-300x300.png 300w, http:\/\/itr.ufrrj.br\/pet\/wp-content\/uploads\/2019\/09\/logo-novo-semfundo-150x150.png 150w, http:\/\/itr.ufrrj.br\/pet\/wp-content\/uploads\/2019\/09\/logo-novo-semfundo.png 700w\" sizes=\"auto, (max-width: 100px) 100vw, 100px\" \/> \u00a0 \u00a0 \u00a0 \u00a0 \u00a0 \u00a0 \u00a0 \u00a0 \u00a0 \u00a0 \u00a0 \u00a0\u00a0<img loading=\"lazy\" decoding=\"async\" class=\"alignnone wp-image-559 \" src=\"http:\/\/itr.ufrrj.br\/pet\/wp-content\/uploads\/2019\/09\/logo-novo-semfundo-300x300.png\" alt=\"\" width=\"100\" height=\"101\" srcset=\"http:\/\/itr.ufrrj.br\/pet\/wp-content\/uploads\/2019\/09\/logo-novo-semfundo-300x300.png 300w, http:\/\/itr.ufrrj.br\/pet\/wp-content\/uploads\/2019\/09\/logo-novo-semfundo-150x150.png 150w, http:\/\/itr.ufrrj.br\/pet\/wp-content\/uploads\/2019\/09\/logo-novo-semfundo.png 700w\" sizes=\"auto, (max-width: 100px) 100vw, 100px\" \/><\/p>\n<p style=\"text-align: center;\"><span style=\"color: #000000;\">Olga Gomes\u00a0 \u00a0 \u00a0 \u00a0 \u00a0 \u00a0 \u00a0 \u00a0 \u00a0 \u00a0 \u00a0 \u00a0 Ana Carolina Oliveira<\/span><\/p>\n<p style=\"text-align: center;\"><span style=\"color: #000000;\"><strong>Tutora Respons\u00e1vel\u00a0 \u00a0 \u00a0 \u00a0 \u00a0 \u00a0 \u00a0 \u00a0 <\/strong><span style=\"text-align: left; text-transform: none; text-indent: 0px; letter-spacing: normal; font-family: Georgia,'Times New Roman','Bitstream Charter',Times,serif; font-size: 16px; font-style: normal; font-variant: normal; font-weight: 400; text-decoration: none; word-spacing: 0px; display: inline !important; white-space: normal; cursor: text; orphans: 2; float: none; -webkit-text-stroke-width: 0px; background-color: transparent;\"><strong>Membro Bolsista<\/strong><\/span><\/span><\/p>\n<p style=\"text-align: center;\"><span style=\"color: #000000;\"><span style=\"text-align: left; text-transform: none; text-indent: 0px; letter-spacing: normal; font-family: Georgia,'Times New Roman','Bitstream Charter',Times,serif; font-size: 16px; font-style: normal; font-variant: normal; font-weight: 400; text-decoration: none; word-spacing: 0px; display: inline !important; white-space: normal; cursor: text; orphans: 2; float: none; -webkit-text-stroke-width: 0px; background-color: transparent;\">\u00a0 \u00a0 <\/span><img loading=\"lazy\" decoding=\"async\" class=\"alignnone wp-image-559 \" src=\"http:\/\/itr.ufrrj.br\/pet\/wp-content\/uploads\/2019\/09\/logo-novo-semfundo-300x300.png\" alt=\"\" width=\"100\" height=\"100\" srcset=\"http:\/\/itr.ufrrj.br\/pet\/wp-content\/uploads\/2019\/09\/logo-novo-semfundo-300x300.png 300w, http:\/\/itr.ufrrj.br\/pet\/wp-content\/uploads\/2019\/09\/logo-novo-semfundo-150x150.png 150w, http:\/\/itr.ufrrj.br\/pet\/wp-content\/uploads\/2019\/09\/logo-novo-semfundo.png 700w\" sizes=\"auto, (max-width: 100px) 100vw, 100px\" \/><span style=\"text-align: left; text-transform: none; text-indent: 0px; letter-spacing: normal; font-family: Georgia,'Times New Roman','Bitstream Charter',Times,serif; font-size: 16px; font-style: normal; font-variant: normal; font-weight: 400; text-decoration: none; word-spacing: 0px; display: inline !important; white-space: normal; cursor: text; orphans: 2; float: none; -webkit-text-stroke-width: 0px; background-color: transparent;\"> \u00a0 \u00a0 \u00a0 \u00a0 \u00a0 \u00a0 \u00a0 \u00a0\u00a0 <\/span><img loading=\"lazy\" decoding=\"async\" class=\"alignnone wp-image-559 \" src=\"http:\/\/itr.ufrrj.br\/pet\/wp-content\/uploads\/2019\/09\/logo-novo-semfundo-300x300.png\" alt=\"\" width=\"100\" height=\"100\" srcset=\"http:\/\/itr.ufrrj.br\/pet\/wp-content\/uploads\/2019\/09\/logo-novo-semfundo-300x300.png 300w, http:\/\/itr.ufrrj.br\/pet\/wp-content\/uploads\/2019\/09\/logo-novo-semfundo-150x150.png 150w, http:\/\/itr.ufrrj.br\/pet\/wp-content\/uploads\/2019\/09\/logo-novo-semfundo.png 700w\" sizes=\"auto, (max-width: 100px) 100vw, 100px\" \/><\/span><\/p>\n<p style=\"text-align: center;\"><span style=\"text-align: left; color: #000000; text-transform: none; text-indent: 0px; letter-spacing: normal; font-family: Georgia,'Times New Roman','Bitstream Charter',Times,serif; font-size: 16px; font-style: normal; font-variant: normal; font-weight: 400; text-decoration: none; word-spacing: 0px; display: inline !important; white-space: normal; cursor: text; orphans: 2; float: none; -webkit-text-stroke-width: 0px; background-color: transparent;\">\u00a0 \u00a0 \u00a0 \u00a0 \u00a0F\u00e1bio Vieira\u00a0 \u00a0 \u00a0 \u00a0 \u00a0 \u00a0 \u00a0 \u00a0 \u00a0 \u00a0 \u00a0 \u00a0 \u00a0 \u00a0 \u00a0Felipe Vasconcelos<\/span><\/p>\n<p style=\"text-align: center;\"><span style=\"color: #000000;\"><span style=\"text-align: left; text-transform: none; text-indent: 0px; letter-spacing: normal; font-family: Georgia,'Times New Roman','Bitstream Charter',Times,serif; font-size: 16px; font-style: normal; font-variant: normal; font-weight: 400; text-decoration: none; word-spacing: 0px; display: inline !important; white-space: normal; cursor: text; orphans: 2; float: none; -webkit-text-stroke-width: 0px; background-color: transparent;\"><strong>\u00a0 \u00a0 \u00a0Membro Bolsista\u00a0 \u00a0 \u00a0 \u00a0 \u00a0 \u00a0 \u00a0<\/strong><\/span><strong>Membro Bolsista<\/strong> \u00a0 \u00a0<\/span><\/p>\n<p style=\"text-align: center;\"><span style=\"color: #000000;\"><img loading=\"lazy\" decoding=\"async\" class=\"alignnone wp-image-559 \" src=\"http:\/\/itr.ufrrj.br\/pet\/wp-content\/uploads\/2019\/09\/logo-novo-semfundo-300x300.png\" alt=\"\" width=\"100\" height=\"100\" srcset=\"http:\/\/itr.ufrrj.br\/pet\/wp-content\/uploads\/2019\/09\/logo-novo-semfundo-300x300.png 300w, http:\/\/itr.ufrrj.br\/pet\/wp-content\/uploads\/2019\/09\/logo-novo-semfundo-150x150.png 150w, http:\/\/itr.ufrrj.br\/pet\/wp-content\/uploads\/2019\/09\/logo-novo-semfundo.png 700w\" sizes=\"auto, (max-width: 100px) 100vw, 100px\" \/><span style=\"text-align: left; text-transform: none; text-indent: 0px; letter-spacing: normal; font-family: Georgia,'Times New Roman','Bitstream Charter',Times,serif; font-size: 16px; font-style: normal; font-variant: normal; font-weight: 400; text-decoration: none; word-spacing: 0px; display: inline !important; white-space: normal; cursor: text; orphans: 2; float: none; -webkit-text-stroke-width: 0px; background-color: transparent;\">\u00a0 \u00a0 \u00a0 \u00a0 \u00a0 \u00a0 \u00a0 \u00a0 <\/span><img loading=\"lazy\" decoding=\"async\" class=\"alignnone wp-image-559 \" src=\"http:\/\/itr.ufrrj.br\/pet\/wp-content\/uploads\/2019\/09\/logo-novo-semfundo-300x300.png\" alt=\"\" width=\"100\" height=\"100\" srcset=\"http:\/\/itr.ufrrj.br\/pet\/wp-content\/uploads\/2019\/09\/logo-novo-semfundo-300x300.png 300w, http:\/\/itr.ufrrj.br\/pet\/wp-content\/uploads\/2019\/09\/logo-novo-semfundo-150x150.png 150w, http:\/\/itr.ufrrj.br\/pet\/wp-content\/uploads\/2019\/09\/logo-novo-semfundo.png 700w\" sizes=\"auto, (max-width: 100px) 100vw, 100px\" \/>\u00a0 \u00a0 \u00a0 \u00a0 <img loading=\"lazy\" decoding=\"async\" class=\"alignnone wp-image-559 \" src=\"http:\/\/itr.ufrrj.br\/pet\/wp-content\/uploads\/2019\/09\/logo-novo-semfundo-300x300.png\" alt=\"\" width=\"100\" height=\"100\" srcset=\"http:\/\/itr.ufrrj.br\/pet\/wp-content\/uploads\/2019\/09\/logo-novo-semfundo-300x300.png 300w, http:\/\/itr.ufrrj.br\/pet\/wp-content\/uploads\/2019\/09\/logo-novo-semfundo-150x150.png 150w, http:\/\/itr.ufrrj.br\/pet\/wp-content\/uploads\/2019\/09\/logo-novo-semfundo.png 700w\" sizes=\"auto, (max-width: 100px) 100vw, 100px\" \/><\/span><\/p>\n<p style=\"text-align: center;\"><span style=\"text-align: left; color: #000000; text-transform: none; text-indent: 0px; letter-spacing: normal; font-family: Georgia,'Times New Roman','Bitstream Charter',Times,serif; font-size: 16px; font-style: normal; font-variant: normal; font-weight: 400; text-decoration: none; word-spacing: 0px; display: inline !important; white-space: normal; cursor: text; orphans: 2; float: none; -webkit-text-stroke-width: 0px; background-color: transparent;\">Fran Mendes\u00a0 \u00a0 \u00a0 \u00a0 \u00a0 \u00a0 \u00a0 \u00a0 \u00a0 \u00a0Lucas trindade\u00a0 \u00a0 \u00a0 \u00a0 \u00a0 \u00a0 Pedro Siqueira<\/span><\/p>\n<p style=\"text-align: center;\"><span style=\"color: #000000;\"><strong><span style=\"text-align: left; text-transform: none; text-indent: 0px; letter-spacing: normal; font-family: Georgia,'Times New Roman','Bitstream Charter',Times,serif; font-size: 16px; font-style: normal; font-variant: normal; text-decoration: none; word-spacing: 0px; display: inline !important; white-space: normal; cursor: text; orphans: 2; float: none; -webkit-text-stroke-width: 0px; background-color: transparent;\">\u00a0 \u00a0 \u00a0Membro Bolsista\u00a0 \u00a0<\/span><\/strong><\/span><span style=\"color: #000000;\"><strong><span style=\"text-align: left; text-transform: none; text-indent: 0px; letter-spacing: normal; font-family: Georgia,'Times New Roman','Bitstream Charter',Times,serif; font-size: 16px; font-style: normal; font-variant: normal; text-decoration: none; word-spacing: 0px; display: inline !important; white-space: normal; cursor: text; orphans: 2; float: none; -webkit-text-stroke-width: 0px; background-color: transparent;\">\u00a0\u00a0<\/span>Membro Bolsista\u00a0 \u00a0 Membro Bolsista\u00a0<\/strong><\/span><\/p>\n<p style=\"text-align: center;\">\n<p style=\"text-align: center;\"><span style=\"color: #000000;\"> <img loading=\"lazy\" decoding=\"async\" class=\"alignnone wp-image-559 \" src=\"http:\/\/itr.ufrrj.br\/pet\/wp-content\/uploads\/2019\/09\/logo-novo-semfundo-300x300.png\" alt=\"\" width=\"100\" height=\"100\" srcset=\"http:\/\/itr.ufrrj.br\/pet\/wp-content\/uploads\/2019\/09\/logo-novo-semfundo-300x300.png 300w, http:\/\/itr.ufrrj.br\/pet\/wp-content\/uploads\/2019\/09\/logo-novo-semfundo-150x150.png 150w, http:\/\/itr.ufrrj.br\/pet\/wp-content\/uploads\/2019\/09\/logo-novo-semfundo.png 700w\" sizes=\"auto, (max-width: 100px) 100vw, 100px\" \/><span style=\"text-align: left; text-transform: none; text-indent: 0px; letter-spacing: normal; font-family: Georgia,'Times New Roman','Bitstream Charter',Times,serif; font-size: 16px; font-style: normal; font-variant: normal; font-weight: 400; text-decoration: none; word-spacing: 0px; display: inline !important; white-space: normal; cursor: text; orphans: 2; float: none; -webkit-text-stroke-width: 0px; background-color: transparent;\"> \u00a0 \u00a0 \u00a0 \u00a0 \u00a0 \u00a0 \u00a0 \u00a0 \u00a0 \u00a0\u00a0 <\/span><img loading=\"lazy\" decoding=\"async\" class=\"alignnone wp-image-559 \" src=\"http:\/\/itr.ufrrj.br\/pet\/wp-content\/uploads\/2019\/09\/logo-novo-semfundo-300x300.png\" alt=\"\" width=\"100\" height=\"100\" srcset=\"http:\/\/itr.ufrrj.br\/pet\/wp-content\/uploads\/2019\/09\/logo-novo-semfundo-300x300.png 300w, http:\/\/itr.ufrrj.br\/pet\/wp-content\/uploads\/2019\/09\/logo-novo-semfundo-150x150.png 150w, http:\/\/itr.ufrrj.br\/pet\/wp-content\/uploads\/2019\/09\/logo-novo-semfundo.png 700w\" sizes=\"auto, (max-width: 100px) 100vw, 100px\" \/><span style=\"text-align: left; text-transform: none; text-indent: 0px; letter-spacing: normal; font-family: Georgia,'Times New Roman','Bitstream Charter',Times,serif; font-size: 16px; font-style: normal; font-variant: normal; font-weight: 400; text-decoration: none; word-spacing: 0px; display: inline !important; white-space: normal; cursor: text; orphans: 2; float: none; -webkit-text-stroke-width: 0px; background-color: transparent;\"> \u00a0 \u00a0 \u00a0 \u00a0 \u00a0 \u00a0 \u00a0 \u00a0\u00a0 <\/span><img loading=\"lazy\" decoding=\"async\" class=\"alignnone wp-image-559 \" src=\"http:\/\/itr.ufrrj.br\/pet\/wp-content\/uploads\/2019\/09\/logo-novo-semfundo-300x300.png\" alt=\"\" width=\"100\" height=\"100\" srcset=\"http:\/\/itr.ufrrj.br\/pet\/wp-content\/uploads\/2019\/09\/logo-novo-semfundo-300x300.png 300w, http:\/\/itr.ufrrj.br\/pet\/wp-content\/uploads\/2019\/09\/logo-novo-semfundo-150x150.png 150w, http:\/\/itr.ufrrj.br\/pet\/wp-content\/uploads\/2019\/09\/logo-novo-semfundo.png 700w\" sizes=\"auto, (max-width: 100px) 100vw, 100px\" \/><\/span><\/p>\n<p style=\"text-align: center;\"><span style=\"text-align: left; color: #000000; text-transform: none; text-indent: 0px; letter-spacing: normal; font-family: Georgia,'Times New Roman','Bitstream Charter',Times,serif; font-size: 16px; font-style: normal; font-variant: normal; font-weight: 400; text-decoration: none; word-spacing: 0px; display: inline !important; white-space: normal; cursor: text; orphans: 2; float: none; -webkit-text-stroke-width: 0px; background-color: transparent;\">Thiago Martins\u00a0 \u00a0 \u00a0 \u00a0 \u00a0 \u00a0 \u00a0 \u00a0 \u00a0Sabrina Faria\u00a0 \u00a0 \u00a0 \u00a0 \u00a0 \u00a0 \u00a0 \u00a0 \u00a0 \u00a0 Yasmin Vargas<\/span><br \/>\n<span style=\"color: #000000;\"><span style=\"text-align: left; text-transform: none; text-indent: 0px; letter-spacing: normal; font-family: Georgia,'Times New Roman','Bitstream Charter',Times,serif; font-size: 16px; font-style: normal; font-variant: normal; font-weight: 400; text-decoration: none; word-spacing: 0px; display: inline !important; white-space: normal; cursor: text; orphans: 2; float: none; -webkit-text-stroke-width: 0px; background-color: transparent;\"><strong>Membro Bolsista \u00a0 \u00a0 \u00a0 \u00a0 \u00a0\u00a0 Membro Bolsista \u00a0 \u00a0 \u00a0 \u00a0\u00a0 <\/strong><\/span><strong>Membro Bolsista\u00a0<\/strong><\/span><\/p>\n","protected":false},"excerpt":{"rendered":"<p>Promovemos atividades de ensino, pesquisa e extens\u00e3o com o tutor, os bolsistas, discentes n\u00e3o bolsistas e docentes colaboradores de modo a desenvolver estudos e projetos sobre tem\u00e1ticas cient\u00edficas e sociais. Nossa equipe \u00e9 composta por uma tutora e atualmente 9<\/p>\n","protected":false},"author":2,"featured_media":0,"parent":0,"menu_order":0,"comment_status":"closed","ping_status":"closed","template":"","meta":{"footnotes":""},"class_list":["post-481","page","type-page","status-publish","hentry"],"yoast_head":"<!-- This site is optimized with the Yoast SEO plugin v27.3 - https:\/\/yoast.com\/product\/yoast-seo-wordpress\/ -->\n<title>Sobre - PET Conex\u00f5es de Saberes<\/title>\n<meta name=\"robots\" content=\"index, follow, max-snippet:-1, max-image-preview:large, max-video-preview:-1\" \/>\n<link rel=\"canonical\" href=\"https:\/\/itr.ufrrj.br\/pet\/sobre\/\" \/>\n<meta property=\"og:locale\" content=\"pt_BR\" \/>\n<meta property=\"og:type\" content=\"article\" \/>\n<meta property=\"og:title\" content=\"Sobre - PET Conex\u00f5es de Saberes\" \/>\n<meta property=\"og:description\" content=\"Promovemos atividades de ensino, pesquisa e extens\u00e3o com o tutor, os bolsistas, discentes n\u00e3o bolsistas e docentes colaboradores de modo a desenvolver estudos e projetos sobre tem\u00e1ticas cient\u00edficas e sociais. Nossa equipe \u00e9 composta por uma tutora e atualmente 9\" \/>\n<meta property=\"og:url\" content=\"https:\/\/itr.ufrrj.br\/pet\/sobre\/\" \/>\n<meta property=\"og:site_name\" content=\"PET Conex\u00f5es de Saberes\" \/>\n<meta property=\"article:modified_time\" content=\"2020-07-29T22:18:01+00:00\" \/>\n<meta property=\"og:image\" content=\"http:\/\/itr.ufrrj.br\/pet\/wp-content\/uploads\/2020\/06\/Equipe-PET-1024x819.jpg\" \/>\n<meta name=\"twitter:card\" content=\"summary_large_image\" \/>\n<meta name=\"twitter:label1\" content=\"Est. tempo de leitura\" \/>\n\t<meta name=\"twitter:data1\" content=\"1 minuto\" \/>\n<script type=\"application\/ld+json\" class=\"yoast-schema-graph\">{\"@context\":\"https:\\\/\\\/schema.org\",\"@graph\":[{\"@type\":\"WebPage\",\"@id\":\"https:\\\/\\\/itr.ufrrj.br\\\/pet\\\/sobre\\\/\",\"url\":\"https:\\\/\\\/itr.ufrrj.br\\\/pet\\\/sobre\\\/\",\"name\":\"Sobre - PET Conex\u00f5es de Saberes\",\"isPartOf\":{\"@id\":\"https:\\\/\\\/itr.ufrrj.br\\\/pet\\\/#website\"},\"primaryImageOfPage\":{\"@id\":\"https:\\\/\\\/itr.ufrrj.br\\\/pet\\\/sobre\\\/#primaryimage\"},\"image\":{\"@id\":\"https:\\\/\\\/itr.ufrrj.br\\\/pet\\\/sobre\\\/#primaryimage\"},\"thumbnailUrl\":\"http:\\\/\\\/itr.ufrrj.br\\\/pet\\\/wp-content\\\/uploads\\\/2020\\\/06\\\/Equipe-PET-1024x819.jpg\",\"datePublished\":\"2019-08-17T17:20:42+00:00\",\"dateModified\":\"2020-07-29T22:18:01+00:00\",\"breadcrumb\":{\"@id\":\"https:\\\/\\\/itr.ufrrj.br\\\/pet\\\/sobre\\\/#breadcrumb\"},\"inLanguage\":\"pt-BR\",\"potentialAction\":[{\"@type\":\"ReadAction\",\"target\":[\"https:\\\/\\\/itr.ufrrj.br\\\/pet\\\/sobre\\\/\"]}]},{\"@type\":\"ImageObject\",\"inLanguage\":\"pt-BR\",\"@id\":\"https:\\\/\\\/itr.ufrrj.br\\\/pet\\\/sobre\\\/#primaryimage\",\"url\":\"http:\\\/\\\/itr.ufrrj.br\\\/pet\\\/wp-content\\\/uploads\\\/2020\\\/06\\\/Equipe-PET.jpg\",\"contentUrl\":\"http:\\\/\\\/itr.ufrrj.br\\\/pet\\\/wp-content\\\/uploads\\\/2020\\\/06\\\/Equipe-PET.jpg\",\"width\":2000,\"height\":1600},{\"@type\":\"BreadcrumbList\",\"@id\":\"https:\\\/\\\/itr.ufrrj.br\\\/pet\\\/sobre\\\/#breadcrumb\",\"itemListElement\":[{\"@type\":\"ListItem\",\"position\":1,\"name\":\"Home\",\"item\":\"https:\\\/\\\/itr.ufrrj.br\\\/pet\\\/\"},{\"@type\":\"ListItem\",\"position\":2,\"name\":\"Sobre\"}]},{\"@type\":\"WebSite\",\"@id\":\"https:\\\/\\\/itr.ufrrj.br\\\/pet\\\/#website\",\"url\":\"https:\\\/\\\/itr.ufrrj.br\\\/pet\\\/\",\"name\":\"PET Conex\u00f5es de Saberes\",\"description\":\"Campus Tr\u00eas Rios - UFRRJ\",\"publisher\":{\"@id\":\"https:\\\/\\\/itr.ufrrj.br\\\/pet\\\/#organization\"},\"potentialAction\":[{\"@type\":\"SearchAction\",\"target\":{\"@type\":\"EntryPoint\",\"urlTemplate\":\"https:\\\/\\\/itr.ufrrj.br\\\/pet\\\/?s={search_term_string}\"},\"query-input\":{\"@type\":\"PropertyValueSpecification\",\"valueRequired\":true,\"valueName\":\"search_term_string\"}}],\"inLanguage\":\"pt-BR\"},{\"@type\":\"Organization\",\"@id\":\"https:\\\/\\\/itr.ufrrj.br\\\/pet\\\/#organization\",\"name\":\"PET Conex\u00f5es de Saberes\",\"url\":\"https:\\\/\\\/itr.ufrrj.br\\\/pet\\\/\",\"logo\":{\"@type\":\"ImageObject\",\"inLanguage\":\"pt-BR\",\"@id\":\"https:\\\/\\\/itr.ufrrj.br\\\/pet\\\/#\\\/schema\\\/logo\\\/image\\\/\",\"url\":\"http:\\\/\\\/itr.ufrrj.br\\\/pet\\\/wp-content\\\/uploads\\\/2020\\\/07\\\/cropped-LOGO.PETNOVA-5.png\",\"contentUrl\":\"http:\\\/\\\/itr.ufrrj.br\\\/pet\\\/wp-content\\\/uploads\\\/2020\\\/07\\\/cropped-LOGO.PETNOVA-5.png\",\"width\":416,\"height\":376,\"caption\":\"PET Conex\u00f5es de Saberes\"},\"image\":{\"@id\":\"https:\\\/\\\/itr.ufrrj.br\\\/pet\\\/#\\\/schema\\\/logo\\\/image\\\/\"}}]}<\/script>\n<!-- \/ Yoast SEO plugin. -->","yoast_head_json":{"title":"Sobre - PET Conex\u00f5es de Saberes","robots":{"index":"index","follow":"follow","max-snippet":"max-snippet:-1","max-image-preview":"max-image-preview:large","max-video-preview":"max-video-preview:-1"},"canonical":"https:\/\/itr.ufrrj.br\/pet\/sobre\/","og_locale":"pt_BR","og_type":"article","og_title":"Sobre - PET Conex\u00f5es de Saberes","og_description":"Promovemos atividades de ensino, pesquisa e extens\u00e3o com o tutor, os bolsistas, discentes n\u00e3o bolsistas e docentes colaboradores de modo a desenvolver estudos e projetos sobre tem\u00e1ticas cient\u00edficas e sociais. Nossa equipe \u00e9 composta por uma tutora e atualmente 9","og_url":"https:\/\/itr.ufrrj.br\/pet\/sobre\/","og_site_name":"PET Conex\u00f5es de Saberes","article_modified_time":"2020-07-29T22:18:01+00:00","og_image":[{"url":"http:\/\/itr.ufrrj.br\/pet\/wp-content\/uploads\/2020\/06\/Equipe-PET-1024x819.jpg","type":"","width":"","height":""}],"twitter_card":"summary_large_image","twitter_misc":{"Est. tempo de leitura":"1 minuto"},"schema":{"@context":"https:\/\/schema.org","@graph":[{"@type":"WebPage","@id":"https:\/\/itr.ufrrj.br\/pet\/sobre\/","url":"https:\/\/itr.ufrrj.br\/pet\/sobre\/","name":"Sobre - PET Conex\u00f5es de Saberes","isPartOf":{"@id":"https:\/\/itr.ufrrj.br\/pet\/#website"},"primaryImageOfPage":{"@id":"https:\/\/itr.ufrrj.br\/pet\/sobre\/#primaryimage"},"image":{"@id":"https:\/\/itr.ufrrj.br\/pet\/sobre\/#primaryimage"},"thumbnailUrl":"http:\/\/itr.ufrrj.br\/pet\/wp-content\/uploads\/2020\/06\/Equipe-PET-1024x819.jpg","datePublished":"2019-08-17T17:20:42+00:00","dateModified":"2020-07-29T22:18:01+00:00","breadcrumb":{"@id":"https:\/\/itr.ufrrj.br\/pet\/sobre\/#breadcrumb"},"inLanguage":"pt-BR","potentialAction":[{"@type":"ReadAction","target":["https:\/\/itr.ufrrj.br\/pet\/sobre\/"]}]},{"@type":"ImageObject","inLanguage":"pt-BR","@id":"https:\/\/itr.ufrrj.br\/pet\/sobre\/#primaryimage","url":"http:\/\/itr.ufrrj.br\/pet\/wp-content\/uploads\/2020\/06\/Equipe-PET.jpg","contentUrl":"http:\/\/itr.ufrrj.br\/pet\/wp-content\/uploads\/2020\/06\/Equipe-PET.jpg","width":2000,"height":1600},{"@type":"BreadcrumbList","@id":"https:\/\/itr.ufrrj.br\/pet\/sobre\/#breadcrumb","itemListElement":[{"@type":"ListItem","position":1,"name":"Home","item":"https:\/\/itr.ufrrj.br\/pet\/"},{"@type":"ListItem","position":2,"name":"Sobre"}]},{"@type":"WebSite","@id":"https:\/\/itr.ufrrj.br\/pet\/#website","url":"https:\/\/itr.ufrrj.br\/pet\/","name":"PET Conex\u00f5es de Saberes","description":"Campus Tr\u00eas Rios - UFRRJ","publisher":{"@id":"https:\/\/itr.ufrrj.br\/pet\/#organization"},"potentialAction":[{"@type":"SearchAction","target":{"@type":"EntryPoint","urlTemplate":"https:\/\/itr.ufrrj.br\/pet\/?s={search_term_string}"},"query-input":{"@type":"PropertyValueSpecification","valueRequired":true,"valueName":"search_term_string"}}],"inLanguage":"pt-BR"},{"@type":"Organization","@id":"https:\/\/itr.ufrrj.br\/pet\/#organization","name":"PET Conex\u00f5es de Saberes","url":"https:\/\/itr.ufrrj.br\/pet\/","logo":{"@type":"ImageObject","inLanguage":"pt-BR","@id":"https:\/\/itr.ufrrj.br\/pet\/#\/schema\/logo\/image\/","url":"http:\/\/itr.ufrrj.br\/pet\/wp-content\/uploads\/2020\/07\/cropped-LOGO.PETNOVA-5.png","contentUrl":"http:\/\/itr.ufrrj.br\/pet\/wp-content\/uploads\/2020\/07\/cropped-LOGO.PETNOVA-5.png","width":416,"height":376,"caption":"PET Conex\u00f5es de Saberes"},"image":{"@id":"https:\/\/itr.ufrrj.br\/pet\/#\/schema\/logo\/image\/"}}]}},"_links":{"self":[{"href":"http:\/\/itr.ufrrj.br\/pet\/wp-json\/wp\/v2\/pages\/481","targetHints":{"allow":["GET"]}}],"collection":[{"href":"http:\/\/itr.ufrrj.br\/pet\/wp-json\/wp\/v2\/pages"}],"about":[{"href":"http:\/\/itr.ufrrj.br\/pet\/wp-json\/wp\/v2\/types\/page"}],"author":[{"embeddable":true,"href":"http:\/\/itr.ufrrj.br\/pet\/wp-json\/wp\/v2\/users\/2"}],"replies":[{"embeddable":true,"href":"http:\/\/itr.ufrrj.br\/pet\/wp-json\/wp\/v2\/comments?post=481"}],"version-history":[{"count":23,"href":"http:\/\/itr.ufrrj.br\/pet\/wp-json\/wp\/v2\/pages\/481\/revisions"}],"predecessor-version":[{"id":823,"href":"http:\/\/itr.ufrrj.br\/pet\/wp-json\/wp\/v2\/pages\/481\/revisions\/823"}],"wp:attachment":[{"href":"http:\/\/itr.ufrrj.br\/pet\/wp-json\/wp\/v2\/media?parent=481"}],"curies":[{"name":"wp","href":"https:\/\/api.w.org\/{rel}","templated":true}]}}